{"id":2,"date":"2012-04-11T16:34:42","date_gmt":"2012-04-11T14:34:42","guid":{"rendered":"https:\/\/tonto.wp.oppdateringsfabrikken.no\/?page_id=2"},"modified":"2026-03-02T12:58:53","modified_gmt":"2026-03-02T11:58:53","slug":"forside-2","status":"publish","type":"page","link":"https:\/\/visitbo.no\/bosommarland\/","title":{"rendered":"B\u00f8 Sommarland"},"content":{"rendered":"<div id=\"cs-content\" class=\"cs-content\"><\/div>\n","protected":false},"excerpt":{"rendered":"<p>B\u00f8 Sommarland Ta med deg familien eller vennegjengen p\u00e5 VANNvittige opplevelser i Skandinavias st\u00f8rste vannpark!VANNvittig moro for hele familien! B\u00f8 Sommarland er skandinavias st\u00f8rste vannpark! Her f\u00e5r du action mellom alt fra Magasuget til Vassf\u00f8yka, Halfpipe til Mot i Br\u00f8stet, Flow Rider til Tryll, plask og lek for de minste eller om du \u00f8nsker og bare slappe av p\u00e5 solsengene &#8230; <\/p>\n<div><a href=\"https:\/\/visitbo.no\/bosommarland\/\" class=\"more-link\">Read More<\/a><\/div>\n","protected":false},"author":1,"featured_media":0,"parent":0,"menu_order":0,"comment_status":"closed","ping_status":"closed","template":"template-blank-4.php","meta":{"_relevanssi_hide_post":"","_relevanssi_hide_content":"","_relevanssi_pin_for_all":"","_relevanssi_pin_keywords":"","_relevanssi_unpin_keywords":"","_relevanssi_related_keywords":"","_relevanssi_related_include_ids":"","_relevanssi_related_exclude_ids":"","_relevanssi_related_no_append":"","_relevanssi_related_not_related":"","_relevanssi_related_posts":"","_relevanssi_noindex_reason":"","footnotes":""},"class_list":["post-2","page","type-page","status-publish","hentry","no-post-thumbnail"],"yoast_head":"<!-- This site is optimized with the Yoast SEO plugin v27.2 - https:\/\/yoast.com\/product\/yoast-seo-wordpress\/ -->\n<title>B\u00f8 Sommarland - Skandinavias st\u00f8rste vannpark!<\/title>\n<meta name=\"description\" content=\"Ta med deg familien eller vennegjengen p\u00e5 VANNvittige opplevelser i trygge og v\u00e5te omgivelser i B\u00f8 Sommarland i B\u00f8 i Telemark.\" \/>\n<meta name=\"robots\" content=\"index, follow, max-snippet:-1, max-image-preview:large, max-video-preview:-1\" \/>\n<link rel=\"canonical\" href=\"https:\/\/visitbo.no\/bosommarland\/\" \/>\n<meta property=\"og:locale\" content=\"nb_NO\" \/>\n<meta property=\"og:type\" content=\"article\" \/>\n<meta property=\"og:title\" content=\"B\u00f8 Sommarland - Skandinavias st\u00f8rste vannpark!\" \/>\n<meta property=\"og:description\" content=\"Ta med deg familien eller vennegjengen p\u00e5 VANNvittige opplevelser i trygge og v\u00e5te omgivelser i B\u00f8 Sommarland i B\u00f8 i Telemark.\" \/>\n<meta property=\"og:url\" content=\"https:\/\/visitbo.no\/bosommarland\/\" \/>\n<meta property=\"og:site_name\" content=\"B\u00f8 Sommarland\" \/>\n<meta property=\"article:modified_time\" content=\"2026-03-02T11:58:53+00:00\" \/>\n<meta name=\"twitter:card\" content=\"summary_large_image\" \/>\n<meta name=\"twitter:label1\" content=\"Ansl. lesetid\" \/>\n\t<meta name=\"twitter:data1\" content=\"6 minutter\" \/>\n<script type=\"application\/ld+json\" class=\"yoast-schema-graph\">{\"@context\":\"https:\/\/schema.org\",\"@graph\":[{\"@type\":\"WebPage\",\"@id\":\"https:\/\/visitbo.no\/bosommarland\/\",\"url\":\"https:\/\/visitbo.no\/bosommarland\/\",\"name\":\"B\u00f8 Sommarland - Skandinavias st\u00f8rste vannpark!\",\"isPartOf\":{\"@id\":\"https:\/\/visitbo.no\/bosommarland\/#website\"},\"datePublished\":\"2012-04-11T14:34:42+00:00\",\"dateModified\":\"2026-03-02T11:58:53+00:00\",\"description\":\"Ta med deg familien eller vennegjengen p\u00e5 VANNvittige opplevelser i trygge og v\u00e5te omgivelser i B\u00f8 Sommarland i B\u00f8 i Telemark.\",\"breadcrumb\":{\"@id\":\"https:\/\/visitbo.no\/bosommarland\/#breadcrumb\"},\"inLanguage\":\"nb-NO\",\"potentialAction\":[{\"@type\":\"ReadAction\",\"target\":[\"https:\/\/visitbo.no\/bosommarland\/\"]}]},{\"@type\":\"BreadcrumbList\",\"@id\":\"https:\/\/visitbo.no\/bosommarland\/#breadcrumb\",\"itemListElement\":[{\"@type\":\"ListItem\",\"position\":1,\"name\":\"Hjem\",\"item\":\"https:\/\/visitbo.no\/bosommarland\/\"},{\"@type\":\"ListItem\",\"position\":2,\"name\":\"B\u00f8 Sommarland\"}]},{\"@type\":\"WebSite\",\"@id\":\"https:\/\/visitbo.no\/bosommarland\/#website\",\"url\":\"https:\/\/visitbo.no\/bosommarland\/\",\"name\":\"B\u00f8 Sommarland\",\"description\":\"One online experience - for everything your destination has to offer.\",\"potentialAction\":[{\"@type\":\"SearchAction\",\"target\":{\"@type\":\"EntryPoint\",\"urlTemplate\":\"https:\/\/visitbo.no\/bosommarland\/?s={search_term_string}\"},\"query-input\":{\"@type\":\"PropertyValueSpecification\",\"valueRequired\":true,\"valueName\":\"search_term_string\"}}],\"inLanguage\":\"nb-NO\"}]}<\/script>\n<!-- \/ Yoast SEO plugin. -->","yoast_head_json":{"title":"B\u00f8 Sommarland - Skandinavias st\u00f8rste vannpark!","description":"Ta med deg familien eller vennegjengen p\u00e5 VANNvittige opplevelser i trygge og v\u00e5te omgivelser i B\u00f8 Sommarland i B\u00f8 i Telemark.","robots":{"index":"index","follow":"follow","max-snippet":"max-snippet:-1","max-image-preview":"max-image-preview:large","max-video-preview":"max-video-preview:-1"},"canonical":"https:\/\/visitbo.no\/bosommarland\/","og_locale":"nb_NO","og_type":"article","og_title":"B\u00f8 Sommarland - Skandinavias st\u00f8rste vannpark!","og_description":"Ta med deg familien eller vennegjengen p\u00e5 VANNvittige opplevelser i trygge og v\u00e5te omgivelser i B\u00f8 Sommarland i B\u00f8 i Telemark.","og_url":"https:\/\/visitbo.no\/bosommarland\/","og_site_name":"B\u00f8 Sommarland","article_modified_time":"2026-03-02T11:58:53+00:00","twitter_card":"summary_large_image","twitter_misc":{"Ansl. lesetid":"6 minutter"},"schema":{"@context":"https:\/\/schema.org","@graph":[{"@type":"WebPage","@id":"https:\/\/visitbo.no\/bosommarland\/","url":"https:\/\/visitbo.no\/bosommarland\/","name":"B\u00f8 Sommarland - Skandinavias st\u00f8rste vannpark!","isPartOf":{"@id":"https:\/\/visitbo.no\/bosommarland\/#website"},"datePublished":"2012-04-11T14:34:42+00:00","dateModified":"2026-03-02T11:58:53+00:00","description":"Ta med deg familien eller vennegjengen p\u00e5 VANNvittige opplevelser i trygge og v\u00e5te omgivelser i B\u00f8 Sommarland i B\u00f8 i Telemark.","breadcrumb":{"@id":"https:\/\/visitbo.no\/bosommarland\/#breadcrumb"},"inLanguage":"nb-NO","potentialAction":[{"@type":"ReadAction","target":["https:\/\/visitbo.no\/bosommarland\/"]}]},{"@type":"BreadcrumbList","@id":"https:\/\/visitbo.no\/bosommarland\/#breadcrumb","itemListElement":[{"@type":"ListItem","position":1,"name":"Hjem","item":"https:\/\/visitbo.no\/bosommarland\/"},{"@type":"ListItem","position":2,"name":"B\u00f8 Sommarland"}]},{"@type":"WebSite","@id":"https:\/\/visitbo.no\/bosommarland\/#website","url":"https:\/\/visitbo.no\/bosommarland\/","name":"B\u00f8 Sommarland","description":"One online experience - for everything your destination has to offer.","potentialAction":[{"@type":"SearchAction","target":{"@type":"EntryPoint","urlTemplate":"https:\/\/visitbo.no\/bosommarland\/?s={search_term_string}"},"query-input":{"@type":"PropertyValueSpecification","valueRequired":true,"valueName":"search_term_string"}}],"inLanguage":"nb-NO"}]}},"_links":{"self":[{"href":"https:\/\/visitbo.no\/bosommarland\/wp-json\/wp\/v2\/pages\/2","targetHints":{"allow":["GET"]}}],"collection":[{"href":"https:\/\/visitbo.no\/bosommarland\/wp-json\/wp\/v2\/pages"}],"about":[{"href":"https:\/\/visitbo.no\/bosommarland\/wp-json\/wp\/v2\/types\/page"}],"author":[{"embeddable":true,"href":"https:\/\/visitbo.no\/bosommarland\/wp-json\/wp\/v2\/users\/1"}],"replies":[{"embeddable":true,"href":"https:\/\/visitbo.no\/bosommarland\/wp-json\/wp\/v2\/comments?post=2"}],"version-history":[{"count":205,"href":"https:\/\/visitbo.no\/bosommarland\/wp-json\/wp\/v2\/pages\/2\/revisions"}],"predecessor-version":[{"id":8050,"href":"https:\/\/visitbo.no\/bosommarland\/wp-json\/wp\/v2\/pages\/2\/revisions\/8050"}],"wp:attachment":[{"href":"https:\/\/visitbo.no\/bosommarland\/wp-json\/wp\/v2\/media?parent=2"}],"curies":[{"name":"wp","href":"https:\/\/api.w.org\/{rel}","templated":true}]}}