{"id":7927,"date":"2020-02-24T13:07:44","date_gmt":"2020-02-24T12:07:44","guid":{"rendered":"https:\/\/visitbo.no\/fruktbygda\/?page_id=7927"},"modified":"2021-03-05T09:29:41","modified_gmt":"2021-03-05T08:29:41","slug":"utsalgene","status":"publish","type":"page","link":"https:\/\/visitbo.no\/fruktbygda\/utsalgene\/","title":{"rendered":"G\u00e5rdsutsalg"},"content":{"rendered":"<div id=\"cs-content\" class=\"cs-content\"><\/div>\n","protected":false},"excerpt":{"rendered":"<p>De fleste av tilbyderne har egne g\u00e5rdsutsalg.\u00a0 P\u00e5 disse g\u00e5rdsutsalgene f\u00e5r du kj\u00f8pt tilbydernes egne varer + noen selger ogs\u00e5 varer fra andre lokale produsenter, samt andre lokalmatprodusenter i fylket. Adresser og \u00e5pningstider: Epleblomsten har en hel\u00e5rs\u00e5pen g\u00e5rdsbutikk. \u00c5pningstider: Mandag &#8211; Fredag: 08.00 &#8211; 16.00 (Ikke normale \u00e5pningstider i juli, jul og p\u00e5ske) Adresse: Epleblomsten AS, Sauheradvegen 716, 3812 Akkerhaugen &#8230; <\/p>\n<div><a href=\"https:\/\/visitbo.no\/fruktbygda\/utsalgene\/\" class=\"more-link\">Read More<\/a><\/div>\n","protected":false},"author":6,"featured_media":0,"parent":0,"menu_order":3,"comment_status":"closed","ping_status":"closed","template":"","meta":{"_relevanssi_hide_post":"","_relevanssi_hide_content":"","_relevanssi_pin_for_all":"","_relevanssi_pin_keywords":"","_relevanssi_unpin_keywords":"","_relevanssi_related_keywords":"","_relevanssi_related_include_ids":"","_relevanssi_related_exclude_ids":"","_relevanssi_related_no_append":"","_relevanssi_related_not_related":"","_relevanssi_related_posts":"","_relevanssi_noindex_reason":"","footnotes":""},"class_list":["post-7927","page","type-page","status-publish","hentry","no-post-thumbnail"],"yoast_head":"<!-- This site is optimized with the Yoast SEO plugin v27.2 - https:\/\/yoast.com\/product\/yoast-seo-wordpress\/ -->\n<title>G\u00e5rdsutsalg - Fruktbygda<\/title>\n<meta name=\"description\" content=\"Bes\u00f8k en av mange g\u00e5rdsutsalg direkte hos produsentene i Fruktbygda. Velkommen til en hyggelig handel.\" \/>\n<meta name=\"robots\" content=\"index, follow, max-snippet:-1, max-image-preview:large, max-video-preview:-1\" \/>\n<link rel=\"canonical\" href=\"https:\/\/visitbo.no\/fruktbygda\/utsalgene\/\" \/>\n<meta property=\"og:locale\" content=\"nb_NO\" \/>\n<meta property=\"og:type\" content=\"article\" \/>\n<meta property=\"og:title\" content=\"G\u00e5rdsutsalg - Fruktbygda\" \/>\n<meta property=\"og:description\" content=\"Bes\u00f8k en av mange g\u00e5rdsutsalg direkte hos produsentene i Fruktbygda. Velkommen til en hyggelig handel.\" \/>\n<meta property=\"og:url\" content=\"https:\/\/visitbo.no\/fruktbygda\/utsalgene\/\" \/>\n<meta property=\"og:site_name\" content=\"Fruktbygda\" \/>\n<meta property=\"article:modified_time\" content=\"2021-03-05T08:29:41+00:00\" \/>\n<meta name=\"twitter:card\" content=\"summary_large_image\" \/>\n<meta name=\"twitter:label1\" content=\"Ansl. lesetid\" \/>\n\t<meta name=\"twitter:data1\" content=\"4 minutter\" \/>\n<script type=\"application\/ld+json\" class=\"yoast-schema-graph\">{\"@context\":\"https:\/\/schema.org\",\"@graph\":[{\"@type\":\"WebPage\",\"@id\":\"https:\/\/visitbo.no\/fruktbygda\/utsalgene\/\",\"url\":\"https:\/\/visitbo.no\/fruktbygda\/utsalgene\/\",\"name\":\"G\u00e5rdsutsalg - Fruktbygda\",\"isPartOf\":{\"@id\":\"https:\/\/visitbo.no\/fruktbygda\/#website\"},\"datePublished\":\"2020-02-24T12:07:44+00:00\",\"dateModified\":\"2021-03-05T08:29:41+00:00\",\"description\":\"Bes\u00f8k en av mange g\u00e5rdsutsalg direkte hos produsentene i Fruktbygda. Velkommen til en hyggelig handel.\",\"breadcrumb\":{\"@id\":\"https:\/\/visitbo.no\/fruktbygda\/utsalgene\/#breadcrumb\"},\"inLanguage\":\"nb-NO\",\"potentialAction\":[{\"@type\":\"ReadAction\",\"target\":[\"https:\/\/visitbo.no\/fruktbygda\/utsalgene\/\"]}]},{\"@type\":\"BreadcrumbList\",\"@id\":\"https:\/\/visitbo.no\/fruktbygda\/utsalgene\/#breadcrumb\",\"itemListElement\":[{\"@type\":\"ListItem\",\"position\":1,\"name\":\"Hjem\",\"item\":\"https:\/\/visitbo.no\/fruktbygda\/\"},{\"@type\":\"ListItem\",\"position\":2,\"name\":\"G\u00e5rdsutsalg\"}]},{\"@type\":\"WebSite\",\"@id\":\"https:\/\/visitbo.no\/fruktbygda\/#website\",\"url\":\"https:\/\/visitbo.no\/fruktbygda\/\",\"name\":\"Fruktbygda\",\"description\":\"One online experience - for everything your destination has to offer.\",\"potentialAction\":[{\"@type\":\"SearchAction\",\"target\":{\"@type\":\"EntryPoint\",\"urlTemplate\":\"https:\/\/visitbo.no\/fruktbygda\/?s={search_term_string}\"},\"query-input\":{\"@type\":\"PropertyValueSpecification\",\"valueRequired\":true,\"valueName\":\"search_term_string\"}}],\"inLanguage\":\"nb-NO\"}]}<\/script>\n<!-- \/ Yoast SEO plugin. -->","yoast_head_json":{"title":"G\u00e5rdsutsalg - Fruktbygda","description":"Bes\u00f8k en av mange g\u00e5rdsutsalg direkte hos produsentene i Fruktbygda. Velkommen til en hyggelig handel.","robots":{"index":"index","follow":"follow","max-snippet":"max-snippet:-1","max-image-preview":"max-image-preview:large","max-video-preview":"max-video-preview:-1"},"canonical":"https:\/\/visitbo.no\/fruktbygda\/utsalgene\/","og_locale":"nb_NO","og_type":"article","og_title":"G\u00e5rdsutsalg - Fruktbygda","og_description":"Bes\u00f8k en av mange g\u00e5rdsutsalg direkte hos produsentene i Fruktbygda. Velkommen til en hyggelig handel.","og_url":"https:\/\/visitbo.no\/fruktbygda\/utsalgene\/","og_site_name":"Fruktbygda","article_modified_time":"2021-03-05T08:29:41+00:00","twitter_card":"summary_large_image","twitter_misc":{"Ansl. lesetid":"4 minutter"},"schema":{"@context":"https:\/\/schema.org","@graph":[{"@type":"WebPage","@id":"https:\/\/visitbo.no\/fruktbygda\/utsalgene\/","url":"https:\/\/visitbo.no\/fruktbygda\/utsalgene\/","name":"G\u00e5rdsutsalg - Fruktbygda","isPartOf":{"@id":"https:\/\/visitbo.no\/fruktbygda\/#website"},"datePublished":"2020-02-24T12:07:44+00:00","dateModified":"2021-03-05T08:29:41+00:00","description":"Bes\u00f8k en av mange g\u00e5rdsutsalg direkte hos produsentene i Fruktbygda. Velkommen til en hyggelig handel.","breadcrumb":{"@id":"https:\/\/visitbo.no\/fruktbygda\/utsalgene\/#breadcrumb"},"inLanguage":"nb-NO","potentialAction":[{"@type":"ReadAction","target":["https:\/\/visitbo.no\/fruktbygda\/utsalgene\/"]}]},{"@type":"BreadcrumbList","@id":"https:\/\/visitbo.no\/fruktbygda\/utsalgene\/#breadcrumb","itemListElement":[{"@type":"ListItem","position":1,"name":"Hjem","item":"https:\/\/visitbo.no\/fruktbygda\/"},{"@type":"ListItem","position":2,"name":"G\u00e5rdsutsalg"}]},{"@type":"WebSite","@id":"https:\/\/visitbo.no\/fruktbygda\/#website","url":"https:\/\/visitbo.no\/fruktbygda\/","name":"Fruktbygda","description":"One online experience - for everything your destination has to offer.","potentialAction":[{"@type":"SearchAction","target":{"@type":"EntryPoint","urlTemplate":"https:\/\/visitbo.no\/fruktbygda\/?s={search_term_string}"},"query-input":{"@type":"PropertyValueSpecification","valueRequired":true,"valueName":"search_term_string"}}],"inLanguage":"nb-NO"}]}},"_links":{"self":[{"href":"https:\/\/visitbo.no\/fruktbygda\/wp-json\/wp\/v2\/pages\/7927","targetHints":{"allow":["GET"]}}],"collection":[{"href":"https:\/\/visitbo.no\/fruktbygda\/wp-json\/wp\/v2\/pages"}],"about":[{"href":"https:\/\/visitbo.no\/fruktbygda\/wp-json\/wp\/v2\/types\/page"}],"author":[{"embeddable":true,"href":"https:\/\/visitbo.no\/fruktbygda\/wp-json\/wp\/v2\/users\/6"}],"replies":[{"embeddable":true,"href":"https:\/\/visitbo.no\/fruktbygda\/wp-json\/wp\/v2\/comments?post=7927"}],"version-history":[{"count":22,"href":"https:\/\/visitbo.no\/fruktbygda\/wp-json\/wp\/v2\/pages\/7927\/revisions"}],"predecessor-version":[{"id":8180,"href":"https:\/\/visitbo.no\/fruktbygda\/wp-json\/wp\/v2\/pages\/7927\/revisions\/8180"}],"wp:attachment":[{"href":"https:\/\/visitbo.no\/fruktbygda\/wp-json\/wp\/v2\/media?parent=7927"}],"curies":[{"name":"wp","href":"https:\/\/api.w.org\/{rel}","templated":true}]}}