{"id":8086,"date":"2020-04-29T13:23:48","date_gmt":"2020-04-29T11:23:48","guid":{"rendered":"https:\/\/visitbo.no\/fruktbygda\/?page_id=8086"},"modified":"2021-01-13T09:53:29","modified_gmt":"2021-01-13T08:53:29","slug":"suigard-dyrud","status":"publish","type":"page","link":"https:\/\/visitbo.no\/fruktbygda\/tilbydereseksjon\/suigard-dyrud\/","title":{"rendered":"Suigard Dyrud"},"content":{"rendered":"<div id=\"cs-content\" class=\"cs-content\"><\/div>\n","protected":false},"excerpt":{"rendered":"<p>Velkommen til bugnende b\u00e6rhager, g\u00e5rdsutsalg og selvplukk Suigard Dyrud driver allsidig produksjon med korn, frukt, b\u00e6r, bir\u00f8kt, skog og vedproduksjon.\u00a0Her finner du saftfulle, store bringeb\u00e6r, rips, moreller og stikkelsb\u00e6r, som du enten kan plukke selv eller kj\u00f8pe ferdigplukkede. Her f\u00e5r du ogs\u00e5 kj\u00f8pt honning fra v\u00e5re gode hjelpere, biene. Suigard Dyrud H\u00f8rtevegen 273 3810 Gvarv Tlf: 46 91 06 21 &#8230; <\/p>\n<div><a href=\"https:\/\/visitbo.no\/fruktbygda\/tilbydereseksjon\/suigard-dyrud\/\" class=\"more-link\">Read More<\/a><\/div>\n","protected":false},"author":36,"featured_media":0,"parent":7937,"menu_order":3,"comment_status":"closed","ping_status":"closed","template":"","meta":{"_relevanssi_hide_post":"","_relevanssi_hide_content":"","_relevanssi_pin_for_all":"","_relevanssi_pin_keywords":"","_relevanssi_unpin_keywords":"","_relevanssi_related_keywords":"","_relevanssi_related_include_ids":"","_relevanssi_related_exclude_ids":"","_relevanssi_related_no_append":"","_relevanssi_related_not_related":"","_relevanssi_related_posts":"","_relevanssi_noindex_reason":"","footnotes":""},"class_list":["post-8086","page","type-page","status-publish","hentry","no-post-thumbnail"],"yoast_head":"<!-- This site is optimized with the Yoast SEO plugin v27.2 - https:\/\/yoast.com\/product\/yoast-seo-wordpress\/ -->\n<title>Suigard Dyrud - Fruktbygda<\/title>\n<meta name=\"robots\" content=\"index, follow, max-snippet:-1, max-image-preview:large, max-video-preview:-1\" \/>\n<link rel=\"canonical\" href=\"https:\/\/visitbo.no\/fruktbygda\/tilbydereseksjon\/suigard-dyrud\/\" \/>\n<meta property=\"og:locale\" content=\"nb_NO\" \/>\n<meta property=\"og:type\" content=\"article\" \/>\n<meta property=\"og:title\" content=\"Suigard Dyrud - Fruktbygda\" \/>\n<meta property=\"og:description\" content=\"Velkommen til bugnende b\u00e6rhager, g\u00e5rdsutsalg og selvplukk Suigard Dyrud driver allsidig produksjon med korn, frukt, b\u00e6r, bir\u00f8kt, skog og vedproduksjon.\u00a0Her finner du saftfulle, store bringeb\u00e6r, rips, moreller og stikkelsb\u00e6r, som du enten kan plukke selv eller kj\u00f8pe ferdigplukkede. Her f\u00e5r du ogs\u00e5 kj\u00f8pt honning fra v\u00e5re gode hjelpere, biene. Suigard Dyrud H\u00f8rtevegen 273 3810 Gvarv Tlf: 46 91 06 21 ... Read More\" \/>\n<meta property=\"og:url\" content=\"https:\/\/visitbo.no\/fruktbygda\/tilbydereseksjon\/suigard-dyrud\/\" \/>\n<meta property=\"og:site_name\" content=\"Fruktbygda\" \/>\n<meta property=\"article:modified_time\" content=\"2021-01-13T08:53:29+00:00\" \/>\n<meta name=\"twitter:card\" content=\"summary_large_image\" \/>\n<meta name=\"twitter:label1\" content=\"Ansl. lesetid\" \/>\n\t<meta name=\"twitter:data1\" content=\"2 minutter\" \/>\n<script type=\"application\/ld+json\" class=\"yoast-schema-graph\">{\"@context\":\"https:\/\/schema.org\",\"@graph\":[{\"@type\":\"WebPage\",\"@id\":\"https:\/\/visitbo.no\/fruktbygda\/tilbydereseksjon\/suigard-dyrud\/\",\"url\":\"https:\/\/visitbo.no\/fruktbygda\/tilbydereseksjon\/suigard-dyrud\/\",\"name\":\"Suigard Dyrud - Fruktbygda\",\"isPartOf\":{\"@id\":\"https:\/\/visitbo.no\/fruktbygda\/#website\"},\"datePublished\":\"2020-04-29T11:23:48+00:00\",\"dateModified\":\"2021-01-13T08:53:29+00:00\",\"breadcrumb\":{\"@id\":\"https:\/\/visitbo.no\/fruktbygda\/tilbydereseksjon\/suigard-dyrud\/#breadcrumb\"},\"inLanguage\":\"nb-NO\",\"potentialAction\":[{\"@type\":\"ReadAction\",\"target\":[\"https:\/\/visitbo.no\/fruktbygda\/tilbydereseksjon\/suigard-dyrud\/\"]}]},{\"@type\":\"BreadcrumbList\",\"@id\":\"https:\/\/visitbo.no\/fruktbygda\/tilbydereseksjon\/suigard-dyrud\/#breadcrumb\",\"itemListElement\":[{\"@type\":\"ListItem\",\"position\":1,\"name\":\"Hjem\",\"item\":\"https:\/\/visitbo.no\/fruktbygda\/\"},{\"@type\":\"ListItem\",\"position\":2,\"name\":\"Tilbydere-Seksjonsside\",\"item\":\"https:\/\/visitbo.no\/fruktbygda\/tilbydereseksjon\/\"},{\"@type\":\"ListItem\",\"position\":3,\"name\":\"Suigard Dyrud\"}]},{\"@type\":\"WebSite\",\"@id\":\"https:\/\/visitbo.no\/fruktbygda\/#website\",\"url\":\"https:\/\/visitbo.no\/fruktbygda\/\",\"name\":\"Fruktbygda\",\"description\":\"One online experience - for everything your destination has to offer.\",\"potentialAction\":[{\"@type\":\"SearchAction\",\"target\":{\"@type\":\"EntryPoint\",\"urlTemplate\":\"https:\/\/visitbo.no\/fruktbygda\/?s={search_term_string}\"},\"query-input\":{\"@type\":\"PropertyValueSpecification\",\"valueRequired\":true,\"valueName\":\"search_term_string\"}}],\"inLanguage\":\"nb-NO\"}]}<\/script>\n<!-- \/ Yoast SEO plugin. -->","yoast_head_json":{"title":"Suigard Dyrud - Fruktbygda","robots":{"index":"index","follow":"follow","max-snippet":"max-snippet:-1","max-image-preview":"max-image-preview:large","max-video-preview":"max-video-preview:-1"},"canonical":"https:\/\/visitbo.no\/fruktbygda\/tilbydereseksjon\/suigard-dyrud\/","og_locale":"nb_NO","og_type":"article","og_title":"Suigard Dyrud - Fruktbygda","og_description":"Velkommen til bugnende b\u00e6rhager, g\u00e5rdsutsalg og selvplukk Suigard Dyrud driver allsidig produksjon med korn, frukt, b\u00e6r, bir\u00f8kt, skog og vedproduksjon.\u00a0Her finner du saftfulle, store bringeb\u00e6r, rips, moreller og stikkelsb\u00e6r, som du enten kan plukke selv eller kj\u00f8pe ferdigplukkede. Her f\u00e5r du ogs\u00e5 kj\u00f8pt honning fra v\u00e5re gode hjelpere, biene. Suigard Dyrud H\u00f8rtevegen 273 3810 Gvarv Tlf: 46 91 06 21 ... Read More","og_url":"https:\/\/visitbo.no\/fruktbygda\/tilbydereseksjon\/suigard-dyrud\/","og_site_name":"Fruktbygda","article_modified_time":"2021-01-13T08:53:29+00:00","twitter_card":"summary_large_image","twitter_misc":{"Ansl. lesetid":"2 minutter"},"schema":{"@context":"https:\/\/schema.org","@graph":[{"@type":"WebPage","@id":"https:\/\/visitbo.no\/fruktbygda\/tilbydereseksjon\/suigard-dyrud\/","url":"https:\/\/visitbo.no\/fruktbygda\/tilbydereseksjon\/suigard-dyrud\/","name":"Suigard Dyrud - Fruktbygda","isPartOf":{"@id":"https:\/\/visitbo.no\/fruktbygda\/#website"},"datePublished":"2020-04-29T11:23:48+00:00","dateModified":"2021-01-13T08:53:29+00:00","breadcrumb":{"@id":"https:\/\/visitbo.no\/fruktbygda\/tilbydereseksjon\/suigard-dyrud\/#breadcrumb"},"inLanguage":"nb-NO","potentialAction":[{"@type":"ReadAction","target":["https:\/\/visitbo.no\/fruktbygda\/tilbydereseksjon\/suigard-dyrud\/"]}]},{"@type":"BreadcrumbList","@id":"https:\/\/visitbo.no\/fruktbygda\/tilbydereseksjon\/suigard-dyrud\/#breadcrumb","itemListElement":[{"@type":"ListItem","position":1,"name":"Hjem","item":"https:\/\/visitbo.no\/fruktbygda\/"},{"@type":"ListItem","position":2,"name":"Tilbydere-Seksjonsside","item":"https:\/\/visitbo.no\/fruktbygda\/tilbydereseksjon\/"},{"@type":"ListItem","position":3,"name":"Suigard Dyrud"}]},{"@type":"WebSite","@id":"https:\/\/visitbo.no\/fruktbygda\/#website","url":"https:\/\/visitbo.no\/fruktbygda\/","name":"Fruktbygda","description":"One online experience - for everything your destination has to offer.","potentialAction":[{"@type":"SearchAction","target":{"@type":"EntryPoint","urlTemplate":"https:\/\/visitbo.no\/fruktbygda\/?s={search_term_string}"},"query-input":{"@type":"PropertyValueSpecification","valueRequired":true,"valueName":"search_term_string"}}],"inLanguage":"nb-NO"}]}},"_links":{"self":[{"href":"https:\/\/visitbo.no\/fruktbygda\/wp-json\/wp\/v2\/pages\/8086","targetHints":{"allow":["GET"]}}],"collection":[{"href":"https:\/\/visitbo.no\/fruktbygda\/wp-json\/wp\/v2\/pages"}],"about":[{"href":"https:\/\/visitbo.no\/fruktbygda\/wp-json\/wp\/v2\/types\/page"}],"author":[{"embeddable":true,"href":"https:\/\/visitbo.no\/fruktbygda\/wp-json\/wp\/v2\/users\/36"}],"replies":[{"embeddable":true,"href":"https:\/\/visitbo.no\/fruktbygda\/wp-json\/wp\/v2\/comments?post=8086"}],"version-history":[{"count":8,"href":"https:\/\/visitbo.no\/fruktbygda\/wp-json\/wp\/v2\/pages\/8086\/revisions"}],"predecessor-version":[{"id":8176,"href":"https:\/\/visitbo.no\/fruktbygda\/wp-json\/wp\/v2\/pages\/8086\/revisions\/8176"}],"up":[{"embeddable":true,"href":"https:\/\/visitbo.no\/fruktbygda\/wp-json\/wp\/v2\/pages\/7937"}],"wp:attachment":[{"href":"https:\/\/visitbo.no\/fruktbygda\/wp-json\/wp\/v2\/media?parent=8086"}],"curies":[{"name":"wp","href":"https:\/\/api.w.org\/{rel}","templated":true}]}}