{"id":2,"date":"2012-04-11T16:34:42","date_gmt":"2012-04-11T14:34:42","guid":{"rendered":"https:\/\/tonto.wp.oppdateringsfabrikken.no\/?page_id=2"},"modified":"2026-03-02T13:06:41","modified_gmt":"2026-03-02T12:06:41","slug":"forside","status":"publish","type":"page","link":"https:\/\/visitbo.no\/gvarv-frukt-baer\/","title":{"rendered":"Gvarv Frukt &#038; B\u00e6r"},"content":{"rendered":"<div id=\"cs-content\" class=\"cs-content\"><\/div>\n","protected":false},"excerpt":{"rendered":"<p>Gvarv Frukt &amp; B\u00e6r Sjarmerende g\u00e5rdsbutikk i Fruktbygda GvarvG\u00e5rdsbutikken Gvarv Frukt &amp; B\u00e6r i Gvarv er et paradis for alle som elsker lokalproduserte varer og\u00a0er \u00e5pen fra 11. april &#8211; 31. oktober 2025. Bakeriet er stengt\u00a0 mandager utenfor sesong. Gvarv Frukt og B\u00e6r ligger ved rv. 36 p\u00e5 h\u00f8yre side av veien. De har et sjarmerende steinovnsbakeri, hvor du kan &#8230; <\/p>\n<div><a href=\"https:\/\/visitbo.no\/gvarv-frukt-baer\/\" class=\"more-link\">Read More<\/a><\/div>\n","protected":false},"author":1,"featured_media":0,"parent":0,"menu_order":0,"comment_status":"closed","ping_status":"closed","template":"template-blank-4.php","meta":{"_relevanssi_hide_post":"","_relevanssi_hide_content":"","_relevanssi_pin_for_all":"","_relevanssi_pin_keywords":"","_relevanssi_unpin_keywords":"","_relevanssi_related_keywords":"","_relevanssi_related_include_ids":"","_relevanssi_related_exclude_ids":"","_relevanssi_related_no_append":"","_relevanssi_related_not_related":"","_relevanssi_related_posts":"","_relevanssi_noindex_reason":"","footnotes":""},"class_list":["post-2","page","type-page","status-publish","hentry","no-post-thumbnail"],"yoast_head":"<!-- This site is optimized with the Yoast SEO plugin v27.2 - https:\/\/yoast.com\/product\/yoast-seo-wordpress\/ -->\n<title>Gvarv Frukt &amp; B\u00e6r \u2502 G\u00e5rdsbutikk \u2502 Bakeri \u2502 Fruktbygda Gvarv<\/title>\n<meta name=\"description\" content=\"Velkommen til Gvarv Frukt &amp; B\u00e6r i Fruktbygda Gvarv. Her finner du lokalproduserte produkter, delikatesser og pizza!\" \/>\n<meta name=\"robots\" content=\"index, follow, max-snippet:-1, max-image-preview:large, max-video-preview:-1\" \/>\n<link rel=\"canonical\" href=\"https:\/\/visitbo.no\/gvarv-frukt-baer\/\" \/>\n<meta property=\"og:locale\" content=\"nb_NO\" \/>\n<meta property=\"og:type\" content=\"article\" \/>\n<meta property=\"og:title\" content=\"Gvarv Frukt &amp; B\u00e6r \u2502 G\u00e5rdsbutikk \u2502 Bakeri \u2502 Fruktbygda Gvarv\" \/>\n<meta property=\"og:description\" content=\"Velkommen til Gvarv Frukt &amp; B\u00e6r i Fruktbygda Gvarv. Her finner du lokalproduserte produkter, delikatesser og pizza!\" \/>\n<meta property=\"og:url\" content=\"https:\/\/visitbo.no\/gvarv-frukt-baer\/\" \/>\n<meta property=\"og:site_name\" content=\"Gvarv Frukt &amp; B\u00e6r\" \/>\n<meta property=\"article:modified_time\" content=\"2026-03-02T12:06:41+00:00\" \/>\n<meta name=\"twitter:card\" content=\"summary_large_image\" \/>\n<meta name=\"twitter:label1\" content=\"Ansl. lesetid\" \/>\n\t<meta name=\"twitter:data1\" content=\"3 minutter\" \/>\n<script type=\"application\/ld+json\" class=\"yoast-schema-graph\">{\"@context\":\"https:\/\/schema.org\",\"@graph\":[{\"@type\":\"WebPage\",\"@id\":\"https:\/\/visitbo.no\/gvarv-frukt-baer\/\",\"url\":\"https:\/\/visitbo.no\/gvarv-frukt-baer\/\",\"name\":\"Gvarv Frukt & B\u00e6r \u2502 G\u00e5rdsbutikk \u2502 Bakeri \u2502 Fruktbygda Gvarv\",\"isPartOf\":{\"@id\":\"https:\/\/visitbo.no\/gvarv-frukt-baer\/#website\"},\"datePublished\":\"2012-04-11T14:34:42+00:00\",\"dateModified\":\"2026-03-02T12:06:41+00:00\",\"description\":\"Velkommen til Gvarv Frukt & B\u00e6r i Fruktbygda Gvarv. Her finner du lokalproduserte produkter, delikatesser og pizza!\",\"breadcrumb\":{\"@id\":\"https:\/\/visitbo.no\/gvarv-frukt-baer\/#breadcrumb\"},\"inLanguage\":\"nb-NO\",\"potentialAction\":[{\"@type\":\"ReadAction\",\"target\":[\"https:\/\/visitbo.no\/gvarv-frukt-baer\/\"]}]},{\"@type\":\"BreadcrumbList\",\"@id\":\"https:\/\/visitbo.no\/gvarv-frukt-baer\/#breadcrumb\",\"itemListElement\":[{\"@type\":\"ListItem\",\"position\":1,\"name\":\"Hjem\",\"item\":\"https:\/\/visitbo.no\/gvarv-frukt-baer\/\"},{\"@type\":\"ListItem\",\"position\":2,\"name\":\"Gvarv Frukt &#038; B\u00e6r\"}]},{\"@type\":\"WebSite\",\"@id\":\"https:\/\/visitbo.no\/gvarv-frukt-baer\/#website\",\"url\":\"https:\/\/visitbo.no\/gvarv-frukt-baer\/\",\"name\":\"Gvarv Frukt &amp; B\u00e6r\",\"description\":\"One online experience - for everything your destination has to offer.\",\"potentialAction\":[{\"@type\":\"SearchAction\",\"target\":{\"@type\":\"EntryPoint\",\"urlTemplate\":\"https:\/\/visitbo.no\/gvarv-frukt-baer\/?s={search_term_string}\"},\"query-input\":{\"@type\":\"PropertyValueSpecification\",\"valueRequired\":true,\"valueName\":\"search_term_string\"}}],\"inLanguage\":\"nb-NO\"}]}<\/script>\n<!-- \/ Yoast SEO plugin. -->","yoast_head_json":{"title":"Gvarv Frukt & B\u00e6r \u2502 G\u00e5rdsbutikk \u2502 Bakeri \u2502 Fruktbygda Gvarv","description":"Velkommen til Gvarv Frukt & B\u00e6r i Fruktbygda Gvarv. Her finner du lokalproduserte produkter, delikatesser og pizza!","robots":{"index":"index","follow":"follow","max-snippet":"max-snippet:-1","max-image-preview":"max-image-preview:large","max-video-preview":"max-video-preview:-1"},"canonical":"https:\/\/visitbo.no\/gvarv-frukt-baer\/","og_locale":"nb_NO","og_type":"article","og_title":"Gvarv Frukt & B\u00e6r \u2502 G\u00e5rdsbutikk \u2502 Bakeri \u2502 Fruktbygda Gvarv","og_description":"Velkommen til Gvarv Frukt & B\u00e6r i Fruktbygda Gvarv. Her finner du lokalproduserte produkter, delikatesser og pizza!","og_url":"https:\/\/visitbo.no\/gvarv-frukt-baer\/","og_site_name":"Gvarv Frukt &amp; B\u00e6r","article_modified_time":"2026-03-02T12:06:41+00:00","twitter_card":"summary_large_image","twitter_misc":{"Ansl. lesetid":"3 minutter"},"schema":{"@context":"https:\/\/schema.org","@graph":[{"@type":"WebPage","@id":"https:\/\/visitbo.no\/gvarv-frukt-baer\/","url":"https:\/\/visitbo.no\/gvarv-frukt-baer\/","name":"Gvarv Frukt & B\u00e6r \u2502 G\u00e5rdsbutikk \u2502 Bakeri \u2502 Fruktbygda Gvarv","isPartOf":{"@id":"https:\/\/visitbo.no\/gvarv-frukt-baer\/#website"},"datePublished":"2012-04-11T14:34:42+00:00","dateModified":"2026-03-02T12:06:41+00:00","description":"Velkommen til Gvarv Frukt & B\u00e6r i Fruktbygda Gvarv. Her finner du lokalproduserte produkter, delikatesser og pizza!","breadcrumb":{"@id":"https:\/\/visitbo.no\/gvarv-frukt-baer\/#breadcrumb"},"inLanguage":"nb-NO","potentialAction":[{"@type":"ReadAction","target":["https:\/\/visitbo.no\/gvarv-frukt-baer\/"]}]},{"@type":"BreadcrumbList","@id":"https:\/\/visitbo.no\/gvarv-frukt-baer\/#breadcrumb","itemListElement":[{"@type":"ListItem","position":1,"name":"Hjem","item":"https:\/\/visitbo.no\/gvarv-frukt-baer\/"},{"@type":"ListItem","position":2,"name":"Gvarv Frukt &#038; B\u00e6r"}]},{"@type":"WebSite","@id":"https:\/\/visitbo.no\/gvarv-frukt-baer\/#website","url":"https:\/\/visitbo.no\/gvarv-frukt-baer\/","name":"Gvarv Frukt &amp; B\u00e6r","description":"One online experience - for everything your destination has to offer.","potentialAction":[{"@type":"SearchAction","target":{"@type":"EntryPoint","urlTemplate":"https:\/\/visitbo.no\/gvarv-frukt-baer\/?s={search_term_string}"},"query-input":{"@type":"PropertyValueSpecification","valueRequired":true,"valueName":"search_term_string"}}],"inLanguage":"nb-NO"}]}},"_links":{"self":[{"href":"https:\/\/visitbo.no\/gvarv-frukt-baer\/wp-json\/wp\/v2\/pages\/2","targetHints":{"allow":["GET"]}}],"collection":[{"href":"https:\/\/visitbo.no\/gvarv-frukt-baer\/wp-json\/wp\/v2\/pages"}],"about":[{"href":"https:\/\/visitbo.no\/gvarv-frukt-baer\/wp-json\/wp\/v2\/types\/page"}],"author":[{"embeddable":true,"href":"https:\/\/visitbo.no\/gvarv-frukt-baer\/wp-json\/wp\/v2\/users\/1"}],"replies":[{"embeddable":true,"href":"https:\/\/visitbo.no\/gvarv-frukt-baer\/wp-json\/wp\/v2\/comments?post=2"}],"version-history":[{"count":159,"href":"https:\/\/visitbo.no\/gvarv-frukt-baer\/wp-json\/wp\/v2\/pages\/2\/revisions"}],"predecessor-version":[{"id":8187,"href":"https:\/\/visitbo.no\/gvarv-frukt-baer\/wp-json\/wp\/v2\/pages\/2\/revisions\/8187"}],"wp:attachment":[{"href":"https:\/\/visitbo.no\/gvarv-frukt-baer\/wp-json\/wp\/v2\/media?parent=2"}],"curies":[{"name":"wp","href":"https:\/\/api.w.org\/{rel}","templated":true}]}}