{"version":"1.0","provider_name":"Lifjell","provider_url":"https:\/\/visitbo.no\/lifjell","title":"Vinterferien p\u00e5 Lifjell 2025 - Lifjell","type":"rich","width":600,"height":338,"html":"<blockquote class=\"wp-embedded-content\" data-secret=\"JaAnfklAOu\"><a href=\"https:\/\/visitbo.no\/lifjell\/vinterferien-pa-lifjell-2025\/\">Vinterferien p\u00e5 Lifjell 2025<\/a><\/blockquote><iframe sandbox=\"allow-scripts\" security=\"restricted\" src=\"https:\/\/visitbo.no\/lifjell\/vinterferien-pa-lifjell-2025\/embed\/#?secret=JaAnfklAOu\" width=\"600\" height=\"338\" title=\"&laquo;Vinterferien p\u00e5 Lifjell 2025&raquo; &#8212; Lifjell\" data-secret=\"JaAnfklAOu\" frameborder=\"0\" marginwidth=\"0\" marginheight=\"0\" scrolling=\"no\" class=\"wp-embedded-content\"><\/iframe><script type=\"text\/javascript\">\n\/* <![CDATA[ *\/\n\/*! This file is auto-generated *\/\n!function(d,l){\"use strict\";l.querySelector&&d.addEventListener&&\"undefined\"!=typeof URL&&(d.wp=d.wp||{},d.wp.receiveEmbedMessage||(d.wp.receiveEmbedMessage=function(e){var t=e.data;if((t||t.secret||t.message||t.value)&&!\/[^a-zA-Z0-9]\/.test(t.secret)){for(var s,r,n,a=l.querySelectorAll('iframe[data-secret=\"'+t.secret+'\"]'),o=l.querySelectorAll('blockquote[data-secret=\"'+t.secret+'\"]'),c=new RegExp(\"^https?:$\",\"i\"),i=0;i<o.length;i++)o[i].style.display=\"none\";for(i=0;i<a.length;i++)s=a[i],e.source===s.contentWindow&&(s.removeAttribute(\"style\"),\"height\"===t.message?(1e3<(r=parseInt(t.value,10))?r=1e3:~~r<200&&(r=200),s.height=r):\"link\"===t.message&&(r=new URL(s.getAttribute(\"src\")),n=new URL(t.value),c.test(n.protocol))&&n.host===r.host&&l.activeElement===s&&(d.top.location.href=t.value))}},d.addEventListener(\"message\",d.wp.receiveEmbedMessage,!1),l.addEventListener(\"DOMContentLoaded\",function(){for(var e,t,s=l.querySelectorAll(\"iframe.wp-embedded-content\"),r=0;r<s.length;r++)(t=(e=s[r]).getAttribute(\"data-secret\"))||(t=Math.random().toString(36).substring(2,12),e.src+=\"#?secret=\"+t,e.setAttribute(\"data-secret\",t)),e.contentWindow.postMessage({message:\"ready\",secret:t},\"*\")},!1)))}(window,document);\n\/\/# sourceURL=https:\/\/visitbo.no\/lifjell\/wp-includes\/js\/wp-embed.min.js\n\/* ]]> *\/\n<\/script>\n","thumbnail_url":"https:\/\/visitbo.no\/lifjell\/wp-content\/uploads\/sites\/48\/2025\/02\/Plakat_vinterferie2025-red.jpg","thumbnail_width":1417,"thumbnail_height":1984,"description":"Vinterferieprogrammet (uke 8) er klart. Her blir det virkelig noe for enhver smak. Nyheter i \u00e5r er et uformelt storslal\u00e5mrenn for hele familien i Skisenteret s\u00f8ndag 16.februar og hopp med landingspute (jumpbag) i Vinterland l\u00f8rdag 22.februar. I tillegg har vi utvidede \u00e5pningstider flere dager b\u00e5de i Skisenteret og i Vinterland, Telemark Wintertour er tilbake med morsomme aktiviteter b\u00e5de for store og sm\u00e5, den tradisjonelle akekonkurransen Lifjell Grand Prix og sist men ikke minst er vi glad for \u00e5 kunne \u00f8nske B\u00f8-bandet Ugras tilbake til Lifjell og afterski l\u00f8rdag 22.februar.\u00a0"}

Vinterferien på Lifjell 2025 - Lifjell

<blockquote class="wp-embedded-content" data-secret="JaAnfklAOu"><a href="https://visitbo.no/lifjell/vinterferien-pa-lifjell-2025/">Vinterferien på Lifjell 2025</a></blockquote><iframe sandbox="allow-scripts" security="restricted" src="https://visitbo.no/lifjell/vinterferien-pa-lifjell-2025/embed/#?secret=JaAnfklAOu" width="600" height="338" title="&laquo;Vinterferien på Lifjell 2025&raquo; &#8212; Lifjell" data-secret="JaAnfklAOu" frameborder="0" marginwidth="0" marginheight="0" scrolling="no" class="wp-embedded-content"></iframe><script type="text/javascript">
/* <![CDATA[ */
/*! This file is auto-generated */
!function(d,l){"use strict";l.querySelector&&d.addEventListener&&"undefined"!=typeof URL&&(d.wp=d.wp||{},d.wp.receiveEmbedMessage||(d.wp.receiveEmbedMessage=function(e){var t=e.data;if((t||t.secret||t.message||t.value)&&!/[^a-zA-Z0-9]/.test(t.secret)){for(var s,r,n,a=l.querySelectorAll('iframe[data-secret="'+t.secret+'"]'),o=l.querySelectorAll('blockquote[data-secret="'+t.secret+'"]'),c=new RegExp("^https?:$","i"),i=0;i<o.length;i++)o[i].style.display="none";for(i=0;i<a.length;i++)s=a[i],e.source===s.contentWindow&&(s.removeAttribute("style"),"height"===t.message?(1e3<(r=parseInt(t.value,10))?r=1e3:~~r<200&&(r=200),s.height=r):"link"===t.message&&(r=new URL(s.getAttribute("src")),n=new URL(t.value),c.test(n.protocol))&&n.host===r.host&&l.activeElement===s&&(d.top.location.href=t.value))}},d.addEventListener("message",d.wp.receiveEmbedMessage,!1),l.addEventListener("DOMContentLoaded",function(){for(var e,t,s=l.querySelectorAll("iframe.wp-embedded-content"),r=0;r<s.length;r++)(t=(e=s[r]).getAttribute("data-secret"))||(t=Math.random().toString(36).substring(2,12),e.src+="#?secret="+t,e.setAttribute("data-secret",t)),e.contentWindow.postMessage({message:"ready",secret:t},"*")},!1)))}(window,document);
//# sourceURL=https://visitbo.no/lifjell/wp-includes/js/wp-embed.min.js
/* ]]> */
</script>

Vinterferieprogrammet (uke 8) er klart. Her blir det virkelig noe for enhver smak. Nyheter i år er et uformelt storslalåmrenn for hele familien i Skisenteret søndag 16.februar og hopp med landingspute (jumpbag) i Vinterland lørdag 22.februar. I tillegg har vi utvidede åpningstider flere dager både i Skisenteret og i Vinterland, Telemark Wintertour er tilbake med morsomme aktiviteter både for store og små, den tradisjonelle akekonkurransen Lifjell Grand Prix og sist men ikke minst er vi glad for å kunne ønske Bø-bandet Ugras tilbake til Lifjell og afterski lørdag 22.februar.
