{"id":11183,"date":"2025-05-19T08:03:03","date_gmt":"2025-05-19T06:03:03","guid":{"rendered":"https:\/\/visitbo.no\/lifjell\/?page_id=11183"},"modified":"2025-05-23T20:42:58","modified_gmt":"2025-05-23T18:42:58","slug":"attesengshytte-hoy-standard","status":"publish","type":"page","link":"https:\/\/visitbo.no\/lifjell\/overnatting\/lifjelltunet\/attesengshytte-hoy-standard\/","title":{"rendered":"8-sengs hytte"},"content":{"rendered":"<div id=\"cs-content\" class=\"cs-content\"><\/div>\n","protected":false},"excerpt":{"rendered":"<p>Book online herKoselige hytter med 8 sengeplasser. Alle fasiliteter inklusive oppvaskmaskin. (Bildene er eksempelbilder &#8211; alle hyttene er ulikt innredet) Fasiliteter Kj\u00f8kken med kj\u00f8leskap, ovn, komfyr, oppvaskmaskin Bad med dusj og toalett Flatskjerm TV WiFi Pris 2600,- per d\u00f8gn Praktisk info M\u00e5 ha med senget\u00f8y\/h\u00e5ndkl\u00e6r -alternativt kan dette leies hos oss (kr. 149\/kr. 89) Basert p\u00e5 at man vasker selv &#8230; <\/p>\n<div><a href=\"https:\/\/visitbo.no\/lifjell\/overnatting\/lifjelltunet\/attesengshytte-hoy-standard\/\" class=\"more-link\">Read More<\/a><\/div>\n","protected":false},"author":76,"featured_media":0,"parent":8301,"menu_order":3,"comment_status":"closed","ping_status":"closed","template":"","meta":{"_relevanssi_hide_post":"","_relevanssi_hide_content":"","_relevanssi_pin_for_all":"","_relevanssi_pin_keywords":"","_relevanssi_unpin_keywords":"","_relevanssi_related_keywords":"","_relevanssi_related_include_ids":"","_relevanssi_related_exclude_ids":"","_relevanssi_related_no_append":"","_relevanssi_related_not_related":"","_relevanssi_related_posts":"","_relevanssi_noindex_reason":"","footnotes":""},"class_list":["post-11183","page","type-page","status-publish","hentry","no-post-thumbnail"],"yoast_head":"<!-- This site is optimized with the Yoast SEO plugin v27.2 - https:\/\/yoast.com\/product\/yoast-seo-wordpress\/ -->\n<title>8-sengs hytte p\u00e5 Lifjelltunet - Overnatting, B\u00f8 i Telemark - Lifjell<\/title>\n<meta name=\"description\" content=\"Book en 8-sengs hytte p\u00e5 Lifjelltunet p\u00e5 Lifjell i B\u00f8 i Telemark av h\u00f8y kvalitet. Nydelig utsikt, turmuligheter og n\u00e6rhet til B\u00f8 Sommarland.\" \/>\n<meta name=\"robots\" content=\"index, follow, max-snippet:-1, max-image-preview:large, max-video-preview:-1\" \/>\n<link rel=\"canonical\" href=\"https:\/\/visitbo.no\/lifjell\/overnatting\/lifjelltunet\/attesengshytte-hoy-standard\/\" \/>\n<meta property=\"og:locale\" content=\"nb_NO\" \/>\n<meta property=\"og:type\" content=\"article\" \/>\n<meta property=\"og:title\" content=\"8-sengs hytte p\u00e5 Lifjelltunet - Overnatting, B\u00f8 i Telemark - Lifjell\" \/>\n<meta property=\"og:description\" content=\"Book en 8-sengs hytte p\u00e5 Lifjelltunet p\u00e5 Lifjell i B\u00f8 i Telemark av h\u00f8y kvalitet. Nydelig utsikt, turmuligheter og n\u00e6rhet til B\u00f8 Sommarland.\" \/>\n<meta property=\"og:url\" content=\"https:\/\/visitbo.no\/lifjell\/overnatting\/lifjelltunet\/attesengshytte-hoy-standard\/\" \/>\n<meta property=\"og:site_name\" content=\"Lifjell\" \/>\n<meta property=\"article:modified_time\" content=\"2025-05-23T18:42:58+00:00\" \/>\n<meta name=\"twitter:card\" content=\"summary_large_image\" \/>\n<meta name=\"twitter:label1\" content=\"Ansl. lesetid\" \/>\n\t<meta name=\"twitter:data1\" content=\"5 minutter\" \/>\n<script type=\"application\/ld+json\" class=\"yoast-schema-graph\">{\"@context\":\"https:\/\/schema.org\",\"@graph\":[{\"@type\":\"WebPage\",\"@id\":\"https:\/\/visitbo.no\/lifjell\/overnatting\/lifjelltunet\/attesengshytte-hoy-standard\/\",\"url\":\"https:\/\/visitbo.no\/lifjell\/overnatting\/lifjelltunet\/attesengshytte-hoy-standard\/\",\"name\":\"8-sengs hytte p\u00e5 Lifjelltunet - Overnatting, B\u00f8 i Telemark - Lifjell\",\"isPartOf\":{\"@id\":\"https:\/\/visitbo.no\/lifjell\/#website\"},\"datePublished\":\"2025-05-19T06:03:03+00:00\",\"dateModified\":\"2025-05-23T18:42:58+00:00\",\"description\":\"Book en 8-sengs hytte p\u00e5 Lifjelltunet p\u00e5 Lifjell i B\u00f8 i Telemark av h\u00f8y kvalitet. Nydelig utsikt, turmuligheter og n\u00e6rhet til B\u00f8 Sommarland.\",\"breadcrumb\":{\"@id\":\"https:\/\/visitbo.no\/lifjell\/overnatting\/lifjelltunet\/attesengshytte-hoy-standard\/#breadcrumb\"},\"inLanguage\":\"nb-NO\",\"potentialAction\":[{\"@type\":\"ReadAction\",\"target\":[\"https:\/\/visitbo.no\/lifjell\/overnatting\/lifjelltunet\/attesengshytte-hoy-standard\/\"]}]},{\"@type\":\"BreadcrumbList\",\"@id\":\"https:\/\/visitbo.no\/lifjell\/overnatting\/lifjelltunet\/attesengshytte-hoy-standard\/#breadcrumb\",\"itemListElement\":[{\"@type\":\"ListItem\",\"position\":1,\"name\":\"Hjem\",\"item\":\"https:\/\/visitbo.no\/lifjell\/\"},{\"@type\":\"ListItem\",\"position\":2,\"name\":\"Overnatting\",\"item\":\"https:\/\/visitbo.no\/lifjell\/overnatting\/\"},{\"@type\":\"ListItem\",\"position\":3,\"name\":\"Lifjelltunet\",\"item\":\"https:\/\/visitbo.no\/lifjell\/overnatting\/lifjelltunet\/\"},{\"@type\":\"ListItem\",\"position\":4,\"name\":\"8-sengs hytte\"}]},{\"@type\":\"WebSite\",\"@id\":\"https:\/\/visitbo.no\/lifjell\/#website\",\"url\":\"https:\/\/visitbo.no\/lifjell\/\",\"name\":\"Lifjell\",\"description\":\"One online experience - for everything your destination has to offer.\",\"potentialAction\":[{\"@type\":\"SearchAction\",\"target\":{\"@type\":\"EntryPoint\",\"urlTemplate\":\"https:\/\/visitbo.no\/lifjell\/?s={search_term_string}\"},\"query-input\":{\"@type\":\"PropertyValueSpecification\",\"valueRequired\":true,\"valueName\":\"search_term_string\"}}],\"inLanguage\":\"nb-NO\"}]}<\/script>\n<!-- \/ Yoast SEO plugin. -->","yoast_head_json":{"title":"8-sengs hytte p\u00e5 Lifjelltunet - Overnatting, B\u00f8 i Telemark - Lifjell","description":"Book en 8-sengs hytte p\u00e5 Lifjelltunet p\u00e5 Lifjell i B\u00f8 i Telemark av h\u00f8y kvalitet. Nydelig utsikt, turmuligheter og n\u00e6rhet til B\u00f8 Sommarland.","robots":{"index":"index","follow":"follow","max-snippet":"max-snippet:-1","max-image-preview":"max-image-preview:large","max-video-preview":"max-video-preview:-1"},"canonical":"https:\/\/visitbo.no\/lifjell\/overnatting\/lifjelltunet\/attesengshytte-hoy-standard\/","og_locale":"nb_NO","og_type":"article","og_title":"8-sengs hytte p\u00e5 Lifjelltunet - Overnatting, B\u00f8 i Telemark - Lifjell","og_description":"Book en 8-sengs hytte p\u00e5 Lifjelltunet p\u00e5 Lifjell i B\u00f8 i Telemark av h\u00f8y kvalitet. Nydelig utsikt, turmuligheter og n\u00e6rhet til B\u00f8 Sommarland.","og_url":"https:\/\/visitbo.no\/lifjell\/overnatting\/lifjelltunet\/attesengshytte-hoy-standard\/","og_site_name":"Lifjell","article_modified_time":"2025-05-23T18:42:58+00:00","twitter_card":"summary_large_image","twitter_misc":{"Ansl. lesetid":"5 minutter"},"schema":{"@context":"https:\/\/schema.org","@graph":[{"@type":"WebPage","@id":"https:\/\/visitbo.no\/lifjell\/overnatting\/lifjelltunet\/attesengshytte-hoy-standard\/","url":"https:\/\/visitbo.no\/lifjell\/overnatting\/lifjelltunet\/attesengshytte-hoy-standard\/","name":"8-sengs hytte p\u00e5 Lifjelltunet - Overnatting, B\u00f8 i Telemark - Lifjell","isPartOf":{"@id":"https:\/\/visitbo.no\/lifjell\/#website"},"datePublished":"2025-05-19T06:03:03+00:00","dateModified":"2025-05-23T18:42:58+00:00","description":"Book en 8-sengs hytte p\u00e5 Lifjelltunet p\u00e5 Lifjell i B\u00f8 i Telemark av h\u00f8y kvalitet. Nydelig utsikt, turmuligheter og n\u00e6rhet til B\u00f8 Sommarland.","breadcrumb":{"@id":"https:\/\/visitbo.no\/lifjell\/overnatting\/lifjelltunet\/attesengshytte-hoy-standard\/#breadcrumb"},"inLanguage":"nb-NO","potentialAction":[{"@type":"ReadAction","target":["https:\/\/visitbo.no\/lifjell\/overnatting\/lifjelltunet\/attesengshytte-hoy-standard\/"]}]},{"@type":"BreadcrumbList","@id":"https:\/\/visitbo.no\/lifjell\/overnatting\/lifjelltunet\/attesengshytte-hoy-standard\/#breadcrumb","itemListElement":[{"@type":"ListItem","position":1,"name":"Hjem","item":"https:\/\/visitbo.no\/lifjell\/"},{"@type":"ListItem","position":2,"name":"Overnatting","item":"https:\/\/visitbo.no\/lifjell\/overnatting\/"},{"@type":"ListItem","position":3,"name":"Lifjelltunet","item":"https:\/\/visitbo.no\/lifjell\/overnatting\/lifjelltunet\/"},{"@type":"ListItem","position":4,"name":"8-sengs hytte"}]},{"@type":"WebSite","@id":"https:\/\/visitbo.no\/lifjell\/#website","url":"https:\/\/visitbo.no\/lifjell\/","name":"Lifjell","description":"One online experience - for everything your destination has to offer.","potentialAction":[{"@type":"SearchAction","target":{"@type":"EntryPoint","urlTemplate":"https:\/\/visitbo.no\/lifjell\/?s={search_term_string}"},"query-input":{"@type":"PropertyValueSpecification","valueRequired":true,"valueName":"search_term_string"}}],"inLanguage":"nb-NO"}]}},"_links":{"self":[{"href":"https:\/\/visitbo.no\/lifjell\/wp-json\/wp\/v2\/pages\/11183","targetHints":{"allow":["GET"]}}],"collection":[{"href":"https:\/\/visitbo.no\/lifjell\/wp-json\/wp\/v2\/pages"}],"about":[{"href":"https:\/\/visitbo.no\/lifjell\/wp-json\/wp\/v2\/types\/page"}],"author":[{"embeddable":true,"href":"https:\/\/visitbo.no\/lifjell\/wp-json\/wp\/v2\/users\/76"}],"replies":[{"embeddable":true,"href":"https:\/\/visitbo.no\/lifjell\/wp-json\/wp\/v2\/comments?post=11183"}],"version-history":[{"count":8,"href":"https:\/\/visitbo.no\/lifjell\/wp-json\/wp\/v2\/pages\/11183\/revisions"}],"predecessor-version":[{"id":11275,"href":"https:\/\/visitbo.no\/lifjell\/wp-json\/wp\/v2\/pages\/11183\/revisions\/11275"}],"up":[{"embeddable":true,"href":"https:\/\/visitbo.no\/lifjell\/wp-json\/wp\/v2\/pages\/8301"}],"wp:attachment":[{"href":"https:\/\/visitbo.no\/lifjell\/wp-json\/wp\/v2\/media?parent=11183"}],"curies":[{"name":"wp","href":"https:\/\/api.w.org\/{rel}","templated":true}]}}