{"id":7875,"date":"2019-06-17T14:18:13","date_gmt":"2019-06-17T12:18:13","guid":{"rendered":"https:\/\/visitbo.no\/lifjell\/?page_id=7875"},"modified":"2026-04-07T19:38:31","modified_gmt":"2026-04-07T17:38:31","slug":"overnatting","status":"publish","type":"page","link":"https:\/\/visitbo.no\/lifjell\/overnatting\/","title":{"rendered":"Overnatting"},"content":{"rendered":"<div id=\"cs-content\" class=\"cs-content\"><\/div>\n","protected":false},"excerpt":{"rendered":"<p>Overnatting p\u00e5 Lifjell&nbsp;&nbsp; P\u00e5 Lifjell finner du overnatting som passer deg og dine behov LIFJELLTUNET Les Mer LIFJELLSTUA \u00a0 Les Mer SOLSTUA Les MerMer fra Visit B\u00f8Hva skjer? kalenderAktiv i naturen opplevelserOvernatting overnattingN\u00e6ringsliv n\u00e6ringslivVinter vinterSommer sommer<\/p>\n","protected":false},"author":6,"featured_media":0,"parent":0,"menu_order":3,"comment_status":"closed","ping_status":"closed","template":"template-blank-4.php","meta":{"_relevanssi_hide_post":"","_relevanssi_hide_content":"","_relevanssi_pin_for_all":"","_relevanssi_pin_keywords":"","_relevanssi_unpin_keywords":"","_relevanssi_related_keywords":"","_relevanssi_related_include_ids":"","_relevanssi_related_exclude_ids":"","_relevanssi_related_no_append":"","_relevanssi_related_not_related":"","_relevanssi_related_posts":"","_relevanssi_noindex_reason":"","footnotes":""},"class_list":["post-7875","page","type-page","status-publish","hentry","no-post-thumbnail"],"yoast_head":"<!-- This site is optimized with the Yoast SEO plugin v27.2 - https:\/\/yoast.com\/product\/yoast-seo-wordpress\/ -->\n<title>Overnatting - Lifjell<\/title>\n<meta name=\"description\" content=\"Bo tett p\u00e5 naturen! Lifjell tilbyr hytter, leiligheter og fjellstue \u2013 perfekt for familieferie, helgetur eller en aktiv uke i fjellet.\" \/>\n<meta name=\"robots\" content=\"index, follow, max-snippet:-1, max-image-preview:large, max-video-preview:-1\" \/>\n<link rel=\"canonical\" href=\"https:\/\/visitbo.no\/lifjell\/overnatting\/\" \/>\n<meta property=\"og:locale\" content=\"nb_NO\" \/>\n<meta property=\"og:type\" content=\"article\" \/>\n<meta property=\"og:title\" content=\"Overnatting - Lifjell\" \/>\n<meta property=\"og:description\" content=\"Bo tett p\u00e5 naturen! Lifjell tilbyr hytter, leiligheter og fjellstue \u2013 perfekt for familieferie, helgetur eller en aktiv uke i fjellet.\" \/>\n<meta property=\"og:url\" content=\"https:\/\/visitbo.no\/lifjell\/overnatting\/\" \/>\n<meta property=\"og:site_name\" content=\"Lifjell\" \/>\n<meta property=\"article:modified_time\" content=\"2026-04-07T17:38:31+00:00\" \/>\n<meta name=\"twitter:card\" content=\"summary_large_image\" \/>\n<meta name=\"twitter:label1\" content=\"Ansl. lesetid\" \/>\n\t<meta name=\"twitter:data1\" content=\"6 minutter\" \/>\n<script type=\"application\/ld+json\" class=\"yoast-schema-graph\">{\"@context\":\"https:\/\/schema.org\",\"@graph\":[{\"@type\":\"WebPage\",\"@id\":\"https:\/\/visitbo.no\/lifjell\/overnatting\/\",\"url\":\"https:\/\/visitbo.no\/lifjell\/overnatting\/\",\"name\":\"Overnatting - Lifjell\",\"isPartOf\":{\"@id\":\"https:\/\/visitbo.no\/lifjell\/#website\"},\"datePublished\":\"2019-06-17T12:18:13+00:00\",\"dateModified\":\"2026-04-07T17:38:31+00:00\",\"description\":\"Bo tett p\u00e5 naturen! Lifjell tilbyr hytter, leiligheter og fjellstue \u2013 perfekt for familieferie, helgetur eller en aktiv uke i fjellet.\",\"breadcrumb\":{\"@id\":\"https:\/\/visitbo.no\/lifjell\/overnatting\/#breadcrumb\"},\"inLanguage\":\"nb-NO\",\"potentialAction\":[{\"@type\":\"ReadAction\",\"target\":[\"https:\/\/visitbo.no\/lifjell\/overnatting\/\"]}]},{\"@type\":\"BreadcrumbList\",\"@id\":\"https:\/\/visitbo.no\/lifjell\/overnatting\/#breadcrumb\",\"itemListElement\":[{\"@type\":\"ListItem\",\"position\":1,\"name\":\"Hjem\",\"item\":\"https:\/\/visitbo.no\/lifjell\/\"},{\"@type\":\"ListItem\",\"position\":2,\"name\":\"Overnatting\"}]},{\"@type\":\"WebSite\",\"@id\":\"https:\/\/visitbo.no\/lifjell\/#website\",\"url\":\"https:\/\/visitbo.no\/lifjell\/\",\"name\":\"Lifjell\",\"description\":\"One online experience - for everything your destination has to offer.\",\"potentialAction\":[{\"@type\":\"SearchAction\",\"target\":{\"@type\":\"EntryPoint\",\"urlTemplate\":\"https:\/\/visitbo.no\/lifjell\/?s={search_term_string}\"},\"query-input\":{\"@type\":\"PropertyValueSpecification\",\"valueRequired\":true,\"valueName\":\"search_term_string\"}}],\"inLanguage\":\"nb-NO\"}]}<\/script>\n<!-- \/ Yoast SEO plugin. -->","yoast_head_json":{"title":"Overnatting - Lifjell","description":"Bo tett p\u00e5 naturen! Lifjell tilbyr hytter, leiligheter og fjellstue \u2013 perfekt for familieferie, helgetur eller en aktiv uke i fjellet.","robots":{"index":"index","follow":"follow","max-snippet":"max-snippet:-1","max-image-preview":"max-image-preview:large","max-video-preview":"max-video-preview:-1"},"canonical":"https:\/\/visitbo.no\/lifjell\/overnatting\/","og_locale":"nb_NO","og_type":"article","og_title":"Overnatting - Lifjell","og_description":"Bo tett p\u00e5 naturen! Lifjell tilbyr hytter, leiligheter og fjellstue \u2013 perfekt for familieferie, helgetur eller en aktiv uke i fjellet.","og_url":"https:\/\/visitbo.no\/lifjell\/overnatting\/","og_site_name":"Lifjell","article_modified_time":"2026-04-07T17:38:31+00:00","twitter_card":"summary_large_image","twitter_misc":{"Ansl. lesetid":"6 minutter"},"schema":{"@context":"https:\/\/schema.org","@graph":[{"@type":"WebPage","@id":"https:\/\/visitbo.no\/lifjell\/overnatting\/","url":"https:\/\/visitbo.no\/lifjell\/overnatting\/","name":"Overnatting - Lifjell","isPartOf":{"@id":"https:\/\/visitbo.no\/lifjell\/#website"},"datePublished":"2019-06-17T12:18:13+00:00","dateModified":"2026-04-07T17:38:31+00:00","description":"Bo tett p\u00e5 naturen! Lifjell tilbyr hytter, leiligheter og fjellstue \u2013 perfekt for familieferie, helgetur eller en aktiv uke i fjellet.","breadcrumb":{"@id":"https:\/\/visitbo.no\/lifjell\/overnatting\/#breadcrumb"},"inLanguage":"nb-NO","potentialAction":[{"@type":"ReadAction","target":["https:\/\/visitbo.no\/lifjell\/overnatting\/"]}]},{"@type":"BreadcrumbList","@id":"https:\/\/visitbo.no\/lifjell\/overnatting\/#breadcrumb","itemListElement":[{"@type":"ListItem","position":1,"name":"Hjem","item":"https:\/\/visitbo.no\/lifjell\/"},{"@type":"ListItem","position":2,"name":"Overnatting"}]},{"@type":"WebSite","@id":"https:\/\/visitbo.no\/lifjell\/#website","url":"https:\/\/visitbo.no\/lifjell\/","name":"Lifjell","description":"One online experience - for everything your destination has to offer.","potentialAction":[{"@type":"SearchAction","target":{"@type":"EntryPoint","urlTemplate":"https:\/\/visitbo.no\/lifjell\/?s={search_term_string}"},"query-input":{"@type":"PropertyValueSpecification","valueRequired":true,"valueName":"search_term_string"}}],"inLanguage":"nb-NO"}]}},"_links":{"self":[{"href":"https:\/\/visitbo.no\/lifjell\/wp-json\/wp\/v2\/pages\/7875","targetHints":{"allow":["GET"]}}],"collection":[{"href":"https:\/\/visitbo.no\/lifjell\/wp-json\/wp\/v2\/pages"}],"about":[{"href":"https:\/\/visitbo.no\/lifjell\/wp-json\/wp\/v2\/types\/page"}],"author":[{"embeddable":true,"href":"https:\/\/visitbo.no\/lifjell\/wp-json\/wp\/v2\/users\/6"}],"replies":[{"embeddable":true,"href":"https:\/\/visitbo.no\/lifjell\/wp-json\/wp\/v2\/comments?post=7875"}],"version-history":[{"count":51,"href":"https:\/\/visitbo.no\/lifjell\/wp-json\/wp\/v2\/pages\/7875\/revisions"}],"predecessor-version":[{"id":11537,"href":"https:\/\/visitbo.no\/lifjell\/wp-json\/wp\/v2\/pages\/7875\/revisions\/11537"}],"wp:attachment":[{"href":"https:\/\/visitbo.no\/lifjell\/wp-json\/wp\/v2\/media?parent=7875"}],"curies":[{"name":"wp","href":"https:\/\/api.w.org\/{rel}","templated":true}]}}