{"id":8367,"date":"2020-06-03T17:30:17","date_gmt":"2020-06-03T15:30:17","guid":{"rendered":"https:\/\/visitbo.no\/lifjell\/?page_id=8367"},"modified":"2025-08-01T13:51:06","modified_gmt":"2025-08-01T11:51:06","slug":"sommer-paa-lifjell","status":"publish","type":"page","link":"https:\/\/visitbo.no\/lifjell\/sommer-paa-lifjell\/","title":{"rendered":"Sommer p\u00e5 Lifjell"},"content":{"rendered":"<div id=\"cs-content\" class=\"cs-content\"><\/div>\n","protected":false},"excerpt":{"rendered":"<p>Sommer p\u00e5 Lifjell Lifjell\u00a0er et stort fjellomr\u00e5de p\u00e5 n\u00e6rmere\u00a0200 km2, som\u00a0dekker store deler av kommunene B\u00f8, Hjartdal, Notodden og Seljord. Lifjell er kun 12 km fra B\u00f8 sentrum med god skilting og stor parkeringsplass p\u00e5 J\u00f8nnbu. Lifjell har et h\u00f8yfjellsterreng som et Jotunheimen i miniatyr og med flere fjelltopper over 1000 moh. Turrutene varierer i lengde og vanskelighetsgrad, til den &#8230; <\/p>\n<div><a href=\"https:\/\/visitbo.no\/lifjell\/sommer-paa-lifjell\/\" class=\"more-link\">Read More<\/a><\/div>\n","protected":false},"author":16,"featured_media":0,"parent":0,"menu_order":3,"comment_status":"closed","ping_status":"closed","template":"template-blank-4.php","meta":{"_relevanssi_hide_post":"","_relevanssi_hide_content":"","_relevanssi_pin_for_all":"","_relevanssi_pin_keywords":"","_relevanssi_unpin_keywords":"","_relevanssi_related_keywords":"","_relevanssi_related_include_ids":"","_relevanssi_related_exclude_ids":"","_relevanssi_related_no_append":"","_relevanssi_related_not_related":"","_relevanssi_related_posts":"","_relevanssi_noindex_reason":"","footnotes":""},"class_list":["post-8367","page","type-page","status-publish","hentry","no-post-thumbnail"],"yoast_head":"<!-- This site is optimized with the Yoast SEO plugin v27.2 - https:\/\/yoast.com\/product\/yoast-seo-wordpress\/ -->\n<title>Sommer p\u00e5 Lifjell - Lifjell<\/title>\n<meta name=\"description\" content=\"Opplev sommeren p\u00e5 Lifjell med fjellturer, sykling, fiske og ekte naturro. Perfekt for aktive dager og avslappende fjellferier i Telemark.\" \/>\n<meta name=\"robots\" content=\"index, follow, max-snippet:-1, max-image-preview:large, max-video-preview:-1\" \/>\n<link rel=\"canonical\" href=\"https:\/\/visitbo.no\/lifjell\/sommer-paa-lifjell\/\" \/>\n<meta property=\"og:locale\" content=\"nb_NO\" \/>\n<meta property=\"og:type\" content=\"article\" \/>\n<meta property=\"og:title\" content=\"Sommer p\u00e5 Lifjell - Lifjell\" \/>\n<meta property=\"og:description\" content=\"Opplev sommeren p\u00e5 Lifjell med fjellturer, sykling, fiske og ekte naturro. Perfekt for aktive dager og avslappende fjellferier i Telemark.\" \/>\n<meta property=\"og:url\" content=\"https:\/\/visitbo.no\/lifjell\/sommer-paa-lifjell\/\" \/>\n<meta property=\"og:site_name\" content=\"Lifjell\" \/>\n<meta property=\"article:modified_time\" content=\"2025-08-01T11:51:06+00:00\" \/>\n<meta name=\"twitter:card\" content=\"summary_large_image\" \/>\n<meta name=\"twitter:label1\" content=\"Ansl. lesetid\" \/>\n\t<meta name=\"twitter:data1\" content=\"8 minutter\" \/>\n<script type=\"application\/ld+json\" class=\"yoast-schema-graph\">{\"@context\":\"https:\/\/schema.org\",\"@graph\":[{\"@type\":\"WebPage\",\"@id\":\"https:\/\/visitbo.no\/lifjell\/sommer-paa-lifjell\/\",\"url\":\"https:\/\/visitbo.no\/lifjell\/sommer-paa-lifjell\/\",\"name\":\"Sommer p\u00e5 Lifjell - Lifjell\",\"isPartOf\":{\"@id\":\"https:\/\/visitbo.no\/lifjell\/#website\"},\"datePublished\":\"2020-06-03T15:30:17+00:00\",\"dateModified\":\"2025-08-01T11:51:06+00:00\",\"description\":\"Opplev sommeren p\u00e5 Lifjell med fjellturer, sykling, fiske og ekte naturro. Perfekt for aktive dager og avslappende fjellferier i Telemark.\",\"breadcrumb\":{\"@id\":\"https:\/\/visitbo.no\/lifjell\/sommer-paa-lifjell\/#breadcrumb\"},\"inLanguage\":\"nb-NO\",\"potentialAction\":[{\"@type\":\"ReadAction\",\"target\":[\"https:\/\/visitbo.no\/lifjell\/sommer-paa-lifjell\/\"]}]},{\"@type\":\"BreadcrumbList\",\"@id\":\"https:\/\/visitbo.no\/lifjell\/sommer-paa-lifjell\/#breadcrumb\",\"itemListElement\":[{\"@type\":\"ListItem\",\"position\":1,\"name\":\"Hjem\",\"item\":\"https:\/\/visitbo.no\/lifjell\/\"},{\"@type\":\"ListItem\",\"position\":2,\"name\":\"Sommer p\u00e5 Lifjell\"}]},{\"@type\":\"WebSite\",\"@id\":\"https:\/\/visitbo.no\/lifjell\/#website\",\"url\":\"https:\/\/visitbo.no\/lifjell\/\",\"name\":\"Lifjell\",\"description\":\"One online experience - for everything your destination has to offer.\",\"potentialAction\":[{\"@type\":\"SearchAction\",\"target\":{\"@type\":\"EntryPoint\",\"urlTemplate\":\"https:\/\/visitbo.no\/lifjell\/?s={search_term_string}\"},\"query-input\":{\"@type\":\"PropertyValueSpecification\",\"valueRequired\":true,\"valueName\":\"search_term_string\"}}],\"inLanguage\":\"nb-NO\"}]}<\/script>\n<!-- \/ Yoast SEO plugin. -->","yoast_head_json":{"title":"Sommer p\u00e5 Lifjell - Lifjell","description":"Opplev sommeren p\u00e5 Lifjell med fjellturer, sykling, fiske og ekte naturro. Perfekt for aktive dager og avslappende fjellferier i Telemark.","robots":{"index":"index","follow":"follow","max-snippet":"max-snippet:-1","max-image-preview":"max-image-preview:large","max-video-preview":"max-video-preview:-1"},"canonical":"https:\/\/visitbo.no\/lifjell\/sommer-paa-lifjell\/","og_locale":"nb_NO","og_type":"article","og_title":"Sommer p\u00e5 Lifjell - Lifjell","og_description":"Opplev sommeren p\u00e5 Lifjell med fjellturer, sykling, fiske og ekte naturro. Perfekt for aktive dager og avslappende fjellferier i Telemark.","og_url":"https:\/\/visitbo.no\/lifjell\/sommer-paa-lifjell\/","og_site_name":"Lifjell","article_modified_time":"2025-08-01T11:51:06+00:00","twitter_card":"summary_large_image","twitter_misc":{"Ansl. lesetid":"8 minutter"},"schema":{"@context":"https:\/\/schema.org","@graph":[{"@type":"WebPage","@id":"https:\/\/visitbo.no\/lifjell\/sommer-paa-lifjell\/","url":"https:\/\/visitbo.no\/lifjell\/sommer-paa-lifjell\/","name":"Sommer p\u00e5 Lifjell - Lifjell","isPartOf":{"@id":"https:\/\/visitbo.no\/lifjell\/#website"},"datePublished":"2020-06-03T15:30:17+00:00","dateModified":"2025-08-01T11:51:06+00:00","description":"Opplev sommeren p\u00e5 Lifjell med fjellturer, sykling, fiske og ekte naturro. Perfekt for aktive dager og avslappende fjellferier i Telemark.","breadcrumb":{"@id":"https:\/\/visitbo.no\/lifjell\/sommer-paa-lifjell\/#breadcrumb"},"inLanguage":"nb-NO","potentialAction":[{"@type":"ReadAction","target":["https:\/\/visitbo.no\/lifjell\/sommer-paa-lifjell\/"]}]},{"@type":"BreadcrumbList","@id":"https:\/\/visitbo.no\/lifjell\/sommer-paa-lifjell\/#breadcrumb","itemListElement":[{"@type":"ListItem","position":1,"name":"Hjem","item":"https:\/\/visitbo.no\/lifjell\/"},{"@type":"ListItem","position":2,"name":"Sommer p\u00e5 Lifjell"}]},{"@type":"WebSite","@id":"https:\/\/visitbo.no\/lifjell\/#website","url":"https:\/\/visitbo.no\/lifjell\/","name":"Lifjell","description":"One online experience - for everything your destination has to offer.","potentialAction":[{"@type":"SearchAction","target":{"@type":"EntryPoint","urlTemplate":"https:\/\/visitbo.no\/lifjell\/?s={search_term_string}"},"query-input":{"@type":"PropertyValueSpecification","valueRequired":true,"valueName":"search_term_string"}}],"inLanguage":"nb-NO"}]}},"_links":{"self":[{"href":"https:\/\/visitbo.no\/lifjell\/wp-json\/wp\/v2\/pages\/8367","targetHints":{"allow":["GET"]}}],"collection":[{"href":"https:\/\/visitbo.no\/lifjell\/wp-json\/wp\/v2\/pages"}],"about":[{"href":"https:\/\/visitbo.no\/lifjell\/wp-json\/wp\/v2\/types\/page"}],"author":[{"embeddable":true,"href":"https:\/\/visitbo.no\/lifjell\/wp-json\/wp\/v2\/users\/16"}],"replies":[{"embeddable":true,"href":"https:\/\/visitbo.no\/lifjell\/wp-json\/wp\/v2\/comments?post=8367"}],"version-history":[{"count":12,"href":"https:\/\/visitbo.no\/lifjell\/wp-json\/wp\/v2\/pages\/8367\/revisions"}],"predecessor-version":[{"id":11273,"href":"https:\/\/visitbo.no\/lifjell\/wp-json\/wp\/v2\/pages\/8367\/revisions\/11273"}],"wp:attachment":[{"href":"https:\/\/visitbo.no\/lifjell\/wp-json\/wp\/v2\/media?parent=8367"}],"curies":[{"name":"wp","href":"https:\/\/api.w.org\/{rel}","templated":true}]}}