{"id":8564,"date":"2020-06-25T13:51:11","date_gmt":"2020-06-25T11:51:11","guid":{"rendered":"https:\/\/visitbo.no\/lifjell\/?page_id=8564"},"modified":"2025-08-01T13:51:40","modified_gmt":"2025-08-01T11:51:40","slug":"vinter-pa-lifjell","status":"publish","type":"page","link":"https:\/\/visitbo.no\/lifjell\/vinter-pa-lifjell\/","title":{"rendered":"Vinter p\u00e5 Lifjell"},"content":{"rendered":"<div id=\"cs-content\" class=\"cs-content\"><\/div>\n","protected":false},"excerpt":{"rendered":"<p>Vinter p\u00e5 Lifjell&nbsp;&nbsp;Lifjell &#8211; ditt n\u00e6rmeste h\u00f8yfjell ogs\u00e5 om vinteren P\u00e5 sn\u00f8sikre Lifjell finner du et familievennlig alpinanlegg\u00a0 med to heiser og fem nedfarter med variert vanskelighetsgrad. Lifjellparken byr p\u00e5 spennende utfordringer med mange morsomme elementer. Det er 80 km preparerete langrennsl\u00f8yper. Fra parkeringen p\u00e5 J\u00f8nnbu er det flere barnevennlige rundl\u00f8yper (3-4 km). Det er ogs\u00e5 mange muligheter for mer &#8230; <\/p>\n<div><a href=\"https:\/\/visitbo.no\/lifjell\/vinter-pa-lifjell\/\" class=\"more-link\">Read More<\/a><\/div>\n","protected":false},"author":44,"featured_media":0,"parent":0,"menu_order":3,"comment_status":"closed","ping_status":"closed","template":"template-blank-4.php","meta":{"_relevanssi_hide_post":"","_relevanssi_hide_content":"","_relevanssi_pin_for_all":"","_relevanssi_pin_keywords":"","_relevanssi_unpin_keywords":"","_relevanssi_related_keywords":"","_relevanssi_related_include_ids":"","_relevanssi_related_exclude_ids":"","_relevanssi_related_no_append":"","_relevanssi_related_not_related":"","_relevanssi_related_posts":"","_relevanssi_noindex_reason":"","footnotes":""},"class_list":["post-8564","page","type-page","status-publish","hentry","no-post-thumbnail"],"yoast_head":"<!-- This site is optimized with the Yoast SEO plugin v27.2 - https:\/\/yoast.com\/product\/yoast-seo-wordpress\/ -->\n<title>Vinter p\u00e5 Lifjell - Lifjell<\/title>\n<meta name=\"description\" content=\"Vinter p\u00e5 Lifjell byr p\u00e5 alpint, langrenn, aking og ekte fjellstemning for hele familien \u2013 bare to timer fra Oslo, midt i Telemark.\" \/>\n<meta name=\"robots\" content=\"index, follow, max-snippet:-1, max-image-preview:large, max-video-preview:-1\" \/>\n<link rel=\"canonical\" href=\"https:\/\/visitbo.no\/lifjell\/vinter-pa-lifjell\/\" \/>\n<meta property=\"og:locale\" content=\"nb_NO\" \/>\n<meta property=\"og:type\" content=\"article\" \/>\n<meta property=\"og:title\" content=\"Vinter p\u00e5 Lifjell - Lifjell\" \/>\n<meta property=\"og:description\" content=\"Vinter p\u00e5 Lifjell byr p\u00e5 alpint, langrenn, aking og ekte fjellstemning for hele familien \u2013 bare to timer fra Oslo, midt i Telemark.\" \/>\n<meta property=\"og:url\" content=\"https:\/\/visitbo.no\/lifjell\/vinter-pa-lifjell\/\" \/>\n<meta property=\"og:site_name\" content=\"Lifjell\" \/>\n<meta property=\"article:modified_time\" content=\"2025-08-01T11:51:40+00:00\" \/>\n<meta name=\"twitter:card\" content=\"summary_large_image\" \/>\n<meta name=\"twitter:label1\" content=\"Ansl. lesetid\" \/>\n\t<meta name=\"twitter:data1\" content=\"7 minutter\" \/>\n<script type=\"application\/ld+json\" class=\"yoast-schema-graph\">{\"@context\":\"https:\/\/schema.org\",\"@graph\":[{\"@type\":\"WebPage\",\"@id\":\"https:\/\/visitbo.no\/lifjell\/vinter-pa-lifjell\/\",\"url\":\"https:\/\/visitbo.no\/lifjell\/vinter-pa-lifjell\/\",\"name\":\"Vinter p\u00e5 Lifjell - Lifjell\",\"isPartOf\":{\"@id\":\"https:\/\/visitbo.no\/lifjell\/#website\"},\"datePublished\":\"2020-06-25T11:51:11+00:00\",\"dateModified\":\"2025-08-01T11:51:40+00:00\",\"description\":\"Vinter p\u00e5 Lifjell byr p\u00e5 alpint, langrenn, aking og ekte fjellstemning for hele familien \u2013 bare to timer fra Oslo, midt i Telemark.\",\"breadcrumb\":{\"@id\":\"https:\/\/visitbo.no\/lifjell\/vinter-pa-lifjell\/#breadcrumb\"},\"inLanguage\":\"nb-NO\",\"potentialAction\":[{\"@type\":\"ReadAction\",\"target\":[\"https:\/\/visitbo.no\/lifjell\/vinter-pa-lifjell\/\"]}]},{\"@type\":\"BreadcrumbList\",\"@id\":\"https:\/\/visitbo.no\/lifjell\/vinter-pa-lifjell\/#breadcrumb\",\"itemListElement\":[{\"@type\":\"ListItem\",\"position\":1,\"name\":\"Hjem\",\"item\":\"https:\/\/visitbo.no\/lifjell\/\"},{\"@type\":\"ListItem\",\"position\":2,\"name\":\"Vinter p\u00e5 Lifjell\"}]},{\"@type\":\"WebSite\",\"@id\":\"https:\/\/visitbo.no\/lifjell\/#website\",\"url\":\"https:\/\/visitbo.no\/lifjell\/\",\"name\":\"Lifjell\",\"description\":\"One online experience - for everything your destination has to offer.\",\"potentialAction\":[{\"@type\":\"SearchAction\",\"target\":{\"@type\":\"EntryPoint\",\"urlTemplate\":\"https:\/\/visitbo.no\/lifjell\/?s={search_term_string}\"},\"query-input\":{\"@type\":\"PropertyValueSpecification\",\"valueRequired\":true,\"valueName\":\"search_term_string\"}}],\"inLanguage\":\"nb-NO\"}]}<\/script>\n<!-- \/ Yoast SEO plugin. -->","yoast_head_json":{"title":"Vinter p\u00e5 Lifjell - Lifjell","description":"Vinter p\u00e5 Lifjell byr p\u00e5 alpint, langrenn, aking og ekte fjellstemning for hele familien \u2013 bare to timer fra Oslo, midt i Telemark.","robots":{"index":"index","follow":"follow","max-snippet":"max-snippet:-1","max-image-preview":"max-image-preview:large","max-video-preview":"max-video-preview:-1"},"canonical":"https:\/\/visitbo.no\/lifjell\/vinter-pa-lifjell\/","og_locale":"nb_NO","og_type":"article","og_title":"Vinter p\u00e5 Lifjell - Lifjell","og_description":"Vinter p\u00e5 Lifjell byr p\u00e5 alpint, langrenn, aking og ekte fjellstemning for hele familien \u2013 bare to timer fra Oslo, midt i Telemark.","og_url":"https:\/\/visitbo.no\/lifjell\/vinter-pa-lifjell\/","og_site_name":"Lifjell","article_modified_time":"2025-08-01T11:51:40+00:00","twitter_card":"summary_large_image","twitter_misc":{"Ansl. lesetid":"7 minutter"},"schema":{"@context":"https:\/\/schema.org","@graph":[{"@type":"WebPage","@id":"https:\/\/visitbo.no\/lifjell\/vinter-pa-lifjell\/","url":"https:\/\/visitbo.no\/lifjell\/vinter-pa-lifjell\/","name":"Vinter p\u00e5 Lifjell - Lifjell","isPartOf":{"@id":"https:\/\/visitbo.no\/lifjell\/#website"},"datePublished":"2020-06-25T11:51:11+00:00","dateModified":"2025-08-01T11:51:40+00:00","description":"Vinter p\u00e5 Lifjell byr p\u00e5 alpint, langrenn, aking og ekte fjellstemning for hele familien \u2013 bare to timer fra Oslo, midt i Telemark.","breadcrumb":{"@id":"https:\/\/visitbo.no\/lifjell\/vinter-pa-lifjell\/#breadcrumb"},"inLanguage":"nb-NO","potentialAction":[{"@type":"ReadAction","target":["https:\/\/visitbo.no\/lifjell\/vinter-pa-lifjell\/"]}]},{"@type":"BreadcrumbList","@id":"https:\/\/visitbo.no\/lifjell\/vinter-pa-lifjell\/#breadcrumb","itemListElement":[{"@type":"ListItem","position":1,"name":"Hjem","item":"https:\/\/visitbo.no\/lifjell\/"},{"@type":"ListItem","position":2,"name":"Vinter p\u00e5 Lifjell"}]},{"@type":"WebSite","@id":"https:\/\/visitbo.no\/lifjell\/#website","url":"https:\/\/visitbo.no\/lifjell\/","name":"Lifjell","description":"One online experience - for everything your destination has to offer.","potentialAction":[{"@type":"SearchAction","target":{"@type":"EntryPoint","urlTemplate":"https:\/\/visitbo.no\/lifjell\/?s={search_term_string}"},"query-input":{"@type":"PropertyValueSpecification","valueRequired":true,"valueName":"search_term_string"}}],"inLanguage":"nb-NO"}]}},"_links":{"self":[{"href":"https:\/\/visitbo.no\/lifjell\/wp-json\/wp\/v2\/pages\/8564","targetHints":{"allow":["GET"]}}],"collection":[{"href":"https:\/\/visitbo.no\/lifjell\/wp-json\/wp\/v2\/pages"}],"about":[{"href":"https:\/\/visitbo.no\/lifjell\/wp-json\/wp\/v2\/types\/page"}],"author":[{"embeddable":true,"href":"https:\/\/visitbo.no\/lifjell\/wp-json\/wp\/v2\/users\/44"}],"replies":[{"embeddable":true,"href":"https:\/\/visitbo.no\/lifjell\/wp-json\/wp\/v2\/comments?post=8564"}],"version-history":[{"count":12,"href":"https:\/\/visitbo.no\/lifjell\/wp-json\/wp\/v2\/pages\/8564\/revisions"}],"predecessor-version":[{"id":10730,"href":"https:\/\/visitbo.no\/lifjell\/wp-json\/wp\/v2\/pages\/8564\/revisions\/10730"}],"wp:attachment":[{"href":"https:\/\/visitbo.no\/lifjell\/wp-json\/wp\/v2\/media?parent=8564"}],"curies":[{"name":"wp","href":"https:\/\/api.w.org\/{rel}","templated":true}]}}