{"id":8601,"date":"2020-06-29T22:31:43","date_gmt":"2020-06-29T20:31:43","guid":{"rendered":"https:\/\/visitbo.no\/lifjell\/?page_id=8601"},"modified":"2025-05-26T13:18:13","modified_gmt":"2025-05-26T11:18:13","slug":"hyttefolk","status":"publish","type":"page","link":"https:\/\/visitbo.no\/lifjell\/hyttefolk\/","title":{"rendered":"Hyttefolk"},"content":{"rendered":"<div id=\"cs-content\" class=\"cs-content\"><\/div>\n","protected":false},"excerpt":{"rendered":"<p>Hyttefolk Nyttig info til hyttefolket Lifjell blir et mer og mer popul\u00e6rt hytteomr\u00e5de. Det er mange \u00e5rsaker til dette, men kombinasjonen av kort kj\u00f8reavstand fra hele det sentrale \u00f8stlandsomr\u00e5det, muligheten til \u00e5 komme tidlig inn i et omr\u00e5de med en spennende utvikling, sv\u00e6rt familievennlig og fornuftige priser er nok de viktigste. Lifjell er et satsingsomr\u00e5de for Midt-Telemark Kommune. Dette inneb\u00e6rer &#8230; <\/p>\n<div><a href=\"https:\/\/visitbo.no\/lifjell\/hyttefolk\/\" class=\"more-link\">Read More<\/a><\/div>\n","protected":false},"author":44,"featured_media":0,"parent":0,"menu_order":3,"comment_status":"closed","ping_status":"closed","template":"template-blank-4.php","meta":{"_relevanssi_hide_post":"","_relevanssi_hide_content":"","_relevanssi_pin_for_all":"","_relevanssi_pin_keywords":"","_relevanssi_unpin_keywords":"","_relevanssi_related_keywords":"","_relevanssi_related_include_ids":"","_relevanssi_related_exclude_ids":"","_relevanssi_related_no_append":"","_relevanssi_related_not_related":"","_relevanssi_related_posts":"","_relevanssi_noindex_reason":"","footnotes":""},"class_list":["post-8601","page","type-page","status-publish","hentry","no-post-thumbnail"],"yoast_head":"<!-- This site is optimized with the Yoast SEO plugin v27.2 - https:\/\/yoast.com\/product\/yoast-seo-wordpress\/ -->\n<title>Hyttefolk - Lifjell, B\u00f8 i Telemark - Natur &amp; Fritid<\/title>\n<meta name=\"description\" content=\"Bli en del av hyttefolket p\u00e5 Lifjell \u2013 et aktivt og trivelig hyttemilj\u00f8 med ski, turl\u00f8yper og naturopplevelser i B\u00f8 i Telemark.\" \/>\n<meta name=\"robots\" content=\"index, follow, max-snippet:-1, max-image-preview:large, max-video-preview:-1\" \/>\n<link rel=\"canonical\" href=\"https:\/\/visitbo.no\/lifjell\/hyttefolk\/\" \/>\n<meta property=\"og:locale\" content=\"nb_NO\" \/>\n<meta property=\"og:type\" content=\"article\" \/>\n<meta property=\"og:title\" content=\"Hyttefolk - Lifjell, B\u00f8 i Telemark - Natur &amp; Fritid\" \/>\n<meta property=\"og:description\" content=\"Bli en del av hyttefolket p\u00e5 Lifjell \u2013 et aktivt og trivelig hyttemilj\u00f8 med ski, turl\u00f8yper og naturopplevelser i B\u00f8 i Telemark.\" \/>\n<meta property=\"og:url\" content=\"https:\/\/visitbo.no\/lifjell\/hyttefolk\/\" \/>\n<meta property=\"og:site_name\" content=\"Lifjell\" \/>\n<meta property=\"article:modified_time\" content=\"2025-05-26T11:18:13+00:00\" \/>\n<meta name=\"twitter:card\" content=\"summary_large_image\" \/>\n<meta name=\"twitter:label1\" content=\"Ansl. lesetid\" \/>\n\t<meta name=\"twitter:data1\" content=\"6 minutter\" \/>\n<script type=\"application\/ld+json\" class=\"yoast-schema-graph\">{\"@context\":\"https:\/\/schema.org\",\"@graph\":[{\"@type\":\"WebPage\",\"@id\":\"https:\/\/visitbo.no\/lifjell\/hyttefolk\/\",\"url\":\"https:\/\/visitbo.no\/lifjell\/hyttefolk\/\",\"name\":\"Hyttefolk - Lifjell, B\u00f8 i Telemark - Natur & Fritid\",\"isPartOf\":{\"@id\":\"https:\/\/visitbo.no\/lifjell\/#website\"},\"datePublished\":\"2020-06-29T20:31:43+00:00\",\"dateModified\":\"2025-05-26T11:18:13+00:00\",\"description\":\"Bli en del av hyttefolket p\u00e5 Lifjell \u2013 et aktivt og trivelig hyttemilj\u00f8 med ski, turl\u00f8yper og naturopplevelser i B\u00f8 i Telemark.\",\"breadcrumb\":{\"@id\":\"https:\/\/visitbo.no\/lifjell\/hyttefolk\/#breadcrumb\"},\"inLanguage\":\"nb-NO\",\"potentialAction\":[{\"@type\":\"ReadAction\",\"target\":[\"https:\/\/visitbo.no\/lifjell\/hyttefolk\/\"]}]},{\"@type\":\"BreadcrumbList\",\"@id\":\"https:\/\/visitbo.no\/lifjell\/hyttefolk\/#breadcrumb\",\"itemListElement\":[{\"@type\":\"ListItem\",\"position\":1,\"name\":\"Hjem\",\"item\":\"https:\/\/visitbo.no\/lifjell\/\"},{\"@type\":\"ListItem\",\"position\":2,\"name\":\"Hyttefolk\"}]},{\"@type\":\"WebSite\",\"@id\":\"https:\/\/visitbo.no\/lifjell\/#website\",\"url\":\"https:\/\/visitbo.no\/lifjell\/\",\"name\":\"Lifjell\",\"description\":\"One online experience - for everything your destination has to offer.\",\"potentialAction\":[{\"@type\":\"SearchAction\",\"target\":{\"@type\":\"EntryPoint\",\"urlTemplate\":\"https:\/\/visitbo.no\/lifjell\/?s={search_term_string}\"},\"query-input\":{\"@type\":\"PropertyValueSpecification\",\"valueRequired\":true,\"valueName\":\"search_term_string\"}}],\"inLanguage\":\"nb-NO\"}]}<\/script>\n<!-- \/ Yoast SEO plugin. -->","yoast_head_json":{"title":"Hyttefolk - Lifjell, B\u00f8 i Telemark - Natur & Fritid","description":"Bli en del av hyttefolket p\u00e5 Lifjell \u2013 et aktivt og trivelig hyttemilj\u00f8 med ski, turl\u00f8yper og naturopplevelser i B\u00f8 i Telemark.","robots":{"index":"index","follow":"follow","max-snippet":"max-snippet:-1","max-image-preview":"max-image-preview:large","max-video-preview":"max-video-preview:-1"},"canonical":"https:\/\/visitbo.no\/lifjell\/hyttefolk\/","og_locale":"nb_NO","og_type":"article","og_title":"Hyttefolk - Lifjell, B\u00f8 i Telemark - Natur & Fritid","og_description":"Bli en del av hyttefolket p\u00e5 Lifjell \u2013 et aktivt og trivelig hyttemilj\u00f8 med ski, turl\u00f8yper og naturopplevelser i B\u00f8 i Telemark.","og_url":"https:\/\/visitbo.no\/lifjell\/hyttefolk\/","og_site_name":"Lifjell","article_modified_time":"2025-05-26T11:18:13+00:00","twitter_card":"summary_large_image","twitter_misc":{"Ansl. lesetid":"6 minutter"},"schema":{"@context":"https:\/\/schema.org","@graph":[{"@type":"WebPage","@id":"https:\/\/visitbo.no\/lifjell\/hyttefolk\/","url":"https:\/\/visitbo.no\/lifjell\/hyttefolk\/","name":"Hyttefolk - Lifjell, B\u00f8 i Telemark - Natur & Fritid","isPartOf":{"@id":"https:\/\/visitbo.no\/lifjell\/#website"},"datePublished":"2020-06-29T20:31:43+00:00","dateModified":"2025-05-26T11:18:13+00:00","description":"Bli en del av hyttefolket p\u00e5 Lifjell \u2013 et aktivt og trivelig hyttemilj\u00f8 med ski, turl\u00f8yper og naturopplevelser i B\u00f8 i Telemark.","breadcrumb":{"@id":"https:\/\/visitbo.no\/lifjell\/hyttefolk\/#breadcrumb"},"inLanguage":"nb-NO","potentialAction":[{"@type":"ReadAction","target":["https:\/\/visitbo.no\/lifjell\/hyttefolk\/"]}]},{"@type":"BreadcrumbList","@id":"https:\/\/visitbo.no\/lifjell\/hyttefolk\/#breadcrumb","itemListElement":[{"@type":"ListItem","position":1,"name":"Hjem","item":"https:\/\/visitbo.no\/lifjell\/"},{"@type":"ListItem","position":2,"name":"Hyttefolk"}]},{"@type":"WebSite","@id":"https:\/\/visitbo.no\/lifjell\/#website","url":"https:\/\/visitbo.no\/lifjell\/","name":"Lifjell","description":"One online experience - for everything your destination has to offer.","potentialAction":[{"@type":"SearchAction","target":{"@type":"EntryPoint","urlTemplate":"https:\/\/visitbo.no\/lifjell\/?s={search_term_string}"},"query-input":{"@type":"PropertyValueSpecification","valueRequired":true,"valueName":"search_term_string"}}],"inLanguage":"nb-NO"}]}},"_links":{"self":[{"href":"https:\/\/visitbo.no\/lifjell\/wp-json\/wp\/v2\/pages\/8601","targetHints":{"allow":["GET"]}}],"collection":[{"href":"https:\/\/visitbo.no\/lifjell\/wp-json\/wp\/v2\/pages"}],"about":[{"href":"https:\/\/visitbo.no\/lifjell\/wp-json\/wp\/v2\/types\/page"}],"author":[{"embeddable":true,"href":"https:\/\/visitbo.no\/lifjell\/wp-json\/wp\/v2\/users\/44"}],"replies":[{"embeddable":true,"href":"https:\/\/visitbo.no\/lifjell\/wp-json\/wp\/v2\/comments?post=8601"}],"version-history":[{"count":14,"href":"https:\/\/visitbo.no\/lifjell\/wp-json\/wp\/v2\/pages\/8601\/revisions"}],"predecessor-version":[{"id":11291,"href":"https:\/\/visitbo.no\/lifjell\/wp-json\/wp\/v2\/pages\/8601\/revisions\/11291"}],"wp:attachment":[{"href":"https:\/\/visitbo.no\/lifjell\/wp-json\/wp\/v2\/media?parent=8601"}],"curies":[{"name":"wp","href":"https:\/\/api.w.org\/{rel}","templated":true}]}}