{"id":8922,"date":"2021-06-17T11:54:54","date_gmt":"2021-06-17T09:54:54","guid":{"rendered":"https:\/\/visitbo.no\/lifjell\/?page_id=8922"},"modified":"2024-01-16T15:43:56","modified_gmt":"2024-01-16T14:43:56","slug":"universell-utforming","status":"publish","type":"page","link":"https:\/\/visitbo.no\/lifjell\/universell-utforming\/","title":{"rendered":"Universell Utforming"},"content":{"rendered":"<div id=\"cs-content\" class=\"cs-content\"><\/div>\n","protected":false},"excerpt":{"rendered":"<p>Universell utforming&nbsp;&nbsp;Lifjelltunet er med i bedriftsnettverkprosjektet\u00a0\u201cInkluderende reiseliv i Telemark\u201d\u00a0for \u00e5 f\u00e5 kunnskap om tilrettelegging for mennesker med funksjonsnedsettelse i v\u00e5r reiselivsbedrift. Vi kan dessverre ikke tilby en universelt utformet hytteutleie \u2013 det har vi ingen mulighet til, men vi jobber med \u00e5 tilrettelegge for alle s\u00e5 langt vi har mulighet. \u00abIngen kan tilrettelegge alt for alle, men alle kan tilrettelegge &#8230; <\/p>\n<div><a href=\"https:\/\/visitbo.no\/lifjell\/universell-utforming\/\" class=\"more-link\">Read More<\/a><\/div>\n","protected":false},"author":44,"featured_media":0,"parent":0,"menu_order":3,"comment_status":"closed","ping_status":"closed","template":"template-blank-4.php","meta":{"_relevanssi_hide_post":"","_relevanssi_hide_content":"","_relevanssi_pin_for_all":"","_relevanssi_pin_keywords":"","_relevanssi_unpin_keywords":"","_relevanssi_related_keywords":"","_relevanssi_related_include_ids":"","_relevanssi_related_exclude_ids":"","_relevanssi_related_no_append":"","_relevanssi_related_not_related":"","_relevanssi_related_posts":"","_relevanssi_noindex_reason":"","footnotes":""},"class_list":["post-8922","page","type-page","status-publish","hentry","no-post-thumbnail"],"yoast_head":"<!-- This site is optimized with the Yoast SEO plugin v27.2 - https:\/\/yoast.com\/product\/yoast-seo-wordpress\/ -->\n<title>Universell Utforming - Lifjell<\/title>\n<meta name=\"description\" content=\"P\u00e5 Lifjell pr\u00f8ver vi \u00e5 tilrettelegge s\u00e5 godt det lar seg gj\u00f8re slik at alle kan komme og nyte et opphold hos oss. Les mer her:\" \/>\n<meta name=\"robots\" content=\"index, follow, max-snippet:-1, max-image-preview:large, max-video-preview:-1\" \/>\n<link rel=\"canonical\" href=\"https:\/\/visitbo.no\/lifjell\/universell-utforming\/\" \/>\n<meta property=\"og:locale\" content=\"nb_NO\" \/>\n<meta property=\"og:type\" content=\"article\" \/>\n<meta property=\"og:title\" content=\"Universell Utforming - Lifjell\" \/>\n<meta property=\"og:description\" content=\"P\u00e5 Lifjell pr\u00f8ver vi \u00e5 tilrettelegge s\u00e5 godt det lar seg gj\u00f8re slik at alle kan komme og nyte et opphold hos oss. Les mer her:\" \/>\n<meta property=\"og:url\" content=\"https:\/\/visitbo.no\/lifjell\/universell-utforming\/\" \/>\n<meta property=\"og:site_name\" content=\"Lifjell\" \/>\n<meta property=\"article:modified_time\" content=\"2024-01-16T14:43:56+00:00\" \/>\n<meta name=\"twitter:card\" content=\"summary_large_image\" \/>\n<meta name=\"twitter:label1\" content=\"Ansl. lesetid\" \/>\n\t<meta name=\"twitter:data1\" content=\"3 minutter\" \/>\n<script type=\"application\/ld+json\" class=\"yoast-schema-graph\">{\"@context\":\"https:\/\/schema.org\",\"@graph\":[{\"@type\":\"WebPage\",\"@id\":\"https:\/\/visitbo.no\/lifjell\/universell-utforming\/\",\"url\":\"https:\/\/visitbo.no\/lifjell\/universell-utforming\/\",\"name\":\"Universell Utforming - Lifjell\",\"isPartOf\":{\"@id\":\"https:\/\/visitbo.no\/lifjell\/#website\"},\"datePublished\":\"2021-06-17T09:54:54+00:00\",\"dateModified\":\"2024-01-16T14:43:56+00:00\",\"description\":\"P\u00e5 Lifjell pr\u00f8ver vi \u00e5 tilrettelegge s\u00e5 godt det lar seg gj\u00f8re slik at alle kan komme og nyte et opphold hos oss. Les mer her:\",\"breadcrumb\":{\"@id\":\"https:\/\/visitbo.no\/lifjell\/universell-utforming\/#breadcrumb\"},\"inLanguage\":\"nb-NO\",\"potentialAction\":[{\"@type\":\"ReadAction\",\"target\":[\"https:\/\/visitbo.no\/lifjell\/universell-utforming\/\"]}]},{\"@type\":\"BreadcrumbList\",\"@id\":\"https:\/\/visitbo.no\/lifjell\/universell-utforming\/#breadcrumb\",\"itemListElement\":[{\"@type\":\"ListItem\",\"position\":1,\"name\":\"Hjem\",\"item\":\"https:\/\/visitbo.no\/lifjell\/\"},{\"@type\":\"ListItem\",\"position\":2,\"name\":\"Universell Utforming\"}]},{\"@type\":\"WebSite\",\"@id\":\"https:\/\/visitbo.no\/lifjell\/#website\",\"url\":\"https:\/\/visitbo.no\/lifjell\/\",\"name\":\"Lifjell\",\"description\":\"One online experience - for everything your destination has to offer.\",\"potentialAction\":[{\"@type\":\"SearchAction\",\"target\":{\"@type\":\"EntryPoint\",\"urlTemplate\":\"https:\/\/visitbo.no\/lifjell\/?s={search_term_string}\"},\"query-input\":{\"@type\":\"PropertyValueSpecification\",\"valueRequired\":true,\"valueName\":\"search_term_string\"}}],\"inLanguage\":\"nb-NO\"}]}<\/script>\n<!-- \/ Yoast SEO plugin. -->","yoast_head_json":{"title":"Universell Utforming - Lifjell","description":"P\u00e5 Lifjell pr\u00f8ver vi \u00e5 tilrettelegge s\u00e5 godt det lar seg gj\u00f8re slik at alle kan komme og nyte et opphold hos oss. Les mer her:","robots":{"index":"index","follow":"follow","max-snippet":"max-snippet:-1","max-image-preview":"max-image-preview:large","max-video-preview":"max-video-preview:-1"},"canonical":"https:\/\/visitbo.no\/lifjell\/universell-utforming\/","og_locale":"nb_NO","og_type":"article","og_title":"Universell Utforming - Lifjell","og_description":"P\u00e5 Lifjell pr\u00f8ver vi \u00e5 tilrettelegge s\u00e5 godt det lar seg gj\u00f8re slik at alle kan komme og nyte et opphold hos oss. Les mer her:","og_url":"https:\/\/visitbo.no\/lifjell\/universell-utforming\/","og_site_name":"Lifjell","article_modified_time":"2024-01-16T14:43:56+00:00","twitter_card":"summary_large_image","twitter_misc":{"Ansl. lesetid":"3 minutter"},"schema":{"@context":"https:\/\/schema.org","@graph":[{"@type":"WebPage","@id":"https:\/\/visitbo.no\/lifjell\/universell-utforming\/","url":"https:\/\/visitbo.no\/lifjell\/universell-utforming\/","name":"Universell Utforming - Lifjell","isPartOf":{"@id":"https:\/\/visitbo.no\/lifjell\/#website"},"datePublished":"2021-06-17T09:54:54+00:00","dateModified":"2024-01-16T14:43:56+00:00","description":"P\u00e5 Lifjell pr\u00f8ver vi \u00e5 tilrettelegge s\u00e5 godt det lar seg gj\u00f8re slik at alle kan komme og nyte et opphold hos oss. Les mer her:","breadcrumb":{"@id":"https:\/\/visitbo.no\/lifjell\/universell-utforming\/#breadcrumb"},"inLanguage":"nb-NO","potentialAction":[{"@type":"ReadAction","target":["https:\/\/visitbo.no\/lifjell\/universell-utforming\/"]}]},{"@type":"BreadcrumbList","@id":"https:\/\/visitbo.no\/lifjell\/universell-utforming\/#breadcrumb","itemListElement":[{"@type":"ListItem","position":1,"name":"Hjem","item":"https:\/\/visitbo.no\/lifjell\/"},{"@type":"ListItem","position":2,"name":"Universell Utforming"}]},{"@type":"WebSite","@id":"https:\/\/visitbo.no\/lifjell\/#website","url":"https:\/\/visitbo.no\/lifjell\/","name":"Lifjell","description":"One online experience - for everything your destination has to offer.","potentialAction":[{"@type":"SearchAction","target":{"@type":"EntryPoint","urlTemplate":"https:\/\/visitbo.no\/lifjell\/?s={search_term_string}"},"query-input":{"@type":"PropertyValueSpecification","valueRequired":true,"valueName":"search_term_string"}}],"inLanguage":"nb-NO"}]}},"_links":{"self":[{"href":"https:\/\/visitbo.no\/lifjell\/wp-json\/wp\/v2\/pages\/8922","targetHints":{"allow":["GET"]}}],"collection":[{"href":"https:\/\/visitbo.no\/lifjell\/wp-json\/wp\/v2\/pages"}],"about":[{"href":"https:\/\/visitbo.no\/lifjell\/wp-json\/wp\/v2\/types\/page"}],"author":[{"embeddable":true,"href":"https:\/\/visitbo.no\/lifjell\/wp-json\/wp\/v2\/users\/44"}],"replies":[{"embeddable":true,"href":"https:\/\/visitbo.no\/lifjell\/wp-json\/wp\/v2\/comments?post=8922"}],"version-history":[{"count":11,"href":"https:\/\/visitbo.no\/lifjell\/wp-json\/wp\/v2\/pages\/8922\/revisions"}],"predecessor-version":[{"id":10426,"href":"https:\/\/visitbo.no\/lifjell\/wp-json\/wp\/v2\/pages\/8922\/revisions\/10426"}],"wp:attachment":[{"href":"https:\/\/visitbo.no\/lifjell\/wp-json\/wp\/v2\/media?parent=8922"}],"curies":[{"name":"wp","href":"https:\/\/api.w.org\/{rel}","templated":true}]}}