{"id":7913,"date":"2019-06-25T20:13:29","date_gmt":"2019-06-25T18:13:29","guid":{"rendered":"https:\/\/visitbo.no\/lifjellstua\/?page_id=7913"},"modified":"2026-03-20T13:58:56","modified_gmt":"2026-03-20T12:58:56","slug":"mat-og-drikke","status":"publish","type":"page","link":"https:\/\/visitbo.no\/lifjellstua\/mat-og-drikke\/","title":{"rendered":"Mat &amp; Drikke"},"content":{"rendered":"<div id=\"cs-content\" class=\"cs-content\"><\/div>\n","protected":false},"excerpt":{"rendered":"<p>Mat &amp; Drikke Lifjellstua holder \u00e5pent hver helg hele \u00e5ret, og alle skoleferier. Reserver gjerne bord p\u00e5 forh\u00e5nd for middag eller selskap. Velkommen til fjells!Restauranten p\u00e5 Lifjellstua er en sosial m\u00f8teplass for b\u00f8heringer, hyttenaboer og bes\u00f8kende. Vi er godt kjent i Telemark for v\u00e5rt gode kj\u00f8kken, personlige vertskap og v\u00e5re hjemmelaget frokostrundstykker. P\u00e5 dagen kan du f\u00e5 deg en god &#8230; <\/p>\n<div><a href=\"https:\/\/visitbo.no\/lifjellstua\/mat-og-drikke\/\" class=\"more-link\">Read More<\/a><\/div>\n","protected":false},"author":6,"featured_media":0,"parent":0,"menu_order":3,"comment_status":"closed","ping_status":"closed","template":"template-blank-4.php","meta":{"_relevanssi_hide_post":"","_relevanssi_hide_content":"","_relevanssi_pin_for_all":"","_relevanssi_pin_keywords":"","_relevanssi_unpin_keywords":"","_relevanssi_related_keywords":"","_relevanssi_related_include_ids":"","_relevanssi_related_exclude_ids":"","_relevanssi_related_no_append":"","_relevanssi_related_not_related":"","_relevanssi_related_posts":"","_relevanssi_noindex_reason":"","footnotes":""},"class_list":["post-7913","page","type-page","status-publish","hentry","no-post-thumbnail"],"yoast_head":"<!-- This site is optimized with the Yoast SEO plugin v27.2 - https:\/\/yoast.com\/product\/yoast-seo-wordpress\/ -->\n<title>Mat &amp; Drikke | Restaurant | Lunsj, middag og take away | Lifjellstua<\/title>\n<meta name=\"description\" content=\"Velkommen til restauranten p\u00e5 Lifjellstua, Lifjell! Vi er kjent for v\u00e5rt gode kj\u00f8kkken, personlige vertskap og deilige frokostrundstykker.\" \/>\n<meta name=\"robots\" content=\"index, follow, max-snippet:-1, max-image-preview:large, max-video-preview:-1\" \/>\n<link rel=\"canonical\" href=\"https:\/\/visitbo.no\/lifjellstua\/mat-og-drikke\/\" \/>\n<meta property=\"og:locale\" content=\"nb_NO\" \/>\n<meta property=\"og:type\" content=\"article\" \/>\n<meta property=\"og:title\" content=\"Mat &amp; Drikke | Restaurant | Lunsj, middag og take away | Lifjellstua\" \/>\n<meta property=\"og:description\" content=\"Velkommen til restauranten p\u00e5 Lifjellstua, Lifjell! Vi er kjent for v\u00e5rt gode kj\u00f8kkken, personlige vertskap og deilige frokostrundstykker.\" \/>\n<meta property=\"og:url\" content=\"https:\/\/visitbo.no\/lifjellstua\/mat-og-drikke\/\" \/>\n<meta property=\"og:site_name\" content=\"Lifjellstua\" \/>\n<meta property=\"article:modified_time\" content=\"2026-03-20T12:58:56+00:00\" \/>\n<meta name=\"twitter:card\" content=\"summary_large_image\" \/>\n<meta name=\"twitter:label1\" content=\"Ansl. lesetid\" \/>\n\t<meta name=\"twitter:data1\" content=\"4 minutter\" \/>\n<script type=\"application\/ld+json\" class=\"yoast-schema-graph\">{\"@context\":\"https:\/\/schema.org\",\"@graph\":[{\"@type\":\"WebPage\",\"@id\":\"https:\/\/visitbo.no\/lifjellstua\/mat-og-drikke\/\",\"url\":\"https:\/\/visitbo.no\/lifjellstua\/mat-og-drikke\/\",\"name\":\"Mat &amp; Drikke | Restaurant | Lunsj, middag og take away | Lifjellstua\",\"isPartOf\":{\"@id\":\"https:\/\/visitbo.no\/lifjellstua\/#website\"},\"datePublished\":\"2019-06-25T18:13:29+00:00\",\"dateModified\":\"2026-03-20T12:58:56+00:00\",\"description\":\"Velkommen til restauranten p\u00e5 Lifjellstua, Lifjell! Vi er kjent for v\u00e5rt gode kj\u00f8kkken, personlige vertskap og deilige frokostrundstykker.\",\"breadcrumb\":{\"@id\":\"https:\/\/visitbo.no\/lifjellstua\/mat-og-drikke\/#breadcrumb\"},\"inLanguage\":\"nb-NO\",\"potentialAction\":[{\"@type\":\"ReadAction\",\"target\":[\"https:\/\/visitbo.no\/lifjellstua\/mat-og-drikke\/\"]}]},{\"@type\":\"BreadcrumbList\",\"@id\":\"https:\/\/visitbo.no\/lifjellstua\/mat-og-drikke\/#breadcrumb\",\"itemListElement\":[{\"@type\":\"ListItem\",\"position\":1,\"name\":\"Hjem\",\"item\":\"https:\/\/visitbo.no\/lifjellstua\/\"},{\"@type\":\"ListItem\",\"position\":2,\"name\":\"Mat &amp; Drikke\"}]},{\"@type\":\"WebSite\",\"@id\":\"https:\/\/visitbo.no\/lifjellstua\/#website\",\"url\":\"https:\/\/visitbo.no\/lifjellstua\/\",\"name\":\"Lifjellstua\",\"description\":\"One online experience - for everything your destination has to offer.\",\"potentialAction\":[{\"@type\":\"SearchAction\",\"target\":{\"@type\":\"EntryPoint\",\"urlTemplate\":\"https:\/\/visitbo.no\/lifjellstua\/?s={search_term_string}\"},\"query-input\":{\"@type\":\"PropertyValueSpecification\",\"valueRequired\":true,\"valueName\":\"search_term_string\"}}],\"inLanguage\":\"nb-NO\"}]}<\/script>\n<!-- \/ Yoast SEO plugin. -->","yoast_head_json":{"title":"Mat &amp; Drikke | Restaurant | Lunsj, middag og take away | Lifjellstua","description":"Velkommen til restauranten p\u00e5 Lifjellstua, Lifjell! Vi er kjent for v\u00e5rt gode kj\u00f8kkken, personlige vertskap og deilige frokostrundstykker.","robots":{"index":"index","follow":"follow","max-snippet":"max-snippet:-1","max-image-preview":"max-image-preview:large","max-video-preview":"max-video-preview:-1"},"canonical":"https:\/\/visitbo.no\/lifjellstua\/mat-og-drikke\/","og_locale":"nb_NO","og_type":"article","og_title":"Mat &amp; Drikke | Restaurant | Lunsj, middag og take away | Lifjellstua","og_description":"Velkommen til restauranten p\u00e5 Lifjellstua, Lifjell! Vi er kjent for v\u00e5rt gode kj\u00f8kkken, personlige vertskap og deilige frokostrundstykker.","og_url":"https:\/\/visitbo.no\/lifjellstua\/mat-og-drikke\/","og_site_name":"Lifjellstua","article_modified_time":"2026-03-20T12:58:56+00:00","twitter_card":"summary_large_image","twitter_misc":{"Ansl. lesetid":"4 minutter"},"schema":{"@context":"https:\/\/schema.org","@graph":[{"@type":"WebPage","@id":"https:\/\/visitbo.no\/lifjellstua\/mat-og-drikke\/","url":"https:\/\/visitbo.no\/lifjellstua\/mat-og-drikke\/","name":"Mat &amp; Drikke | Restaurant | Lunsj, middag og take away | Lifjellstua","isPartOf":{"@id":"https:\/\/visitbo.no\/lifjellstua\/#website"},"datePublished":"2019-06-25T18:13:29+00:00","dateModified":"2026-03-20T12:58:56+00:00","description":"Velkommen til restauranten p\u00e5 Lifjellstua, Lifjell! Vi er kjent for v\u00e5rt gode kj\u00f8kkken, personlige vertskap og deilige frokostrundstykker.","breadcrumb":{"@id":"https:\/\/visitbo.no\/lifjellstua\/mat-og-drikke\/#breadcrumb"},"inLanguage":"nb-NO","potentialAction":[{"@type":"ReadAction","target":["https:\/\/visitbo.no\/lifjellstua\/mat-og-drikke\/"]}]},{"@type":"BreadcrumbList","@id":"https:\/\/visitbo.no\/lifjellstua\/mat-og-drikke\/#breadcrumb","itemListElement":[{"@type":"ListItem","position":1,"name":"Hjem","item":"https:\/\/visitbo.no\/lifjellstua\/"},{"@type":"ListItem","position":2,"name":"Mat &amp; Drikke"}]},{"@type":"WebSite","@id":"https:\/\/visitbo.no\/lifjellstua\/#website","url":"https:\/\/visitbo.no\/lifjellstua\/","name":"Lifjellstua","description":"One online experience - for everything your destination has to offer.","potentialAction":[{"@type":"SearchAction","target":{"@type":"EntryPoint","urlTemplate":"https:\/\/visitbo.no\/lifjellstua\/?s={search_term_string}"},"query-input":{"@type":"PropertyValueSpecification","valueRequired":true,"valueName":"search_term_string"}}],"inLanguage":"nb-NO"}]}},"_links":{"self":[{"href":"https:\/\/visitbo.no\/lifjellstua\/wp-json\/wp\/v2\/pages\/7913","targetHints":{"allow":["GET"]}}],"collection":[{"href":"https:\/\/visitbo.no\/lifjellstua\/wp-json\/wp\/v2\/pages"}],"about":[{"href":"https:\/\/visitbo.no\/lifjellstua\/wp-json\/wp\/v2\/types\/page"}],"author":[{"embeddable":true,"href":"https:\/\/visitbo.no\/lifjellstua\/wp-json\/wp\/v2\/users\/6"}],"replies":[{"embeddable":true,"href":"https:\/\/visitbo.no\/lifjellstua\/wp-json\/wp\/v2\/comments?post=7913"}],"version-history":[{"count":68,"href":"https:\/\/visitbo.no\/lifjellstua\/wp-json\/wp\/v2\/pages\/7913\/revisions"}],"predecessor-version":[{"id":9545,"href":"https:\/\/visitbo.no\/lifjellstua\/wp-json\/wp\/v2\/pages\/7913\/revisions\/9545"}],"wp:attachment":[{"href":"https:\/\/visitbo.no\/lifjellstua\/wp-json\/wp\/v2\/media?parent=7913"}],"curies":[{"name":"wp","href":"https:\/\/api.w.org\/{rel}","templated":true}]}}