{"id":8095,"date":"2019-12-15T17:30:29","date_gmt":"2019-12-15T16:30:29","guid":{"rendered":"https:\/\/visitbo.no\/lifjellstua\/?page_id=8095"},"modified":"2026-01-09T20:41:45","modified_gmt":"2026-01-09T19:41:45","slug":"meny","status":"publish","type":"page","link":"https:\/\/visitbo.no\/lifjellstua\/mat-og-drikke\/meny\/","title":{"rendered":"Meny"},"content":{"rendered":"<div id=\"cs-content\" class=\"cs-content\"><\/div>\n","protected":false},"excerpt":{"rendered":"<p>&nbsp;Menyen vil variere etter sesong. Forretter L\u00f8ksuppe | kr 158,- Allergener; 1a, 1c, 1d, 1g, 7, 11, 12 Spekeskinke | kr 198,- med frukt, balsamico og aioli. Serveres med Skreppa flatbr\u00f8d. Allergener; 1a, 1b, 1d, 3, 7, 12 Ovnsbakt chevre | kr 198,- med salat, frukt, balsamico, lys sirup, tomat og br\u00f8d Allergener; 1a, 1b, 1c, 1d, 1g, 7, 12 &#8230; <\/p>\n<div><a href=\"https:\/\/visitbo.no\/lifjellstua\/mat-og-drikke\/meny\/\" class=\"more-link\">Read More<\/a><\/div>\n","protected":false},"author":23,"featured_media":0,"parent":7913,"menu_order":3,"comment_status":"closed","ping_status":"closed","template":"","meta":{"_relevanssi_hide_post":"","_relevanssi_hide_content":"","_relevanssi_pin_for_all":"","_relevanssi_pin_keywords":"","_relevanssi_unpin_keywords":"","_relevanssi_related_keywords":"","_relevanssi_related_include_ids":"","_relevanssi_related_exclude_ids":"","_relevanssi_related_no_append":"","_relevanssi_related_not_related":"","_relevanssi_related_posts":"","_relevanssi_noindex_reason":"","footnotes":""},"class_list":["post-8095","page","type-page","status-publish","hentry","no-post-thumbnail"],"yoast_head":"<!-- This site is optimized with the Yoast SEO plugin v27.2 - https:\/\/yoast.com\/product\/yoast-seo-wordpress\/ -->\n<title>Meny - Lifjellstua<\/title>\n<meta name=\"description\" content=\"P\u00e5 Lifjellstua sin Meny finner du b\u00e5de fisk, vegetar og kj\u00f8ttretter. Menyen variere etter sesong. Lifjelllstua er kjent for sitt gode kj\u00f8kken.\" \/>\n<meta name=\"robots\" content=\"index, follow, max-snippet:-1, max-image-preview:large, max-video-preview:-1\" \/>\n<link rel=\"canonical\" href=\"https:\/\/visitbo.no\/lifjellstua\/mat-og-drikke\/meny\/\" \/>\n<meta property=\"og:locale\" content=\"nb_NO\" \/>\n<meta property=\"og:type\" content=\"article\" \/>\n<meta property=\"og:title\" content=\"Meny - Lifjellstua\" \/>\n<meta property=\"og:description\" content=\"P\u00e5 Lifjellstua sin Meny finner du b\u00e5de fisk, vegetar og kj\u00f8ttretter. Menyen variere etter sesong. Lifjelllstua er kjent for sitt gode kj\u00f8kken.\" \/>\n<meta property=\"og:url\" content=\"https:\/\/visitbo.no\/lifjellstua\/mat-og-drikke\/meny\/\" \/>\n<meta property=\"og:site_name\" content=\"Lifjellstua\" \/>\n<meta property=\"article:modified_time\" content=\"2026-01-09T19:41:45+00:00\" \/>\n<meta name=\"twitter:card\" content=\"summary_large_image\" \/>\n<meta name=\"twitter:label1\" content=\"Ansl. lesetid\" \/>\n\t<meta name=\"twitter:data1\" content=\"4 minutter\" \/>\n<script type=\"application\/ld+json\" class=\"yoast-schema-graph\">{\"@context\":\"https:\/\/schema.org\",\"@graph\":[{\"@type\":\"WebPage\",\"@id\":\"https:\/\/visitbo.no\/lifjellstua\/mat-og-drikke\/meny\/\",\"url\":\"https:\/\/visitbo.no\/lifjellstua\/mat-og-drikke\/meny\/\",\"name\":\"Meny - Lifjellstua\",\"isPartOf\":{\"@id\":\"https:\/\/visitbo.no\/lifjellstua\/#website\"},\"datePublished\":\"2019-12-15T16:30:29+00:00\",\"dateModified\":\"2026-01-09T19:41:45+00:00\",\"description\":\"P\u00e5 Lifjellstua sin Meny finner du b\u00e5de fisk, vegetar og kj\u00f8ttretter. Menyen variere etter sesong. Lifjelllstua er kjent for sitt gode kj\u00f8kken.\",\"breadcrumb\":{\"@id\":\"https:\/\/visitbo.no\/lifjellstua\/mat-og-drikke\/meny\/#breadcrumb\"},\"inLanguage\":\"nb-NO\",\"potentialAction\":[{\"@type\":\"ReadAction\",\"target\":[\"https:\/\/visitbo.no\/lifjellstua\/mat-og-drikke\/meny\/\"]}]},{\"@type\":\"BreadcrumbList\",\"@id\":\"https:\/\/visitbo.no\/lifjellstua\/mat-og-drikke\/meny\/#breadcrumb\",\"itemListElement\":[{\"@type\":\"ListItem\",\"position\":1,\"name\":\"Hjem\",\"item\":\"https:\/\/visitbo.no\/lifjellstua\/\"},{\"@type\":\"ListItem\",\"position\":2,\"name\":\"Mat &amp; Drikke\",\"item\":\"https:\/\/visitbo.no\/lifjellstua\/mat-og-drikke\/\"},{\"@type\":\"ListItem\",\"position\":3,\"name\":\"Meny\"}]},{\"@type\":\"WebSite\",\"@id\":\"https:\/\/visitbo.no\/lifjellstua\/#website\",\"url\":\"https:\/\/visitbo.no\/lifjellstua\/\",\"name\":\"Lifjellstua\",\"description\":\"One online experience - for everything your destination has to offer.\",\"potentialAction\":[{\"@type\":\"SearchAction\",\"target\":{\"@type\":\"EntryPoint\",\"urlTemplate\":\"https:\/\/visitbo.no\/lifjellstua\/?s={search_term_string}\"},\"query-input\":{\"@type\":\"PropertyValueSpecification\",\"valueRequired\":true,\"valueName\":\"search_term_string\"}}],\"inLanguage\":\"nb-NO\"}]}<\/script>\n<!-- \/ Yoast SEO plugin. -->","yoast_head_json":{"title":"Meny - Lifjellstua","description":"P\u00e5 Lifjellstua sin Meny finner du b\u00e5de fisk, vegetar og kj\u00f8ttretter. Menyen variere etter sesong. Lifjelllstua er kjent for sitt gode kj\u00f8kken.","robots":{"index":"index","follow":"follow","max-snippet":"max-snippet:-1","max-image-preview":"max-image-preview:large","max-video-preview":"max-video-preview:-1"},"canonical":"https:\/\/visitbo.no\/lifjellstua\/mat-og-drikke\/meny\/","og_locale":"nb_NO","og_type":"article","og_title":"Meny - Lifjellstua","og_description":"P\u00e5 Lifjellstua sin Meny finner du b\u00e5de fisk, vegetar og kj\u00f8ttretter. Menyen variere etter sesong. Lifjelllstua er kjent for sitt gode kj\u00f8kken.","og_url":"https:\/\/visitbo.no\/lifjellstua\/mat-og-drikke\/meny\/","og_site_name":"Lifjellstua","article_modified_time":"2026-01-09T19:41:45+00:00","twitter_card":"summary_large_image","twitter_misc":{"Ansl. lesetid":"4 minutter"},"schema":{"@context":"https:\/\/schema.org","@graph":[{"@type":"WebPage","@id":"https:\/\/visitbo.no\/lifjellstua\/mat-og-drikke\/meny\/","url":"https:\/\/visitbo.no\/lifjellstua\/mat-og-drikke\/meny\/","name":"Meny - Lifjellstua","isPartOf":{"@id":"https:\/\/visitbo.no\/lifjellstua\/#website"},"datePublished":"2019-12-15T16:30:29+00:00","dateModified":"2026-01-09T19:41:45+00:00","description":"P\u00e5 Lifjellstua sin Meny finner du b\u00e5de fisk, vegetar og kj\u00f8ttretter. Menyen variere etter sesong. Lifjelllstua er kjent for sitt gode kj\u00f8kken.","breadcrumb":{"@id":"https:\/\/visitbo.no\/lifjellstua\/mat-og-drikke\/meny\/#breadcrumb"},"inLanguage":"nb-NO","potentialAction":[{"@type":"ReadAction","target":["https:\/\/visitbo.no\/lifjellstua\/mat-og-drikke\/meny\/"]}]},{"@type":"BreadcrumbList","@id":"https:\/\/visitbo.no\/lifjellstua\/mat-og-drikke\/meny\/#breadcrumb","itemListElement":[{"@type":"ListItem","position":1,"name":"Hjem","item":"https:\/\/visitbo.no\/lifjellstua\/"},{"@type":"ListItem","position":2,"name":"Mat &amp; Drikke","item":"https:\/\/visitbo.no\/lifjellstua\/mat-og-drikke\/"},{"@type":"ListItem","position":3,"name":"Meny"}]},{"@type":"WebSite","@id":"https:\/\/visitbo.no\/lifjellstua\/#website","url":"https:\/\/visitbo.no\/lifjellstua\/","name":"Lifjellstua","description":"One online experience - for everything your destination has to offer.","potentialAction":[{"@type":"SearchAction","target":{"@type":"EntryPoint","urlTemplate":"https:\/\/visitbo.no\/lifjellstua\/?s={search_term_string}"},"query-input":{"@type":"PropertyValueSpecification","valueRequired":true,"valueName":"search_term_string"}}],"inLanguage":"nb-NO"}]}},"_links":{"self":[{"href":"https:\/\/visitbo.no\/lifjellstua\/wp-json\/wp\/v2\/pages\/8095","targetHints":{"allow":["GET"]}}],"collection":[{"href":"https:\/\/visitbo.no\/lifjellstua\/wp-json\/wp\/v2\/pages"}],"about":[{"href":"https:\/\/visitbo.no\/lifjellstua\/wp-json\/wp\/v2\/types\/page"}],"author":[{"embeddable":true,"href":"https:\/\/visitbo.no\/lifjellstua\/wp-json\/wp\/v2\/users\/23"}],"replies":[{"embeddable":true,"href":"https:\/\/visitbo.no\/lifjellstua\/wp-json\/wp\/v2\/comments?post=8095"}],"version-history":[{"count":153,"href":"https:\/\/visitbo.no\/lifjellstua\/wp-json\/wp\/v2\/pages\/8095\/revisions"}],"predecessor-version":[{"id":9519,"href":"https:\/\/visitbo.no\/lifjellstua\/wp-json\/wp\/v2\/pages\/8095\/revisions\/9519"}],"up":[{"embeddable":true,"href":"https:\/\/visitbo.no\/lifjellstua\/wp-json\/wp\/v2\/pages\/7913"}],"wp:attachment":[{"href":"https:\/\/visitbo.no\/lifjellstua\/wp-json\/wp\/v2\/media?parent=8095"}],"curies":[{"name":"wp","href":"https:\/\/api.w.org\/{rel}","templated":true}]}}