{"id":493,"date":"2017-10-12T20:47:30","date_gmt":"2017-10-12T18:47:30","guid":{"rendered":"https:\/\/visitbo.no\/turridning\/?page_id=493"},"modified":"2025-05-23T00:30:47","modified_gmt":"2025-05-22T22:30:47","slug":"aktiviteter","status":"publish","type":"page","link":"https:\/\/visitbo.no\/norsjokabelpark\/aktiviteter\/","title":{"rendered":"\u00c5pningstider"},"content":{"rendered":"<div id=\"cs-content\" class=\"cs-content\"><\/div>\n","protected":false},"excerpt":{"rendered":"<p>&Aring;pningstider &Aring;pningstider for Norsj&oslash; Kabelparke&nbsp; N&aring;r kan du komme og bes&oslash;ke oss i 2025, vi har f&oslash;lgende ordin&aelig;re &aring;pningstider under, men tar alltid i mot grupper utover disse tider, og kj&oslash;rer blant annet kurs i h&oslash;ysesong f&oslash;r ordni&aelig;re &aring;pningstider.&nbsp; 10. Mai &ndash; 15 Juni L&oslash;rdag &amp; S&oslash;ndag 12.00 &ndash; 16.00 20. juni &ndash; 10. augmandag &ndash; s&oslash;ndag kl. 12:00-17:00 &nbsp; &#8230; <\/p>\n<div><a href=\"https:\/\/visitbo.no\/norsjokabelpark\/aktiviteter\/\" class=\"more-link\">Read More<\/a><\/div>\n","protected":false},"author":1,"featured_media":10139,"parent":0,"menu_order":3,"comment_status":"closed","ping_status":"closed","template":"template-blank-4.php","meta":{"_relevanssi_hide_post":"","_relevanssi_hide_content":"","_relevanssi_pin_for_all":"","_relevanssi_pin_keywords":"","_relevanssi_unpin_keywords":"","_relevanssi_related_keywords":"","_relevanssi_related_include_ids":"","_relevanssi_related_exclude_ids":"","_relevanssi_related_no_append":"","_relevanssi_related_not_related":"","_relevanssi_related_posts":"","_relevanssi_noindex_reason":"","footnotes":""},"class_list":["post-493","page","type-page","status-publish","has-post-thumbnail","hentry"],"yoast_head":"<!-- This site is optimized with the Yoast SEO plugin v27.2 - https:\/\/yoast.com\/product\/yoast-seo-wordpress\/ -->\n<title>\u00c5pningstider - Norsj\u00f8 Kabelpark<\/title>\n<meta name=\"description\" content=\"Hva er \u00e5pningstidene for Norsj\u00f8 Kabelpark 2025? \u00c5pent i helger mai\u2013juni, daglig i sommerferien, og helger igjen mot h\u00f8sten. Egne datoer for mesterskap.\" \/>\n<meta name=\"robots\" content=\"index, follow, max-snippet:-1, max-image-preview:large, max-video-preview:-1\" \/>\n<link rel=\"canonical\" href=\"https:\/\/visitbo.no\/norsjokabelpark\/aktiviteter\/\" \/>\n<meta property=\"og:locale\" content=\"nb_NO\" \/>\n<meta property=\"og:type\" content=\"article\" \/>\n<meta property=\"og:title\" content=\"\u00c5pningstider - Norsj\u00f8 Kabelpark\" \/>\n<meta property=\"og:description\" content=\"Hva er \u00e5pningstidene for Norsj\u00f8 Kabelpark 2025? \u00c5pent i helger mai\u2013juni, daglig i sommerferien, og helger igjen mot h\u00f8sten. Egne datoer for mesterskap.\" \/>\n<meta property=\"og:url\" content=\"https:\/\/visitbo.no\/norsjokabelpark\/aktiviteter\/\" \/>\n<meta property=\"og:site_name\" content=\"Norsj\u00f8 Kabelpark\" \/>\n<meta property=\"article:modified_time\" content=\"2025-05-22T22:30:47+00:00\" \/>\n<meta property=\"og:image\" content=\"https:\/\/visitbo.no\/norsjokabelpark\/wp-content\/uploads\/sites\/90\/2025\/05\/komprimert_bilde.jpeg\" \/>\n\t<meta property=\"og:image:width\" content=\"1536\" \/>\n\t<meta property=\"og:image:height\" content=\"2048\" \/>\n\t<meta property=\"og:image:type\" content=\"image\/jpeg\" \/>\n<meta name=\"twitter:card\" content=\"summary_large_image\" \/>\n<meta name=\"twitter:label1\" content=\"Ansl. lesetid\" \/>\n\t<meta name=\"twitter:data1\" content=\"2 minutter\" \/>\n<script type=\"application\/ld+json\" class=\"yoast-schema-graph\">{\"@context\":\"https:\/\/schema.org\",\"@graph\":[{\"@type\":\"WebPage\",\"@id\":\"https:\/\/visitbo.no\/norsjokabelpark\/aktiviteter\/\",\"url\":\"https:\/\/visitbo.no\/norsjokabelpark\/aktiviteter\/\",\"name\":\"\u00c5pningstider - Norsj\u00f8 Kabelpark\",\"isPartOf\":{\"@id\":\"https:\/\/visitbo.no\/norsjokabelpark\/#website\"},\"primaryImageOfPage\":{\"@id\":\"https:\/\/visitbo.no\/norsjokabelpark\/aktiviteter\/#primaryimage\"},\"image\":{\"@id\":\"https:\/\/visitbo.no\/norsjokabelpark\/aktiviteter\/#primaryimage\"},\"thumbnailUrl\":\"https:\/\/visitbo.no\/norsjokabelpark\/wp-content\/uploads\/sites\/90\/2025\/05\/komprimert_bilde.jpeg\",\"datePublished\":\"2017-10-12T18:47:30+00:00\",\"dateModified\":\"2025-05-22T22:30:47+00:00\",\"description\":\"Hva er \u00e5pningstidene for Norsj\u00f8 Kabelpark 2025? \u00c5pent i helger mai\u2013juni, daglig i sommerferien, og helger igjen mot h\u00f8sten. Egne datoer for mesterskap.\",\"breadcrumb\":{\"@id\":\"https:\/\/visitbo.no\/norsjokabelpark\/aktiviteter\/#breadcrumb\"},\"inLanguage\":\"nb-NO\",\"potentialAction\":[{\"@type\":\"ReadAction\",\"target\":[\"https:\/\/visitbo.no\/norsjokabelpark\/aktiviteter\/\"]}]},{\"@type\":\"ImageObject\",\"inLanguage\":\"nb-NO\",\"@id\":\"https:\/\/visitbo.no\/norsjokabelpark\/aktiviteter\/#primaryimage\",\"url\":\"https:\/\/visitbo.no\/norsjokabelpark\/wp-content\/uploads\/sites\/90\/2025\/05\/komprimert_bilde.jpeg\",\"contentUrl\":\"https:\/\/visitbo.no\/norsjokabelpark\/wp-content\/uploads\/sites\/90\/2025\/05\/komprimert_bilde.jpeg\",\"width\":1536,\"height\":2048},{\"@type\":\"BreadcrumbList\",\"@id\":\"https:\/\/visitbo.no\/norsjokabelpark\/aktiviteter\/#breadcrumb\",\"itemListElement\":[{\"@type\":\"ListItem\",\"position\":1,\"name\":\"Hjem\",\"item\":\"https:\/\/visitbo.no\/norsjokabelpark\/\"},{\"@type\":\"ListItem\",\"position\":2,\"name\":\"\u00c5pningstider\"}]},{\"@type\":\"WebSite\",\"@id\":\"https:\/\/visitbo.no\/norsjokabelpark\/#website\",\"url\":\"https:\/\/visitbo.no\/norsjokabelpark\/\",\"name\":\"Norsj\u00f8 Kabelpark\",\"description\":\"Norges r\u00e5este kabelpark!\",\"potentialAction\":[{\"@type\":\"SearchAction\",\"target\":{\"@type\":\"EntryPoint\",\"urlTemplate\":\"https:\/\/visitbo.no\/norsjokabelpark\/?s={search_term_string}\"},\"query-input\":{\"@type\":\"PropertyValueSpecification\",\"valueRequired\":true,\"valueName\":\"search_term_string\"}}],\"inLanguage\":\"nb-NO\"}]}<\/script>\n<!-- \/ Yoast SEO plugin. -->","yoast_head_json":{"title":"\u00c5pningstider - Norsj\u00f8 Kabelpark","description":"Hva er \u00e5pningstidene for Norsj\u00f8 Kabelpark 2025? \u00c5pent i helger mai\u2013juni, daglig i sommerferien, og helger igjen mot h\u00f8sten. Egne datoer for mesterskap.","robots":{"index":"index","follow":"follow","max-snippet":"max-snippet:-1","max-image-preview":"max-image-preview:large","max-video-preview":"max-video-preview:-1"},"canonical":"https:\/\/visitbo.no\/norsjokabelpark\/aktiviteter\/","og_locale":"nb_NO","og_type":"article","og_title":"\u00c5pningstider - Norsj\u00f8 Kabelpark","og_description":"Hva er \u00e5pningstidene for Norsj\u00f8 Kabelpark 2025? \u00c5pent i helger mai\u2013juni, daglig i sommerferien, og helger igjen mot h\u00f8sten. Egne datoer for mesterskap.","og_url":"https:\/\/visitbo.no\/norsjokabelpark\/aktiviteter\/","og_site_name":"Norsj\u00f8 Kabelpark","article_modified_time":"2025-05-22T22:30:47+00:00","og_image":[{"width":1536,"height":2048,"url":"https:\/\/visitbo.no\/norsjokabelpark\/wp-content\/uploads\/sites\/90\/2025\/05\/komprimert_bilde.jpeg","type":"image\/jpeg"}],"twitter_card":"summary_large_image","twitter_misc":{"Ansl. lesetid":"2 minutter"},"schema":{"@context":"https:\/\/schema.org","@graph":[{"@type":"WebPage","@id":"https:\/\/visitbo.no\/norsjokabelpark\/aktiviteter\/","url":"https:\/\/visitbo.no\/norsjokabelpark\/aktiviteter\/","name":"\u00c5pningstider - Norsj\u00f8 Kabelpark","isPartOf":{"@id":"https:\/\/visitbo.no\/norsjokabelpark\/#website"},"primaryImageOfPage":{"@id":"https:\/\/visitbo.no\/norsjokabelpark\/aktiviteter\/#primaryimage"},"image":{"@id":"https:\/\/visitbo.no\/norsjokabelpark\/aktiviteter\/#primaryimage"},"thumbnailUrl":"https:\/\/visitbo.no\/norsjokabelpark\/wp-content\/uploads\/sites\/90\/2025\/05\/komprimert_bilde.jpeg","datePublished":"2017-10-12T18:47:30+00:00","dateModified":"2025-05-22T22:30:47+00:00","description":"Hva er \u00e5pningstidene for Norsj\u00f8 Kabelpark 2025? \u00c5pent i helger mai\u2013juni, daglig i sommerferien, og helger igjen mot h\u00f8sten. Egne datoer for mesterskap.","breadcrumb":{"@id":"https:\/\/visitbo.no\/norsjokabelpark\/aktiviteter\/#breadcrumb"},"inLanguage":"nb-NO","potentialAction":[{"@type":"ReadAction","target":["https:\/\/visitbo.no\/norsjokabelpark\/aktiviteter\/"]}]},{"@type":"ImageObject","inLanguage":"nb-NO","@id":"https:\/\/visitbo.no\/norsjokabelpark\/aktiviteter\/#primaryimage","url":"https:\/\/visitbo.no\/norsjokabelpark\/wp-content\/uploads\/sites\/90\/2025\/05\/komprimert_bilde.jpeg","contentUrl":"https:\/\/visitbo.no\/norsjokabelpark\/wp-content\/uploads\/sites\/90\/2025\/05\/komprimert_bilde.jpeg","width":1536,"height":2048},{"@type":"BreadcrumbList","@id":"https:\/\/visitbo.no\/norsjokabelpark\/aktiviteter\/#breadcrumb","itemListElement":[{"@type":"ListItem","position":1,"name":"Hjem","item":"https:\/\/visitbo.no\/norsjokabelpark\/"},{"@type":"ListItem","position":2,"name":"\u00c5pningstider"}]},{"@type":"WebSite","@id":"https:\/\/visitbo.no\/norsjokabelpark\/#website","url":"https:\/\/visitbo.no\/norsjokabelpark\/","name":"Norsj\u00f8 Kabelpark","description":"Norges r\u00e5este kabelpark!","potentialAction":[{"@type":"SearchAction","target":{"@type":"EntryPoint","urlTemplate":"https:\/\/visitbo.no\/norsjokabelpark\/?s={search_term_string}"},"query-input":{"@type":"PropertyValueSpecification","valueRequired":true,"valueName":"search_term_string"}}],"inLanguage":"nb-NO"}]}},"_links":{"self":[{"href":"https:\/\/visitbo.no\/norsjokabelpark\/wp-json\/wp\/v2\/pages\/493","targetHints":{"allow":["GET"]}}],"collection":[{"href":"https:\/\/visitbo.no\/norsjokabelpark\/wp-json\/wp\/v2\/pages"}],"about":[{"href":"https:\/\/visitbo.no\/norsjokabelpark\/wp-json\/wp\/v2\/types\/page"}],"author":[{"embeddable":true,"href":"https:\/\/visitbo.no\/norsjokabelpark\/wp-json\/wp\/v2\/users\/1"}],"replies":[{"embeddable":true,"href":"https:\/\/visitbo.no\/norsjokabelpark\/wp-json\/wp\/v2\/comments?post=493"}],"version-history":[{"count":172,"href":"https:\/\/visitbo.no\/norsjokabelpark\/wp-json\/wp\/v2\/pages\/493\/revisions"}],"predecessor-version":[{"id":10143,"href":"https:\/\/visitbo.no\/norsjokabelpark\/wp-json\/wp\/v2\/pages\/493\/revisions\/10143"}],"wp:featuredmedia":[{"embeddable":true,"href":"https:\/\/visitbo.no\/norsjokabelpark\/wp-json\/wp\/v2\/media\/10139"}],"wp:attachment":[{"href":"https:\/\/visitbo.no\/norsjokabelpark\/wp-json\/wp\/v2\/media?parent=493"}],"curies":[{"name":"wp","href":"https:\/\/api.w.org\/{rel}","templated":true}]}}