{"id":2,"date":"2012-04-11T16:34:42","date_gmt":"2012-04-11T14:34:42","guid":{"rendered":"https:\/\/tonto.wp.oppdateringsfabrikken.no\/?page_id=2"},"modified":"2024-08-07T12:22:42","modified_gmt":"2024-08-07T10:22:42","slug":"forside","status":"publish","type":"page","link":"https:\/\/visitbo.no\/provence-restaurant\/","title":{"rendered":"Provence Restaurant"},"content":{"rendered":"<div id=\"cs-content\" class=\"cs-content\"><\/div>\n","protected":false},"excerpt":{"rendered":"<p>Provence Restaurant Franskinspirert restaurant i B\u00f8 sentrumMidt i hjertet av B\u00f8 i Telemark finner du restauranten Provence. Her finner du franskinspirerte retter i store og smakfulle porsjoner. Vi kutter ingen hj\u00f8rner n\u00e5r det kommer til kvalitet p\u00e5 mat eller service. Menyen byttes ut jevnlig slik at du alltid har muligheten til en ny og spennende matopplevelse. Vi samarbeider med flere &#8230; <\/p>\n<div><a href=\"https:\/\/visitbo.no\/provence-restaurant\/\" class=\"more-link\">Read More<\/a><\/div>\n","protected":false},"author":1,"featured_media":0,"parent":0,"menu_order":0,"comment_status":"closed","ping_status":"closed","template":"template-blank-4.php","meta":{"_relevanssi_hide_post":"","_relevanssi_hide_content":"","_relevanssi_pin_for_all":"","_relevanssi_pin_keywords":"","_relevanssi_unpin_keywords":"","_relevanssi_related_keywords":"","_relevanssi_related_include_ids":"","_relevanssi_related_exclude_ids":"","_relevanssi_related_no_append":"","_relevanssi_related_not_related":"","_relevanssi_related_posts":"","_relevanssi_noindex_reason":"","footnotes":""},"class_list":["post-2","page","type-page","status-publish","hentry","no-post-thumbnail"],"yoast_head":"<!-- This site is optimized with the Yoast SEO plugin v27.2 - https:\/\/yoast.com\/product\/yoast-seo-wordpress\/ -->\n<title>Provence Restaurant - Franskinspirert restaurant i B\u00f8 i Telemark<\/title>\n<meta name=\"description\" content=\"Midt i hjertet av B\u00f8 i Telemark finner du restauranten Provence. Her finner du franskinspirerte matretter i store og smakfulle porsjoner.\" \/>\n<meta name=\"robots\" content=\"index, follow, max-snippet:-1, max-image-preview:large, max-video-preview:-1\" \/>\n<link rel=\"canonical\" href=\"https:\/\/visitbo.no\/provence-restaurant\/\" \/>\n<meta property=\"og:locale\" content=\"nb_NO\" \/>\n<meta property=\"og:type\" content=\"article\" \/>\n<meta property=\"og:title\" content=\"Provence Restaurant - Franskinspirert restaurant i B\u00f8 i Telemark\" \/>\n<meta property=\"og:description\" content=\"Midt i hjertet av B\u00f8 i Telemark finner du restauranten Provence. Her finner du franskinspirerte matretter i store og smakfulle porsjoner.\" \/>\n<meta property=\"og:url\" content=\"https:\/\/visitbo.no\/provence-restaurant\/\" \/>\n<meta property=\"og:site_name\" content=\"Provence Restaurant\" \/>\n<meta property=\"article:modified_time\" content=\"2024-08-07T10:22:42+00:00\" \/>\n<meta name=\"twitter:card\" content=\"summary_large_image\" \/>\n<meta name=\"twitter:label1\" content=\"Ansl. lesetid\" \/>\n\t<meta name=\"twitter:data1\" content=\"2 minutter\" \/>\n<script type=\"application\/ld+json\" class=\"yoast-schema-graph\">{\"@context\":\"https:\/\/schema.org\",\"@graph\":[{\"@type\":\"WebPage\",\"@id\":\"https:\/\/visitbo.no\/provence-restaurant\/\",\"url\":\"https:\/\/visitbo.no\/provence-restaurant\/\",\"name\":\"Provence Restaurant - Franskinspirert restaurant i B\u00f8 i Telemark\",\"isPartOf\":{\"@id\":\"https:\/\/visitbo.no\/provence-restaurant\/#website\"},\"datePublished\":\"2012-04-11T14:34:42+00:00\",\"dateModified\":\"2024-08-07T10:22:42+00:00\",\"description\":\"Midt i hjertet av B\u00f8 i Telemark finner du restauranten Provence. Her finner du franskinspirerte matretter i store og smakfulle porsjoner.\",\"breadcrumb\":{\"@id\":\"https:\/\/visitbo.no\/provence-restaurant\/#breadcrumb\"},\"inLanguage\":\"nb-NO\",\"potentialAction\":[{\"@type\":\"ReadAction\",\"target\":[\"https:\/\/visitbo.no\/provence-restaurant\/\"]}]},{\"@type\":\"BreadcrumbList\",\"@id\":\"https:\/\/visitbo.no\/provence-restaurant\/#breadcrumb\",\"itemListElement\":[{\"@type\":\"ListItem\",\"position\":1,\"name\":\"Hjem\",\"item\":\"https:\/\/visitbo.no\/provence-restaurant\/\"},{\"@type\":\"ListItem\",\"position\":2,\"name\":\"Provence Restaurant\"}]},{\"@type\":\"WebSite\",\"@id\":\"https:\/\/visitbo.no\/provence-restaurant\/#website\",\"url\":\"https:\/\/visitbo.no\/provence-restaurant\/\",\"name\":\"Provence Restaurant\",\"description\":\"One online experience - for everything your destination has to offer.\",\"potentialAction\":[{\"@type\":\"SearchAction\",\"target\":{\"@type\":\"EntryPoint\",\"urlTemplate\":\"https:\/\/visitbo.no\/provence-restaurant\/?s={search_term_string}\"},\"query-input\":{\"@type\":\"PropertyValueSpecification\",\"valueRequired\":true,\"valueName\":\"search_term_string\"}}],\"inLanguage\":\"nb-NO\"}]}<\/script>\n<!-- \/ Yoast SEO plugin. -->","yoast_head_json":{"title":"Provence Restaurant - Franskinspirert restaurant i B\u00f8 i Telemark","description":"Midt i hjertet av B\u00f8 i Telemark finner du restauranten Provence. Her finner du franskinspirerte matretter i store og smakfulle porsjoner.","robots":{"index":"index","follow":"follow","max-snippet":"max-snippet:-1","max-image-preview":"max-image-preview:large","max-video-preview":"max-video-preview:-1"},"canonical":"https:\/\/visitbo.no\/provence-restaurant\/","og_locale":"nb_NO","og_type":"article","og_title":"Provence Restaurant - Franskinspirert restaurant i B\u00f8 i Telemark","og_description":"Midt i hjertet av B\u00f8 i Telemark finner du restauranten Provence. Her finner du franskinspirerte matretter i store og smakfulle porsjoner.","og_url":"https:\/\/visitbo.no\/provence-restaurant\/","og_site_name":"Provence Restaurant","article_modified_time":"2024-08-07T10:22:42+00:00","twitter_card":"summary_large_image","twitter_misc":{"Ansl. lesetid":"2 minutter"},"schema":{"@context":"https:\/\/schema.org","@graph":[{"@type":"WebPage","@id":"https:\/\/visitbo.no\/provence-restaurant\/","url":"https:\/\/visitbo.no\/provence-restaurant\/","name":"Provence Restaurant - Franskinspirert restaurant i B\u00f8 i Telemark","isPartOf":{"@id":"https:\/\/visitbo.no\/provence-restaurant\/#website"},"datePublished":"2012-04-11T14:34:42+00:00","dateModified":"2024-08-07T10:22:42+00:00","description":"Midt i hjertet av B\u00f8 i Telemark finner du restauranten Provence. Her finner du franskinspirerte matretter i store og smakfulle porsjoner.","breadcrumb":{"@id":"https:\/\/visitbo.no\/provence-restaurant\/#breadcrumb"},"inLanguage":"nb-NO","potentialAction":[{"@type":"ReadAction","target":["https:\/\/visitbo.no\/provence-restaurant\/"]}]},{"@type":"BreadcrumbList","@id":"https:\/\/visitbo.no\/provence-restaurant\/#breadcrumb","itemListElement":[{"@type":"ListItem","position":1,"name":"Hjem","item":"https:\/\/visitbo.no\/provence-restaurant\/"},{"@type":"ListItem","position":2,"name":"Provence Restaurant"}]},{"@type":"WebSite","@id":"https:\/\/visitbo.no\/provence-restaurant\/#website","url":"https:\/\/visitbo.no\/provence-restaurant\/","name":"Provence Restaurant","description":"One online experience - for everything your destination has to offer.","potentialAction":[{"@type":"SearchAction","target":{"@type":"EntryPoint","urlTemplate":"https:\/\/visitbo.no\/provence-restaurant\/?s={search_term_string}"},"query-input":{"@type":"PropertyValueSpecification","valueRequired":true,"valueName":"search_term_string"}}],"inLanguage":"nb-NO"}]}},"_links":{"self":[{"href":"https:\/\/visitbo.no\/provence-restaurant\/wp-json\/wp\/v2\/pages\/2","targetHints":{"allow":["GET"]}}],"collection":[{"href":"https:\/\/visitbo.no\/provence-restaurant\/wp-json\/wp\/v2\/pages"}],"about":[{"href":"https:\/\/visitbo.no\/provence-restaurant\/wp-json\/wp\/v2\/types\/page"}],"author":[{"embeddable":true,"href":"https:\/\/visitbo.no\/provence-restaurant\/wp-json\/wp\/v2\/users\/1"}],"replies":[{"embeddable":true,"href":"https:\/\/visitbo.no\/provence-restaurant\/wp-json\/wp\/v2\/comments?post=2"}],"version-history":[{"count":161,"href":"https:\/\/visitbo.no\/provence-restaurant\/wp-json\/wp\/v2\/pages\/2\/revisions"}],"predecessor-version":[{"id":8103,"href":"https:\/\/visitbo.no\/provence-restaurant\/wp-json\/wp\/v2\/pages\/2\/revisions\/8103"}],"wp:attachment":[{"href":"https:\/\/visitbo.no\/provence-restaurant\/wp-json\/wp\/v2\/media?parent=2"}],"curies":[{"name":"wp","href":"https:\/\/api.w.org\/{rel}","templated":true}]}}