{"id":2,"date":"2012-04-11T16:34:42","date_gmt":"2012-04-11T14:34:42","guid":{"rendered":"https:\/\/tonto.wp.oppdateringsfabrikken.no\/?page_id=2"},"modified":"2025-02-07T09:32:00","modified_gmt":"2025-02-07T08:32:00","slug":"forside-2-2","status":"publish","type":"page","link":"https:\/\/visitbo.no\/sandacamping\/","title":{"rendered":"Sanda Camping"},"content":{"rendered":"<div id=\"cs-content\" class=\"cs-content\"><\/div>\n","protected":false},"excerpt":{"rendered":"<p>Sanda CampingBook nowSanda Camping ligger vakkert til i naturen, omkranset av skog, fjell og den sildrende B\u00f8elva. Vi befinner oss mellom B\u00f8 og Seljord langs riksvei 36, perfekt plassert for \u00e5 utforske det beste Midt-Telemark har \u00e5 by p\u00e5. Hos oss finner du komfortable hytter og campingplasser for b\u00e5de bobil, caravan og telt, med eller uten str\u00f8mtilkobling. Vi tilbyr ogs\u00e5 &#8230; <\/p>\n<div><a href=\"https:\/\/visitbo.no\/telemarksveka\/?p=9061\" class=\"more-link\">Read More<\/a><\/div>\n","protected":false},"author":1,"featured_media":0,"parent":0,"menu_order":0,"comment_status":"closed","ping_status":"closed","template":"template-blank-4.php","meta":{"_relevanssi_hide_post":"","_relevanssi_hide_content":"","_relevanssi_pin_for_all":"","_relevanssi_pin_keywords":"","_relevanssi_unpin_keywords":"","_relevanssi_related_keywords":"","_relevanssi_related_include_ids":"","_relevanssi_related_exclude_ids":"","_relevanssi_related_no_append":"","_relevanssi_related_not_related":"","_relevanssi_related_posts":"","_relevanssi_noindex_reason":"","footnotes":""},"class_list":["post-2","page","type-page","status-publish","hentry","no-post-thumbnail"],"yoast_head":"<!-- This site is optimized with the Yoast SEO plugin v27.2 - https:\/\/yoast.com\/product\/yoast-seo-wordpress\/ -->\n<title>Sanda Camping \u2502 Familiecamping, telting og hel\u00e5rsplasser<\/title>\n<meta name=\"description\" content=\"Sanda Camping ligger idyllisk til ved B\u00f8elva, og er den perfekte familiecampingplassen. Campingvogn\/bobil og telt i vakre omgivelser.\" \/>\n<meta name=\"robots\" content=\"index, follow, max-snippet:-1, max-image-preview:large, max-video-preview:-1\" \/>\n<link rel=\"canonical\" href=\"https:\/\/visitbo.no\/sandacamping\/\" \/>\n<meta property=\"og:locale\" content=\"nb_NO\" \/>\n<meta property=\"og:type\" content=\"article\" \/>\n<meta property=\"og:title\" content=\"Sanda Camping \u2502 Familiecamping, telting og hel\u00e5rsplasser\" \/>\n<meta property=\"og:description\" content=\"Sanda Camping ligger idyllisk til ved B\u00f8elva, og er den perfekte familiecampingplassen. Campingvogn\/bobil og telt i vakre omgivelser.\" \/>\n<meta property=\"og:url\" content=\"https:\/\/visitbo.no\/sandacamping\/\" \/>\n<meta property=\"og:site_name\" content=\"Sanda Camping\" \/>\n<meta property=\"article:modified_time\" content=\"2025-02-07T08:32:00+00:00\" \/>\n<meta name=\"twitter:card\" content=\"summary_large_image\" \/>\n<meta name=\"twitter:label1\" content=\"Ansl. lesetid\" \/>\n\t<meta name=\"twitter:data1\" content=\"3 minutter\" \/>\n<script type=\"application\/ld+json\" class=\"yoast-schema-graph\">{\"@context\":\"https:\/\/schema.org\",\"@graph\":[{\"@type\":\"WebPage\",\"@id\":\"https:\/\/visitbo.no\/sandacamping\/\",\"url\":\"https:\/\/visitbo.no\/sandacamping\/\",\"name\":\"Sanda Camping \u2502 Familiecamping, telting og hel\u00e5rsplasser\",\"isPartOf\":{\"@id\":\"https:\/\/visitbo.no\/sandacamping\/#website\"},\"datePublished\":\"2012-04-11T14:34:42+00:00\",\"dateModified\":\"2025-02-07T08:32:00+00:00\",\"description\":\"Sanda Camping ligger idyllisk til ved B\u00f8elva, og er den perfekte familiecampingplassen. Campingvogn\/bobil og telt i vakre omgivelser.\",\"breadcrumb\":{\"@id\":\"https:\/\/visitbo.no\/sandacamping\/#breadcrumb\"},\"inLanguage\":\"nb-NO\",\"potentialAction\":[{\"@type\":\"ReadAction\",\"target\":[\"https:\/\/visitbo.no\/sandacamping\/\"]}]},{\"@type\":\"BreadcrumbList\",\"@id\":\"https:\/\/visitbo.no\/sandacamping\/#breadcrumb\",\"itemListElement\":[{\"@type\":\"ListItem\",\"position\":1,\"name\":\"Hjem\",\"item\":\"https:\/\/visitbo.no\/sandacamping\/\"},{\"@type\":\"ListItem\",\"position\":2,\"name\":\"Sanda Camping\"}]},{\"@type\":\"WebSite\",\"@id\":\"https:\/\/visitbo.no\/sandacamping\/#website\",\"url\":\"https:\/\/visitbo.no\/sandacamping\/\",\"name\":\"Sanda Camping\",\"description\":\"One online experience - for everything your destination has to offer.\",\"potentialAction\":[{\"@type\":\"SearchAction\",\"target\":{\"@type\":\"EntryPoint\",\"urlTemplate\":\"https:\/\/visitbo.no\/sandacamping\/?s={search_term_string}\"},\"query-input\":{\"@type\":\"PropertyValueSpecification\",\"valueRequired\":true,\"valueName\":\"search_term_string\"}}],\"inLanguage\":\"nb-NO\"}]}<\/script>\n<!-- \/ Yoast SEO plugin. -->","yoast_head_json":{"title":"Sanda Camping \u2502 Familiecamping, telting og hel\u00e5rsplasser","description":"Sanda Camping ligger idyllisk til ved B\u00f8elva, og er den perfekte familiecampingplassen. Campingvogn\/bobil og telt i vakre omgivelser.","robots":{"index":"index","follow":"follow","max-snippet":"max-snippet:-1","max-image-preview":"max-image-preview:large","max-video-preview":"max-video-preview:-1"},"canonical":"https:\/\/visitbo.no\/sandacamping\/","og_locale":"nb_NO","og_type":"article","og_title":"Sanda Camping \u2502 Familiecamping, telting og hel\u00e5rsplasser","og_description":"Sanda Camping ligger idyllisk til ved B\u00f8elva, og er den perfekte familiecampingplassen. Campingvogn\/bobil og telt i vakre omgivelser.","og_url":"https:\/\/visitbo.no\/sandacamping\/","og_site_name":"Sanda Camping","article_modified_time":"2025-02-07T08:32:00+00:00","twitter_card":"summary_large_image","twitter_misc":{"Ansl. lesetid":"3 minutter"},"schema":{"@context":"https:\/\/schema.org","@graph":[{"@type":"WebPage","@id":"https:\/\/visitbo.no\/sandacamping\/","url":"https:\/\/visitbo.no\/sandacamping\/","name":"Sanda Camping \u2502 Familiecamping, telting og hel\u00e5rsplasser","isPartOf":{"@id":"https:\/\/visitbo.no\/sandacamping\/#website"},"datePublished":"2012-04-11T14:34:42+00:00","dateModified":"2025-02-07T08:32:00+00:00","description":"Sanda Camping ligger idyllisk til ved B\u00f8elva, og er den perfekte familiecampingplassen. Campingvogn\/bobil og telt i vakre omgivelser.","breadcrumb":{"@id":"https:\/\/visitbo.no\/sandacamping\/#breadcrumb"},"inLanguage":"nb-NO","potentialAction":[{"@type":"ReadAction","target":["https:\/\/visitbo.no\/sandacamping\/"]}]},{"@type":"BreadcrumbList","@id":"https:\/\/visitbo.no\/sandacamping\/#breadcrumb","itemListElement":[{"@type":"ListItem","position":1,"name":"Hjem","item":"https:\/\/visitbo.no\/sandacamping\/"},{"@type":"ListItem","position":2,"name":"Sanda Camping"}]},{"@type":"WebSite","@id":"https:\/\/visitbo.no\/sandacamping\/#website","url":"https:\/\/visitbo.no\/sandacamping\/","name":"Sanda Camping","description":"One online experience - for everything your destination has to offer.","potentialAction":[{"@type":"SearchAction","target":{"@type":"EntryPoint","urlTemplate":"https:\/\/visitbo.no\/sandacamping\/?s={search_term_string}"},"query-input":{"@type":"PropertyValueSpecification","valueRequired":true,"valueName":"search_term_string"}}],"inLanguage":"nb-NO"}]}},"_links":{"self":[{"href":"https:\/\/visitbo.no\/sandacamping\/wp-json\/wp\/v2\/pages\/2","targetHints":{"allow":["GET"]}}],"collection":[{"href":"https:\/\/visitbo.no\/sandacamping\/wp-json\/wp\/v2\/pages"}],"about":[{"href":"https:\/\/visitbo.no\/sandacamping\/wp-json\/wp\/v2\/types\/page"}],"author":[{"embeddable":true,"href":"https:\/\/visitbo.no\/sandacamping\/wp-json\/wp\/v2\/users\/1"}],"replies":[{"embeddable":true,"href":"https:\/\/visitbo.no\/sandacamping\/wp-json\/wp\/v2\/comments?post=2"}],"version-history":[{"count":192,"href":"https:\/\/visitbo.no\/sandacamping\/wp-json\/wp\/v2\/pages\/2\/revisions"}],"predecessor-version":[{"id":9095,"href":"https:\/\/visitbo.no\/sandacamping\/wp-json\/wp\/v2\/pages\/2\/revisions\/9095"}],"wp:attachment":[{"href":"https:\/\/visitbo.no\/sandacamping\/wp-json\/wp\/v2\/media?parent=2"}],"curies":[{"name":"wp","href":"https:\/\/api.w.org\/{rel}","templated":true}]}}