{"id":8518,"date":"2020-07-13T17:08:31","date_gmt":"2020-07-13T15:08:31","guid":{"rendered":"https:\/\/visitbo.no\/sandacamping\/?page_id=8518"},"modified":"2025-04-24T14:59:37","modified_gmt":"2025-04-24T12:59:37","slug":"hytte6","status":"publish","type":"page","link":"https:\/\/visitbo.no\/sandacamping\/hytte6\/","title":{"rendered":"Hytte 6-7 pers"},"content":{"rendered":"<div id=\"cs-content\" class=\"cs-content\"><\/div>\n","protected":false},"excerpt":{"rendered":"<p>6-7 personer,\u00a0 42 m2 Enkel standard Stue med kj\u00f8kkenkrok med utstyr Minikj\u00f8leskap med liten frysedel Komfyr med stekeovn Kaffetrakter internett 2 soverom Sovesofa Dyner og puter (trekk og laken m\u00e5 tas med selv, eller leies) Veranda med hagem\u00f8bler Vaskemaskin Dyr tillatt OBS:\u00a0Personlige hygiene artikler m\u00e5 tas med som h\u00e5ndkle osv. BOOK NOW<\/p>\n","protected":false},"author":6,"featured_media":0,"parent":0,"menu_order":3,"comment_status":"closed","ping_status":"closed","template":"","meta":{"_relevanssi_hide_post":"","_relevanssi_hide_content":"","_relevanssi_pin_for_all":"","_relevanssi_pin_keywords":"","_relevanssi_unpin_keywords":"","_relevanssi_related_keywords":"","_relevanssi_related_include_ids":"","_relevanssi_related_exclude_ids":"","_relevanssi_related_no_append":"","_relevanssi_related_not_related":"","_relevanssi_related_posts":"","_relevanssi_noindex_reason":"","footnotes":""},"class_list":["post-8518","page","type-page","status-publish","hentry","no-post-thumbnail"],"yoast_head":"<!-- This site is optimized with the Yoast SEO plugin v27.2 - https:\/\/yoast.com\/product\/yoast-seo-wordpress\/ -->\n<title>Hytte 6-7 pers - Sanda Camping<\/title>\n<meta name=\"robots\" content=\"index, follow, max-snippet:-1, max-image-preview:large, max-video-preview:-1\" \/>\n<link rel=\"canonical\" href=\"https:\/\/visitbo.no\/sandacamping\/hytte6\/\" \/>\n<meta property=\"og:locale\" content=\"nb_NO\" \/>\n<meta property=\"og:type\" content=\"article\" \/>\n<meta property=\"og:title\" content=\"Hytte 6-7 pers - Sanda Camping\" \/>\n<meta property=\"og:description\" content=\"6-7 personer,\u00a0 42 m2 Enkel standard Stue med kj\u00f8kkenkrok med utstyr Minikj\u00f8leskap med liten frysedel Komfyr med stekeovn Kaffetrakter internett 2 soverom Sovesofa Dyner og puter (trekk og laken m\u00e5 tas med selv, eller leies) Veranda med hagem\u00f8bler Vaskemaskin Dyr tillatt OBS:\u00a0Personlige hygiene artikler m\u00e5 tas med som h\u00e5ndkle osv. BOOK NOW\" \/>\n<meta property=\"og:url\" content=\"https:\/\/visitbo.no\/sandacamping\/hytte6\/\" \/>\n<meta property=\"og:site_name\" content=\"Sanda Camping\" \/>\n<meta property=\"article:modified_time\" content=\"2025-04-24T12:59:37+00:00\" \/>\n<meta name=\"twitter:card\" content=\"summary_large_image\" \/>\n<meta name=\"twitter:label1\" content=\"Ansl. lesetid\" \/>\n\t<meta name=\"twitter:data1\" content=\"2 minutter\" \/>\n<script type=\"application\/ld+json\" class=\"yoast-schema-graph\">{\"@context\":\"https:\/\/schema.org\",\"@graph\":[{\"@type\":\"WebPage\",\"@id\":\"https:\/\/visitbo.no\/sandacamping\/hytte6\/\",\"url\":\"https:\/\/visitbo.no\/sandacamping\/hytte6\/\",\"name\":\"Hytte 6-7 pers - Sanda Camping\",\"isPartOf\":{\"@id\":\"https:\/\/visitbo.no\/sandacamping\/#website\"},\"datePublished\":\"2020-07-13T15:08:31+00:00\",\"dateModified\":\"2025-04-24T12:59:37+00:00\",\"breadcrumb\":{\"@id\":\"https:\/\/visitbo.no\/sandacamping\/hytte6\/#breadcrumb\"},\"inLanguage\":\"nb-NO\",\"potentialAction\":[{\"@type\":\"ReadAction\",\"target\":[\"https:\/\/visitbo.no\/sandacamping\/hytte6\/\"]}]},{\"@type\":\"BreadcrumbList\",\"@id\":\"https:\/\/visitbo.no\/sandacamping\/hytte6\/#breadcrumb\",\"itemListElement\":[{\"@type\":\"ListItem\",\"position\":1,\"name\":\"Hjem\",\"item\":\"https:\/\/visitbo.no\/sandacamping\/\"},{\"@type\":\"ListItem\",\"position\":2,\"name\":\"Hytte 6-7 pers\"}]},{\"@type\":\"WebSite\",\"@id\":\"https:\/\/visitbo.no\/sandacamping\/#website\",\"url\":\"https:\/\/visitbo.no\/sandacamping\/\",\"name\":\"Sanda Camping\",\"description\":\"One online experience - for everything your destination has to offer.\",\"potentialAction\":[{\"@type\":\"SearchAction\",\"target\":{\"@type\":\"EntryPoint\",\"urlTemplate\":\"https:\/\/visitbo.no\/sandacamping\/?s={search_term_string}\"},\"query-input\":{\"@type\":\"PropertyValueSpecification\",\"valueRequired\":true,\"valueName\":\"search_term_string\"}}],\"inLanguage\":\"nb-NO\"}]}<\/script>\n<!-- \/ Yoast SEO plugin. -->","yoast_head_json":{"title":"Hytte 6-7 pers - Sanda Camping","robots":{"index":"index","follow":"follow","max-snippet":"max-snippet:-1","max-image-preview":"max-image-preview:large","max-video-preview":"max-video-preview:-1"},"canonical":"https:\/\/visitbo.no\/sandacamping\/hytte6\/","og_locale":"nb_NO","og_type":"article","og_title":"Hytte 6-7 pers - Sanda Camping","og_description":"6-7 personer,\u00a0 42 m2 Enkel standard Stue med kj\u00f8kkenkrok med utstyr Minikj\u00f8leskap med liten frysedel Komfyr med stekeovn Kaffetrakter internett 2 soverom Sovesofa Dyner og puter (trekk og laken m\u00e5 tas med selv, eller leies) Veranda med hagem\u00f8bler Vaskemaskin Dyr tillatt OBS:\u00a0Personlige hygiene artikler m\u00e5 tas med som h\u00e5ndkle osv. BOOK NOW","og_url":"https:\/\/visitbo.no\/sandacamping\/hytte6\/","og_site_name":"Sanda Camping","article_modified_time":"2025-04-24T12:59:37+00:00","twitter_card":"summary_large_image","twitter_misc":{"Ansl. lesetid":"2 minutter"},"schema":{"@context":"https:\/\/schema.org","@graph":[{"@type":"WebPage","@id":"https:\/\/visitbo.no\/sandacamping\/hytte6\/","url":"https:\/\/visitbo.no\/sandacamping\/hytte6\/","name":"Hytte 6-7 pers - Sanda Camping","isPartOf":{"@id":"https:\/\/visitbo.no\/sandacamping\/#website"},"datePublished":"2020-07-13T15:08:31+00:00","dateModified":"2025-04-24T12:59:37+00:00","breadcrumb":{"@id":"https:\/\/visitbo.no\/sandacamping\/hytte6\/#breadcrumb"},"inLanguage":"nb-NO","potentialAction":[{"@type":"ReadAction","target":["https:\/\/visitbo.no\/sandacamping\/hytte6\/"]}]},{"@type":"BreadcrumbList","@id":"https:\/\/visitbo.no\/sandacamping\/hytte6\/#breadcrumb","itemListElement":[{"@type":"ListItem","position":1,"name":"Hjem","item":"https:\/\/visitbo.no\/sandacamping\/"},{"@type":"ListItem","position":2,"name":"Hytte 6-7 pers"}]},{"@type":"WebSite","@id":"https:\/\/visitbo.no\/sandacamping\/#website","url":"https:\/\/visitbo.no\/sandacamping\/","name":"Sanda Camping","description":"One online experience - for everything your destination has to offer.","potentialAction":[{"@type":"SearchAction","target":{"@type":"EntryPoint","urlTemplate":"https:\/\/visitbo.no\/sandacamping\/?s={search_term_string}"},"query-input":{"@type":"PropertyValueSpecification","valueRequired":true,"valueName":"search_term_string"}}],"inLanguage":"nb-NO"}]}},"_links":{"self":[{"href":"https:\/\/visitbo.no\/sandacamping\/wp-json\/wp\/v2\/pages\/8518","targetHints":{"allow":["GET"]}}],"collection":[{"href":"https:\/\/visitbo.no\/sandacamping\/wp-json\/wp\/v2\/pages"}],"about":[{"href":"https:\/\/visitbo.no\/sandacamping\/wp-json\/wp\/v2\/types\/page"}],"author":[{"embeddable":true,"href":"https:\/\/visitbo.no\/sandacamping\/wp-json\/wp\/v2\/users\/6"}],"replies":[{"embeddable":true,"href":"https:\/\/visitbo.no\/sandacamping\/wp-json\/wp\/v2\/comments?post=8518"}],"version-history":[{"count":16,"href":"https:\/\/visitbo.no\/sandacamping\/wp-json\/wp\/v2\/pages\/8518\/revisions"}],"predecessor-version":[{"id":9099,"href":"https:\/\/visitbo.no\/sandacamping\/wp-json\/wp\/v2\/pages\/8518\/revisions\/9099"}],"wp:attachment":[{"href":"https:\/\/visitbo.no\/sandacamping\/wp-json\/wp\/v2\/media?parent=8518"}],"curies":[{"name":"wp","href":"https:\/\/api.w.org\/{rel}","templated":true}]}}