{"id":6898,"date":"2019-02-25T11:44:09","date_gmt":"2019-02-25T10:44:09","guid":{"rendered":"https:\/\/visitbo.no\/solstua\/?page_id=6898"},"modified":"2024-03-11T14:52:33","modified_gmt":"2024-03-11T13:52:33","slug":"kurs-konferanse","status":"publish","type":"page","link":"https:\/\/visitbo.no\/solstua\/kurs-konferanse\/","title":{"rendered":"FEIRING, ARRANGEMENT &amp;  KURS"},"content":{"rendered":"<div id=\"cs-content\" class=\"cs-content\"><\/div>\n","protected":false},"excerpt":{"rendered":"<p>Skap uforglemmelige \u00f8yeblikk p\u00e5 Solstua. Dette er en perfekt destinasjon for feiringer, jubileer, kurs og samlinger i nydelig omgivelser p\u00e5 Lifjell. Med turstier for b\u00e5de sommer og vinter er dette det ideelle stedet \u00e5 skape gode minner uansett anledning. Solstua tilbyr en harmonisk blanding av romslighet og intimitet, perfekt for b\u00e5de store selskaper og mindre grupper. Enten det er en &#8230; <\/p>\n<div><a href=\"https:\/\/visitbo.no\/solstua\/kurs-konferanse\/\" class=\"more-link\">Read More<\/a><\/div>\n","protected":false},"author":4,"featured_media":0,"parent":0,"menu_order":3,"comment_status":"closed","ping_status":"closed","template":"","meta":{"_relevanssi_hide_post":"","_relevanssi_hide_content":"","_relevanssi_pin_for_all":"","_relevanssi_pin_keywords":"","_relevanssi_unpin_keywords":"","_relevanssi_related_keywords":"","_relevanssi_related_include_ids":"","_relevanssi_related_exclude_ids":"","_relevanssi_related_no_append":"","_relevanssi_related_not_related":"","_relevanssi_related_posts":"","_relevanssi_noindex_reason":"","footnotes":""},"class_list":["post-6898","page","type-page","status-publish","hentry","no-post-thumbnail"],"yoast_head":"<!-- This site is optimized with the Yoast SEO plugin v27.2 - https:\/\/yoast.com\/product\/yoast-seo-wordpress\/ -->\n<title>FEIRING, ARRANGEMENT &amp; KURS - Solstua<\/title>\n<meta name=\"robots\" content=\"index, follow, max-snippet:-1, max-image-preview:large, max-video-preview:-1\" \/>\n<link rel=\"canonical\" href=\"https:\/\/visitbo.no\/solstua\/kurs-konferanse\/\" \/>\n<meta property=\"og:locale\" content=\"nb_NO\" \/>\n<meta property=\"og:type\" content=\"article\" \/>\n<meta property=\"og:title\" content=\"FEIRING, ARRANGEMENT &amp; KURS - Solstua\" \/>\n<meta property=\"og:description\" content=\"Skap uforglemmelige \u00f8yeblikk p\u00e5 Solstua. Dette er en perfekt destinasjon for feiringer, jubileer, kurs og samlinger i nydelig omgivelser p\u00e5 Lifjell. Med turstier for b\u00e5de sommer og vinter er dette det ideelle stedet \u00e5 skape gode minner uansett anledning. Solstua tilbyr en harmonisk blanding av romslighet og intimitet, perfekt for b\u00e5de store selskaper og mindre grupper. Enten det er en ... Read More\" \/>\n<meta property=\"og:url\" content=\"https:\/\/visitbo.no\/solstua\/kurs-konferanse\/\" \/>\n<meta property=\"og:site_name\" content=\"Solstua\" \/>\n<meta property=\"article:modified_time\" content=\"2024-03-11T13:52:33+00:00\" \/>\n<meta name=\"twitter:card\" content=\"summary_large_image\" \/>\n<meta name=\"twitter:label1\" content=\"Ansl. lesetid\" \/>\n\t<meta name=\"twitter:data1\" content=\"2 minutter\" \/>\n<script type=\"application\/ld+json\" class=\"yoast-schema-graph\">{\"@context\":\"https:\/\/schema.org\",\"@graph\":[{\"@type\":\"WebPage\",\"@id\":\"https:\/\/visitbo.no\/solstua\/kurs-konferanse\/\",\"url\":\"https:\/\/visitbo.no\/solstua\/kurs-konferanse\/\",\"name\":\"FEIRING, ARRANGEMENT &amp; KURS - Solstua\",\"isPartOf\":{\"@id\":\"https:\/\/visitbo.no\/solstua\/#website\"},\"datePublished\":\"2019-02-25T10:44:09+00:00\",\"dateModified\":\"2024-03-11T13:52:33+00:00\",\"breadcrumb\":{\"@id\":\"https:\/\/visitbo.no\/solstua\/kurs-konferanse\/#breadcrumb\"},\"inLanguage\":\"nb-NO\",\"potentialAction\":[{\"@type\":\"ReadAction\",\"target\":[\"https:\/\/visitbo.no\/solstua\/kurs-konferanse\/\"]}]},{\"@type\":\"BreadcrumbList\",\"@id\":\"https:\/\/visitbo.no\/solstua\/kurs-konferanse\/#breadcrumb\",\"itemListElement\":[{\"@type\":\"ListItem\",\"position\":1,\"name\":\"Hjem\",\"item\":\"https:\/\/visitbo.no\/solstua\/\"},{\"@type\":\"ListItem\",\"position\":2,\"name\":\"FEIRING, ARRANGEMENT &amp; KURS\"}]},{\"@type\":\"WebSite\",\"@id\":\"https:\/\/visitbo.no\/solstua\/#website\",\"url\":\"https:\/\/visitbo.no\/solstua\/\",\"name\":\"Solstua\",\"description\":\"One online experience - for everything your destination has to offer.\",\"potentialAction\":[{\"@type\":\"SearchAction\",\"target\":{\"@type\":\"EntryPoint\",\"urlTemplate\":\"https:\/\/visitbo.no\/solstua\/?s={search_term_string}\"},\"query-input\":{\"@type\":\"PropertyValueSpecification\",\"valueRequired\":true,\"valueName\":\"search_term_string\"}}],\"inLanguage\":\"nb-NO\"}]}<\/script>\n<!-- \/ Yoast SEO plugin. -->","yoast_head_json":{"title":"FEIRING, ARRANGEMENT &amp; KURS - Solstua","robots":{"index":"index","follow":"follow","max-snippet":"max-snippet:-1","max-image-preview":"max-image-preview:large","max-video-preview":"max-video-preview:-1"},"canonical":"https:\/\/visitbo.no\/solstua\/kurs-konferanse\/","og_locale":"nb_NO","og_type":"article","og_title":"FEIRING, ARRANGEMENT &amp; KURS - Solstua","og_description":"Skap uforglemmelige \u00f8yeblikk p\u00e5 Solstua. Dette er en perfekt destinasjon for feiringer, jubileer, kurs og samlinger i nydelig omgivelser p\u00e5 Lifjell. Med turstier for b\u00e5de sommer og vinter er dette det ideelle stedet \u00e5 skape gode minner uansett anledning. Solstua tilbyr en harmonisk blanding av romslighet og intimitet, perfekt for b\u00e5de store selskaper og mindre grupper. Enten det er en ... Read More","og_url":"https:\/\/visitbo.no\/solstua\/kurs-konferanse\/","og_site_name":"Solstua","article_modified_time":"2024-03-11T13:52:33+00:00","twitter_card":"summary_large_image","twitter_misc":{"Ansl. lesetid":"2 minutter"},"schema":{"@context":"https:\/\/schema.org","@graph":[{"@type":"WebPage","@id":"https:\/\/visitbo.no\/solstua\/kurs-konferanse\/","url":"https:\/\/visitbo.no\/solstua\/kurs-konferanse\/","name":"FEIRING, ARRANGEMENT &amp; KURS - Solstua","isPartOf":{"@id":"https:\/\/visitbo.no\/solstua\/#website"},"datePublished":"2019-02-25T10:44:09+00:00","dateModified":"2024-03-11T13:52:33+00:00","breadcrumb":{"@id":"https:\/\/visitbo.no\/solstua\/kurs-konferanse\/#breadcrumb"},"inLanguage":"nb-NO","potentialAction":[{"@type":"ReadAction","target":["https:\/\/visitbo.no\/solstua\/kurs-konferanse\/"]}]},{"@type":"BreadcrumbList","@id":"https:\/\/visitbo.no\/solstua\/kurs-konferanse\/#breadcrumb","itemListElement":[{"@type":"ListItem","position":1,"name":"Hjem","item":"https:\/\/visitbo.no\/solstua\/"},{"@type":"ListItem","position":2,"name":"FEIRING, ARRANGEMENT &amp; KURS"}]},{"@type":"WebSite","@id":"https:\/\/visitbo.no\/solstua\/#website","url":"https:\/\/visitbo.no\/solstua\/","name":"Solstua","description":"One online experience - for everything your destination has to offer.","potentialAction":[{"@type":"SearchAction","target":{"@type":"EntryPoint","urlTemplate":"https:\/\/visitbo.no\/solstua\/?s={search_term_string}"},"query-input":{"@type":"PropertyValueSpecification","valueRequired":true,"valueName":"search_term_string"}}],"inLanguage":"nb-NO"}]}},"_links":{"self":[{"href":"https:\/\/visitbo.no\/solstua\/wp-json\/wp\/v2\/pages\/6898","targetHints":{"allow":["GET"]}}],"collection":[{"href":"https:\/\/visitbo.no\/solstua\/wp-json\/wp\/v2\/pages"}],"about":[{"href":"https:\/\/visitbo.no\/solstua\/wp-json\/wp\/v2\/types\/page"}],"author":[{"embeddable":true,"href":"https:\/\/visitbo.no\/solstua\/wp-json\/wp\/v2\/users\/4"}],"replies":[{"embeddable":true,"href":"https:\/\/visitbo.no\/solstua\/wp-json\/wp\/v2\/comments?post=6898"}],"version-history":[{"count":24,"href":"https:\/\/visitbo.no\/solstua\/wp-json\/wp\/v2\/pages\/6898\/revisions"}],"predecessor-version":[{"id":8273,"href":"https:\/\/visitbo.no\/solstua\/wp-json\/wp\/v2\/pages\/6898\/revisions\/8273"}],"wp:attachment":[{"href":"https:\/\/visitbo.no\/solstua\/wp-json\/wp\/v2\/media?parent=6898"}],"curies":[{"name":"wp","href":"https:\/\/api.w.org\/{rel}","templated":true}]}}