{"id":7980,"date":"2019-10-01T13:36:03","date_gmt":"2019-10-01T11:36:03","guid":{"rendered":"https:\/\/visitbo.no\/sommarlandfestivalen\/?page_id=7980"},"modified":"2025-09-15T10:56:12","modified_gmt":"2025-09-15T08:56:12","slug":"invitasjon","status":"publish","type":"page","link":"https:\/\/visitbo.no\/sommarlandfestivalen\/invitasjon\/","title":{"rendered":"Invitasjon"},"content":{"rendered":"<div id=\"cs-content\" class=\"cs-content\"><\/div>\n","protected":false},"excerpt":{"rendered":"<p>Sommarlandfestivalen 19.-21.juni 2026 I 2026 arrangerar vi v\u00e5r 34.festival. Vi inviterer til festival 19. &#8211; 21. juni. Sommarlandfestivalen \u00f8nskjer \u00e5 vere ein m\u00f8teplass for ulike musikkaktivitetar retta mot barn og ungdom. Du er velkommen til v\u00e5r festival med laget ditt enten du spelar i korps, syng i kor, spelar i strykeorkester, band eller i eit ensemble i kulturskulen. V\u00e5r festival &#8230; <\/p>\n<div><a href=\"https:\/\/visitbo.no\/sommarlandfestivalen\/invitasjon\/\" class=\"more-link\">Read More<\/a><\/div>\n","protected":false},"author":6,"featured_media":0,"parent":0,"menu_order":3,"comment_status":"closed","ping_status":"closed","template":"","meta":{"_relevanssi_hide_post":"","_relevanssi_hide_content":"","_relevanssi_pin_for_all":"","_relevanssi_pin_keywords":"","_relevanssi_unpin_keywords":"","_relevanssi_related_keywords":"","_relevanssi_related_include_ids":"","_relevanssi_related_exclude_ids":"","_relevanssi_related_no_append":"","_relevanssi_related_not_related":"","_relevanssi_related_posts":"","_relevanssi_noindex_reason":"","footnotes":""},"class_list":["post-7980","page","type-page","status-publish","hentry","no-post-thumbnail"],"yoast_head":"<!-- This site is optimized with the Yoast SEO plugin v27.2 - https:\/\/yoast.com\/product\/yoast-seo-wordpress\/ -->\n<title>Invitasjon - Sommarlandfestivalen<\/title>\n<meta name=\"robots\" content=\"index, follow, max-snippet:-1, max-image-preview:large, max-video-preview:-1\" \/>\n<link rel=\"canonical\" href=\"https:\/\/visitbo.no\/sommarlandfestivalen\/invitasjon\/\" \/>\n<meta property=\"og:locale\" content=\"nb_NO\" \/>\n<meta property=\"og:type\" content=\"article\" \/>\n<meta property=\"og:title\" content=\"Invitasjon - Sommarlandfestivalen\" \/>\n<meta property=\"og:description\" content=\"Sommarlandfestivalen 19.-21.juni 2026 I 2026 arrangerar vi v\u00e5r 34.festival. Vi inviterer til festival 19. - 21. juni. Sommarlandfestivalen \u00f8nskjer \u00e5 vere ein m\u00f8teplass for ulike musikkaktivitetar retta mot barn og ungdom. Du er velkommen til v\u00e5r festival med laget ditt enten du spelar i korps, syng i kor, spelar i strykeorkester, band eller i eit ensemble i kulturskulen. V\u00e5r festival ... Read More\" \/>\n<meta property=\"og:url\" content=\"https:\/\/visitbo.no\/sommarlandfestivalen\/invitasjon\/\" \/>\n<meta property=\"og:site_name\" content=\"Sommarlandfestivalen\" \/>\n<meta property=\"article:modified_time\" content=\"2025-09-15T08:56:12+00:00\" \/>\n<meta property=\"og:image\" content=\"https:\/\/visitbo.no\/sommarlandfestivalen\/wp-content\/uploads\/sites\/47\/2021\/03\/Erik-og-Kalle-scaled.jpg\" \/>\n<meta name=\"twitter:card\" content=\"summary_large_image\" \/>\n<meta name=\"twitter:label1\" content=\"Ansl. lesetid\" \/>\n\t<meta name=\"twitter:data1\" content=\"3 minutter\" \/>\n<script type=\"application\/ld+json\" class=\"yoast-schema-graph\">{\"@context\":\"https:\/\/schema.org\",\"@graph\":[{\"@type\":\"WebPage\",\"@id\":\"https:\/\/visitbo.no\/sommarlandfestivalen\/invitasjon\/\",\"url\":\"https:\/\/visitbo.no\/sommarlandfestivalen\/invitasjon\/\",\"name\":\"Invitasjon - Sommarlandfestivalen\",\"isPartOf\":{\"@id\":\"https:\/\/visitbo.no\/sommarlandfestivalen\/#website\"},\"primaryImageOfPage\":{\"@id\":\"https:\/\/visitbo.no\/sommarlandfestivalen\/invitasjon\/#primaryimage\"},\"image\":{\"@id\":\"https:\/\/visitbo.no\/sommarlandfestivalen\/invitasjon\/#primaryimage\"},\"thumbnailUrl\":\"https:\/\/visitbo.no\/sommarlandfestivalen\/wp-content\/uploads\/sites\/47\/2021\/03\/Erik-og-Kalle-scaled.jpg\",\"datePublished\":\"2019-10-01T11:36:03+00:00\",\"dateModified\":\"2025-09-15T08:56:12+00:00\",\"breadcrumb\":{\"@id\":\"https:\/\/visitbo.no\/sommarlandfestivalen\/invitasjon\/#breadcrumb\"},\"inLanguage\":\"nb-NO\",\"potentialAction\":[{\"@type\":\"ReadAction\",\"target\":[\"https:\/\/visitbo.no\/sommarlandfestivalen\/invitasjon\/\"]}]},{\"@type\":\"ImageObject\",\"inLanguage\":\"nb-NO\",\"@id\":\"https:\/\/visitbo.no\/sommarlandfestivalen\/invitasjon\/#primaryimage\",\"url\":\"https:\/\/visitbo.no\/sommarlandfestivalen\/wp-content\/uploads\/sites\/47\/2021\/03\/Erik-og-Kalle-scaled.jpg\",\"contentUrl\":\"https:\/\/visitbo.no\/sommarlandfestivalen\/wp-content\/uploads\/sites\/47\/2021\/03\/Erik-og-Kalle-scaled.jpg\",\"width\":1926,\"height\":2560,\"caption\":\"Erik og Kalle\"},{\"@type\":\"BreadcrumbList\",\"@id\":\"https:\/\/visitbo.no\/sommarlandfestivalen\/invitasjon\/#breadcrumb\",\"itemListElement\":[{\"@type\":\"ListItem\",\"position\":1,\"name\":\"Hjem\",\"item\":\"https:\/\/visitbo.no\/sommarlandfestivalen\/\"},{\"@type\":\"ListItem\",\"position\":2,\"name\":\"Invitasjon\"}]},{\"@type\":\"WebSite\",\"@id\":\"https:\/\/visitbo.no\/sommarlandfestivalen\/#website\",\"url\":\"https:\/\/visitbo.no\/sommarlandfestivalen\/\",\"name\":\"Sommarlandfestivalen\",\"description\":\"One online experience - for everything your destination has to offer.\",\"potentialAction\":[{\"@type\":\"SearchAction\",\"target\":{\"@type\":\"EntryPoint\",\"urlTemplate\":\"https:\/\/visitbo.no\/sommarlandfestivalen\/?s={search_term_string}\"},\"query-input\":{\"@type\":\"PropertyValueSpecification\",\"valueRequired\":true,\"valueName\":\"search_term_string\"}}],\"inLanguage\":\"nb-NO\"}]}<\/script>\n<!-- \/ Yoast SEO plugin. -->","yoast_head_json":{"title":"Invitasjon - Sommarlandfestivalen","robots":{"index":"index","follow":"follow","max-snippet":"max-snippet:-1","max-image-preview":"max-image-preview:large","max-video-preview":"max-video-preview:-1"},"canonical":"https:\/\/visitbo.no\/sommarlandfestivalen\/invitasjon\/","og_locale":"nb_NO","og_type":"article","og_title":"Invitasjon - Sommarlandfestivalen","og_description":"Sommarlandfestivalen 19.-21.juni 2026 I 2026 arrangerar vi v\u00e5r 34.festival. Vi inviterer til festival 19. - 21. juni. Sommarlandfestivalen \u00f8nskjer \u00e5 vere ein m\u00f8teplass for ulike musikkaktivitetar retta mot barn og ungdom. Du er velkommen til v\u00e5r festival med laget ditt enten du spelar i korps, syng i kor, spelar i strykeorkester, band eller i eit ensemble i kulturskulen. V\u00e5r festival ... Read More","og_url":"https:\/\/visitbo.no\/sommarlandfestivalen\/invitasjon\/","og_site_name":"Sommarlandfestivalen","article_modified_time":"2025-09-15T08:56:12+00:00","og_image":[{"url":"https:\/\/visitbo.no\/sommarlandfestivalen\/wp-content\/uploads\/sites\/47\/2021\/03\/Erik-og-Kalle-scaled.jpg","type":"","width":"","height":""}],"twitter_card":"summary_large_image","twitter_misc":{"Ansl. lesetid":"3 minutter"},"schema":{"@context":"https:\/\/schema.org","@graph":[{"@type":"WebPage","@id":"https:\/\/visitbo.no\/sommarlandfestivalen\/invitasjon\/","url":"https:\/\/visitbo.no\/sommarlandfestivalen\/invitasjon\/","name":"Invitasjon - Sommarlandfestivalen","isPartOf":{"@id":"https:\/\/visitbo.no\/sommarlandfestivalen\/#website"},"primaryImageOfPage":{"@id":"https:\/\/visitbo.no\/sommarlandfestivalen\/invitasjon\/#primaryimage"},"image":{"@id":"https:\/\/visitbo.no\/sommarlandfestivalen\/invitasjon\/#primaryimage"},"thumbnailUrl":"https:\/\/visitbo.no\/sommarlandfestivalen\/wp-content\/uploads\/sites\/47\/2021\/03\/Erik-og-Kalle-scaled.jpg","datePublished":"2019-10-01T11:36:03+00:00","dateModified":"2025-09-15T08:56:12+00:00","breadcrumb":{"@id":"https:\/\/visitbo.no\/sommarlandfestivalen\/invitasjon\/#breadcrumb"},"inLanguage":"nb-NO","potentialAction":[{"@type":"ReadAction","target":["https:\/\/visitbo.no\/sommarlandfestivalen\/invitasjon\/"]}]},{"@type":"ImageObject","inLanguage":"nb-NO","@id":"https:\/\/visitbo.no\/sommarlandfestivalen\/invitasjon\/#primaryimage","url":"https:\/\/visitbo.no\/sommarlandfestivalen\/wp-content\/uploads\/sites\/47\/2021\/03\/Erik-og-Kalle-scaled.jpg","contentUrl":"https:\/\/visitbo.no\/sommarlandfestivalen\/wp-content\/uploads\/sites\/47\/2021\/03\/Erik-og-Kalle-scaled.jpg","width":1926,"height":2560,"caption":"Erik og Kalle"},{"@type":"BreadcrumbList","@id":"https:\/\/visitbo.no\/sommarlandfestivalen\/invitasjon\/#breadcrumb","itemListElement":[{"@type":"ListItem","position":1,"name":"Hjem","item":"https:\/\/visitbo.no\/sommarlandfestivalen\/"},{"@type":"ListItem","position":2,"name":"Invitasjon"}]},{"@type":"WebSite","@id":"https:\/\/visitbo.no\/sommarlandfestivalen\/#website","url":"https:\/\/visitbo.no\/sommarlandfestivalen\/","name":"Sommarlandfestivalen","description":"One online experience - for everything your destination has to offer.","potentialAction":[{"@type":"SearchAction","target":{"@type":"EntryPoint","urlTemplate":"https:\/\/visitbo.no\/sommarlandfestivalen\/?s={search_term_string}"},"query-input":{"@type":"PropertyValueSpecification","valueRequired":true,"valueName":"search_term_string"}}],"inLanguage":"nb-NO"}]}},"_links":{"self":[{"href":"https:\/\/visitbo.no\/sommarlandfestivalen\/wp-json\/wp\/v2\/pages\/7980","targetHints":{"allow":["GET"]}}],"collection":[{"href":"https:\/\/visitbo.no\/sommarlandfestivalen\/wp-json\/wp\/v2\/pages"}],"about":[{"href":"https:\/\/visitbo.no\/sommarlandfestivalen\/wp-json\/wp\/v2\/types\/page"}],"author":[{"embeddable":true,"href":"https:\/\/visitbo.no\/sommarlandfestivalen\/wp-json\/wp\/v2\/users\/6"}],"replies":[{"embeddable":true,"href":"https:\/\/visitbo.no\/sommarlandfestivalen\/wp-json\/wp\/v2\/comments?post=7980"}],"version-history":[{"count":23,"href":"https:\/\/visitbo.no\/sommarlandfestivalen\/wp-json\/wp\/v2\/pages\/7980\/revisions"}],"predecessor-version":[{"id":8387,"href":"https:\/\/visitbo.no\/sommarlandfestivalen\/wp-json\/wp\/v2\/pages\/7980\/revisions\/8387"}],"wp:attachment":[{"href":"https:\/\/visitbo.no\/sommarlandfestivalen\/wp-json\/wp\/v2\/media?parent=7980"}],"curies":[{"name":"wp","href":"https:\/\/api.w.org\/{rel}","templated":true}]}}