{"id":7935,"date":"2020-02-17T22:00:10","date_gmt":"2020-02-17T21:00:10","guid":{"rendered":"https:\/\/visitbo.no\/sonstebotunet\/?page_id=7935"},"modified":"2025-02-26T14:48:44","modified_gmt":"2025-02-26T13:48:44","slug":"omoss","status":"publish","type":"page","link":"https:\/\/visitbo.no\/sonstebotunet\/omoss\/","title":{"rendered":"Om oss"},"content":{"rendered":"<div id=\"cs-content\" class=\"cs-content\"><\/div>\n","protected":false},"excerpt":{"rendered":"<p>S\u00f8nsteb\u00f8 startet som en liten butikk for 90 \u00e5r siden av Marie og Hellek S\u00f8nsteb\u00f8. Borgny og Jens S\u00f8nsteb\u00f8 tok s\u00e5 over og i 1999 ble S\u00f8nsteb\u00f8tunet videreutviklet til en total flate p\u00e5 4000m2. Dette var den st\u00f8rste utbyggingen s\u00e5 langt. N\u00e5 er det Jan Helge og Tove som har overtatt stafettpinnen. 2012 skulle det igjen utvides og det er &#8230; <\/p>\n<div><a href=\"https:\/\/visitbo.no\/sonstebotunet\/omoss\/\" class=\"more-link\">Read More<\/a><\/div>\n","protected":false},"author":6,"featured_media":0,"parent":0,"menu_order":3,"comment_status":"closed","ping_status":"closed","template":"","meta":{"_relevanssi_hide_post":"","_relevanssi_hide_content":"","_relevanssi_pin_for_all":"","_relevanssi_pin_keywords":"","_relevanssi_unpin_keywords":"","_relevanssi_related_keywords":"","_relevanssi_related_include_ids":"","_relevanssi_related_exclude_ids":"","_relevanssi_related_no_append":"","_relevanssi_related_not_related":"","_relevanssi_related_posts":"","_relevanssi_noindex_reason":"","footnotes":""},"class_list":["post-7935","page","type-page","status-publish","hentry","no-post-thumbnail"],"yoast_head":"<!-- This site is optimized with the Yoast SEO plugin v27.2 - https:\/\/yoast.com\/product\/yoast-seo-wordpress\/ -->\n<title>Om oss - S\u00f8nsteb\u00f8tunet<\/title>\n<meta name=\"robots\" content=\"index, follow, max-snippet:-1, max-image-preview:large, max-video-preview:-1\" \/>\n<link rel=\"canonical\" href=\"https:\/\/visitbo.no\/sonstebotunet\/omoss\/\" \/>\n<meta property=\"og:locale\" content=\"nb_NO\" \/>\n<meta property=\"og:type\" content=\"article\" \/>\n<meta property=\"og:title\" content=\"Om oss - S\u00f8nsteb\u00f8tunet\" \/>\n<meta property=\"og:description\" content=\"S\u00f8nsteb\u00f8 startet som en liten butikk for 90 \u00e5r siden av Marie og Hellek S\u00f8nsteb\u00f8. Borgny og Jens S\u00f8nsteb\u00f8 tok s\u00e5 over og i 1999 ble S\u00f8nsteb\u00f8tunet videreutviklet til en total flate p\u00e5 4000m2. Dette var den st\u00f8rste utbyggingen s\u00e5 langt. N\u00e5 er det Jan Helge og Tove som har overtatt stafettpinnen. 2012 skulle det igjen utvides og det er ... Read More\" \/>\n<meta property=\"og:url\" content=\"https:\/\/visitbo.no\/sonstebotunet\/omoss\/\" \/>\n<meta property=\"og:site_name\" content=\"S\u00f8nsteb\u00f8tunet\" \/>\n<meta property=\"article:modified_time\" content=\"2025-02-26T13:48:44+00:00\" \/>\n<meta property=\"og:image\" content=\"https:\/\/visitbo.no\/sonstebotunet\/wp-content\/uploads\/sites\/51\/2020\/06\/logoBlackAndWhite.png\" \/>\n<meta name=\"twitter:card\" content=\"summary_large_image\" \/>\n<meta name=\"twitter:label1\" content=\"Ansl. lesetid\" \/>\n\t<meta name=\"twitter:data1\" content=\"2 minutter\" \/>\n<script type=\"application\/ld+json\" class=\"yoast-schema-graph\">{\"@context\":\"https:\/\/schema.org\",\"@graph\":[{\"@type\":\"WebPage\",\"@id\":\"https:\/\/visitbo.no\/sonstebotunet\/omoss\/\",\"url\":\"https:\/\/visitbo.no\/sonstebotunet\/omoss\/\",\"name\":\"Om oss - S\u00f8nsteb\u00f8tunet\",\"isPartOf\":{\"@id\":\"https:\/\/visitbo.no\/sonstebotunet\/#website\"},\"primaryImageOfPage\":{\"@id\":\"https:\/\/visitbo.no\/sonstebotunet\/omoss\/#primaryimage\"},\"image\":{\"@id\":\"https:\/\/visitbo.no\/sonstebotunet\/omoss\/#primaryimage\"},\"thumbnailUrl\":\"https:\/\/visitbo.no\/sonstebotunet\/wp-content\/uploads\/sites\/51\/2020\/06\/logoBlackAndWhite.png\",\"datePublished\":\"2020-02-17T21:00:10+00:00\",\"dateModified\":\"2025-02-26T13:48:44+00:00\",\"breadcrumb\":{\"@id\":\"https:\/\/visitbo.no\/sonstebotunet\/omoss\/#breadcrumb\"},\"inLanguage\":\"nb-NO\",\"potentialAction\":[{\"@type\":\"ReadAction\",\"target\":[\"https:\/\/visitbo.no\/sonstebotunet\/omoss\/\"]}]},{\"@type\":\"ImageObject\",\"inLanguage\":\"nb-NO\",\"@id\":\"https:\/\/visitbo.no\/sonstebotunet\/omoss\/#primaryimage\",\"url\":\"https:\/\/visitbo.no\/sonstebotunet\/wp-content\/uploads\/sites\/51\/2020\/06\/logoBlackAndWhite.png\",\"contentUrl\":\"https:\/\/visitbo.no\/sonstebotunet\/wp-content\/uploads\/sites\/51\/2020\/06\/logoBlackAndWhite.png\",\"width\":702,\"height\":321},{\"@type\":\"BreadcrumbList\",\"@id\":\"https:\/\/visitbo.no\/sonstebotunet\/omoss\/#breadcrumb\",\"itemListElement\":[{\"@type\":\"ListItem\",\"position\":1,\"name\":\"Hjem\",\"item\":\"https:\/\/visitbo.no\/sonstebotunet\/\"},{\"@type\":\"ListItem\",\"position\":2,\"name\":\"Om oss\"}]},{\"@type\":\"WebSite\",\"@id\":\"https:\/\/visitbo.no\/sonstebotunet\/#website\",\"url\":\"https:\/\/visitbo.no\/sonstebotunet\/\",\"name\":\"S\u00f8nsteb\u00f8tunet\",\"description\":\"One online experience - for everything your destination has to offer.\",\"potentialAction\":[{\"@type\":\"SearchAction\",\"target\":{\"@type\":\"EntryPoint\",\"urlTemplate\":\"https:\/\/visitbo.no\/sonstebotunet\/?s={search_term_string}\"},\"query-input\":{\"@type\":\"PropertyValueSpecification\",\"valueRequired\":true,\"valueName\":\"search_term_string\"}}],\"inLanguage\":\"nb-NO\"}]}<\/script>\n<!-- \/ Yoast SEO plugin. -->","yoast_head_json":{"title":"Om oss - S\u00f8nsteb\u00f8tunet","robots":{"index":"index","follow":"follow","max-snippet":"max-snippet:-1","max-image-preview":"max-image-preview:large","max-video-preview":"max-video-preview:-1"},"canonical":"https:\/\/visitbo.no\/sonstebotunet\/omoss\/","og_locale":"nb_NO","og_type":"article","og_title":"Om oss - S\u00f8nsteb\u00f8tunet","og_description":"S\u00f8nsteb\u00f8 startet som en liten butikk for 90 \u00e5r siden av Marie og Hellek S\u00f8nsteb\u00f8. Borgny og Jens S\u00f8nsteb\u00f8 tok s\u00e5 over og i 1999 ble S\u00f8nsteb\u00f8tunet videreutviklet til en total flate p\u00e5 4000m2. Dette var den st\u00f8rste utbyggingen s\u00e5 langt. N\u00e5 er det Jan Helge og Tove som har overtatt stafettpinnen. 2012 skulle det igjen utvides og det er ... Read More","og_url":"https:\/\/visitbo.no\/sonstebotunet\/omoss\/","og_site_name":"S\u00f8nsteb\u00f8tunet","article_modified_time":"2025-02-26T13:48:44+00:00","og_image":[{"url":"https:\/\/visitbo.no\/sonstebotunet\/wp-content\/uploads\/sites\/51\/2020\/06\/logoBlackAndWhite.png","type":"","width":"","height":""}],"twitter_card":"summary_large_image","twitter_misc":{"Ansl. lesetid":"2 minutter"},"schema":{"@context":"https:\/\/schema.org","@graph":[{"@type":"WebPage","@id":"https:\/\/visitbo.no\/sonstebotunet\/omoss\/","url":"https:\/\/visitbo.no\/sonstebotunet\/omoss\/","name":"Om oss - S\u00f8nsteb\u00f8tunet","isPartOf":{"@id":"https:\/\/visitbo.no\/sonstebotunet\/#website"},"primaryImageOfPage":{"@id":"https:\/\/visitbo.no\/sonstebotunet\/omoss\/#primaryimage"},"image":{"@id":"https:\/\/visitbo.no\/sonstebotunet\/omoss\/#primaryimage"},"thumbnailUrl":"https:\/\/visitbo.no\/sonstebotunet\/wp-content\/uploads\/sites\/51\/2020\/06\/logoBlackAndWhite.png","datePublished":"2020-02-17T21:00:10+00:00","dateModified":"2025-02-26T13:48:44+00:00","breadcrumb":{"@id":"https:\/\/visitbo.no\/sonstebotunet\/omoss\/#breadcrumb"},"inLanguage":"nb-NO","potentialAction":[{"@type":"ReadAction","target":["https:\/\/visitbo.no\/sonstebotunet\/omoss\/"]}]},{"@type":"ImageObject","inLanguage":"nb-NO","@id":"https:\/\/visitbo.no\/sonstebotunet\/omoss\/#primaryimage","url":"https:\/\/visitbo.no\/sonstebotunet\/wp-content\/uploads\/sites\/51\/2020\/06\/logoBlackAndWhite.png","contentUrl":"https:\/\/visitbo.no\/sonstebotunet\/wp-content\/uploads\/sites\/51\/2020\/06\/logoBlackAndWhite.png","width":702,"height":321},{"@type":"BreadcrumbList","@id":"https:\/\/visitbo.no\/sonstebotunet\/omoss\/#breadcrumb","itemListElement":[{"@type":"ListItem","position":1,"name":"Hjem","item":"https:\/\/visitbo.no\/sonstebotunet\/"},{"@type":"ListItem","position":2,"name":"Om oss"}]},{"@type":"WebSite","@id":"https:\/\/visitbo.no\/sonstebotunet\/#website","url":"https:\/\/visitbo.no\/sonstebotunet\/","name":"S\u00f8nsteb\u00f8tunet","description":"One online experience - for everything your destination has to offer.","potentialAction":[{"@type":"SearchAction","target":{"@type":"EntryPoint","urlTemplate":"https:\/\/visitbo.no\/sonstebotunet\/?s={search_term_string}"},"query-input":{"@type":"PropertyValueSpecification","valueRequired":true,"valueName":"search_term_string"}}],"inLanguage":"nb-NO"}]}},"_links":{"self":[{"href":"https:\/\/visitbo.no\/sonstebotunet\/wp-json\/wp\/v2\/pages\/7935","targetHints":{"allow":["GET"]}}],"collection":[{"href":"https:\/\/visitbo.no\/sonstebotunet\/wp-json\/wp\/v2\/pages"}],"about":[{"href":"https:\/\/visitbo.no\/sonstebotunet\/wp-json\/wp\/v2\/types\/page"}],"author":[{"embeddable":true,"href":"https:\/\/visitbo.no\/sonstebotunet\/wp-json\/wp\/v2\/users\/6"}],"replies":[{"embeddable":true,"href":"https:\/\/visitbo.no\/sonstebotunet\/wp-json\/wp\/v2\/comments?post=7935"}],"version-history":[{"count":11,"href":"https:\/\/visitbo.no\/sonstebotunet\/wp-json\/wp\/v2\/pages\/7935\/revisions"}],"predecessor-version":[{"id":10315,"href":"https:\/\/visitbo.no\/sonstebotunet\/wp-json\/wp\/v2\/pages\/7935\/revisions\/10315"}],"wp:attachment":[{"href":"https:\/\/visitbo.no\/sonstebotunet\/wp-json\/wp\/v2\/media?parent=7935"}],"curies":[{"name":"wp","href":"https:\/\/api.w.org\/{rel}","templated":true}]}}