{"id":493,"date":"2017-10-12T20:47:30","date_gmt":"2017-10-12T18:47:30","guid":{"rendered":"https:\/\/visitbo.no\/turridning\/?page_id=493"},"modified":"2025-12-08T18:20:55","modified_gmt":"2025-12-08T17:20:55","slug":"arrangement-og-booking","status":"publish","type":"page","link":"https:\/\/visitbo.no\/turridning\/arrangement-og-booking\/","title":{"rendered":"Arrangementer og booking"},"content":{"rendered":"<div id=\"cs-content\" class=\"cs-content\"><\/div>\n","protected":false},"excerpt":{"rendered":"<p>Arrangementer og booking I sommerm\u00e5nedene juli og august finner du B\u00f8 og Lifjell Turridning AS p\u00e5 Lifjell hvor vi arrangerer turer i spektakul\u00e6rt fjellterreng og vakre omgivelser. Turene arrangeres av daglig leder Ragnhild Rekanes. Hun er en engasjert, energisk og erfaren dame, og har gjort stor suksess siden oppstarten i 2016. Hun er en selvutnevnt fjellgeit som kjenner turomr\u00e5dene sv\u00e6rt &#8230; <\/p>\n<div><a href=\"https:\/\/visitbo.no\/turridning\/arrangementer\/lett-to-timers-tur-179-636\/\" class=\"more-link\">Read More<\/a><\/div>\n","protected":false},"author":1,"featured_media":0,"parent":0,"menu_order":3,"comment_status":"closed","ping_status":"closed","template":"template-blank-4.php","meta":{"_relevanssi_hide_post":"","_relevanssi_hide_content":"","_relevanssi_pin_for_all":"","_relevanssi_pin_keywords":"","_relevanssi_unpin_keywords":"","_relevanssi_related_keywords":"","_relevanssi_related_include_ids":"","_relevanssi_related_exclude_ids":"","_relevanssi_related_no_append":"","_relevanssi_related_not_related":"","_relevanssi_related_posts":"","_relevanssi_noindex_reason":"","footnotes":""},"class_list":["post-493","page","type-page","status-publish","hentry","no-post-thumbnail"],"yoast_head":"<!-- This site is optimized with the Yoast SEO plugin v27.2 - https:\/\/yoast.com\/product\/yoast-seo-wordpress\/ -->\n<title>Arrangementer og booking - B\u00f8 og Lifjell Turridning<\/title>\n<meta name=\"robots\" content=\"index, follow, max-snippet:-1, max-image-preview:large, max-video-preview:-1\" \/>\n<link rel=\"canonical\" href=\"https:\/\/visitbo.no\/turridning\/arrangement-og-booking\/\" \/>\n<meta property=\"og:locale\" content=\"nb_NO\" \/>\n<meta property=\"og:type\" content=\"article\" \/>\n<meta property=\"og:title\" content=\"Arrangementer og booking - B\u00f8 og Lifjell Turridning\" \/>\n<meta property=\"og:description\" content=\"Arrangementer og booking I sommerm\u00e5nedene juli og august finner du B\u00f8 og Lifjell Turridning AS p\u00e5 Lifjell hvor vi arrangerer turer i spektakul\u00e6rt fjellterreng og vakre omgivelser. Turene arrangeres av daglig leder Ragnhild Rekanes. Hun er en engasjert, energisk og erfaren dame, og har gjort stor suksess siden oppstarten i 2016. Hun er en selvutnevnt fjellgeit som kjenner turomr\u00e5dene sv\u00e6rt ... Read More\" \/>\n<meta property=\"og:url\" content=\"https:\/\/visitbo.no\/turridning\/arrangement-og-booking\/\" \/>\n<meta property=\"og:site_name\" content=\"B\u00f8 og Lifjell Turridning\" \/>\n<meta property=\"article:modified_time\" content=\"2025-12-08T17:20:55+00:00\" \/>\n<meta name=\"twitter:card\" content=\"summary_large_image\" \/>\n<meta name=\"twitter:label1\" content=\"Ansl. lesetid\" \/>\n\t<meta name=\"twitter:data1\" content=\"6 minutter\" \/>\n<script type=\"application\/ld+json\" class=\"yoast-schema-graph\">{\"@context\":\"https:\/\/schema.org\",\"@graph\":[{\"@type\":\"WebPage\",\"@id\":\"https:\/\/visitbo.no\/turridning\/arrangement-og-booking\/\",\"url\":\"https:\/\/visitbo.no\/turridning\/arrangement-og-booking\/\",\"name\":\"Arrangementer og booking - B\u00f8 og Lifjell Turridning\",\"isPartOf\":{\"@id\":\"https:\/\/visitbo.no\/turridning\/#website\"},\"datePublished\":\"2017-10-12T18:47:30+00:00\",\"dateModified\":\"2025-12-08T17:20:55+00:00\",\"breadcrumb\":{\"@id\":\"https:\/\/visitbo.no\/turridning\/arrangement-og-booking\/#breadcrumb\"},\"inLanguage\":\"nb-NO\",\"potentialAction\":[{\"@type\":\"ReadAction\",\"target\":[\"https:\/\/visitbo.no\/turridning\/arrangement-og-booking\/\"]}]},{\"@type\":\"BreadcrumbList\",\"@id\":\"https:\/\/visitbo.no\/turridning\/arrangement-og-booking\/#breadcrumb\",\"itemListElement\":[{\"@type\":\"ListItem\",\"position\":1,\"name\":\"Hjem\",\"item\":\"https:\/\/visitbo.no\/turridning\/\"},{\"@type\":\"ListItem\",\"position\":2,\"name\":\"Arrangementer og booking\"}]},{\"@type\":\"WebSite\",\"@id\":\"https:\/\/visitbo.no\/turridning\/#website\",\"url\":\"https:\/\/visitbo.no\/turridning\/\",\"name\":\"B\u00f8 og Lifjell Turridning\",\"description\":\"One online experience - for everything your destination has to offer.\",\"potentialAction\":[{\"@type\":\"SearchAction\",\"target\":{\"@type\":\"EntryPoint\",\"urlTemplate\":\"https:\/\/visitbo.no\/turridning\/?s={search_term_string}\"},\"query-input\":{\"@type\":\"PropertyValueSpecification\",\"valueRequired\":true,\"valueName\":\"search_term_string\"}}],\"inLanguage\":\"nb-NO\"}]}<\/script>\n<!-- \/ Yoast SEO plugin. -->","yoast_head_json":{"title":"Arrangementer og booking - B\u00f8 og Lifjell Turridning","robots":{"index":"index","follow":"follow","max-snippet":"max-snippet:-1","max-image-preview":"max-image-preview:large","max-video-preview":"max-video-preview:-1"},"canonical":"https:\/\/visitbo.no\/turridning\/arrangement-og-booking\/","og_locale":"nb_NO","og_type":"article","og_title":"Arrangementer og booking - B\u00f8 og Lifjell Turridning","og_description":"Arrangementer og booking I sommerm\u00e5nedene juli og august finner du B\u00f8 og Lifjell Turridning AS p\u00e5 Lifjell hvor vi arrangerer turer i spektakul\u00e6rt fjellterreng og vakre omgivelser. Turene arrangeres av daglig leder Ragnhild Rekanes. Hun er en engasjert, energisk og erfaren dame, og har gjort stor suksess siden oppstarten i 2016. Hun er en selvutnevnt fjellgeit som kjenner turomr\u00e5dene sv\u00e6rt ... Read More","og_url":"https:\/\/visitbo.no\/turridning\/arrangement-og-booking\/","og_site_name":"B\u00f8 og Lifjell Turridning","article_modified_time":"2025-12-08T17:20:55+00:00","twitter_card":"summary_large_image","twitter_misc":{"Ansl. lesetid":"6 minutter"},"schema":{"@context":"https:\/\/schema.org","@graph":[{"@type":"WebPage","@id":"https:\/\/visitbo.no\/turridning\/arrangement-og-booking\/","url":"https:\/\/visitbo.no\/turridning\/arrangement-og-booking\/","name":"Arrangementer og booking - B\u00f8 og Lifjell Turridning","isPartOf":{"@id":"https:\/\/visitbo.no\/turridning\/#website"},"datePublished":"2017-10-12T18:47:30+00:00","dateModified":"2025-12-08T17:20:55+00:00","breadcrumb":{"@id":"https:\/\/visitbo.no\/turridning\/arrangement-og-booking\/#breadcrumb"},"inLanguage":"nb-NO","potentialAction":[{"@type":"ReadAction","target":["https:\/\/visitbo.no\/turridning\/arrangement-og-booking\/"]}]},{"@type":"BreadcrumbList","@id":"https:\/\/visitbo.no\/turridning\/arrangement-og-booking\/#breadcrumb","itemListElement":[{"@type":"ListItem","position":1,"name":"Hjem","item":"https:\/\/visitbo.no\/turridning\/"},{"@type":"ListItem","position":2,"name":"Arrangementer og booking"}]},{"@type":"WebSite","@id":"https:\/\/visitbo.no\/turridning\/#website","url":"https:\/\/visitbo.no\/turridning\/","name":"B\u00f8 og Lifjell Turridning","description":"One online experience - for everything your destination has to offer.","potentialAction":[{"@type":"SearchAction","target":{"@type":"EntryPoint","urlTemplate":"https:\/\/visitbo.no\/turridning\/?s={search_term_string}"},"query-input":{"@type":"PropertyValueSpecification","valueRequired":true,"valueName":"search_term_string"}}],"inLanguage":"nb-NO"}]}},"_links":{"self":[{"href":"https:\/\/visitbo.no\/turridning\/wp-json\/wp\/v2\/pages\/493","targetHints":{"allow":["GET"]}}],"collection":[{"href":"https:\/\/visitbo.no\/turridning\/wp-json\/wp\/v2\/pages"}],"about":[{"href":"https:\/\/visitbo.no\/turridning\/wp-json\/wp\/v2\/types\/page"}],"author":[{"embeddable":true,"href":"https:\/\/visitbo.no\/turridning\/wp-json\/wp\/v2\/users\/1"}],"replies":[{"embeddable":true,"href":"https:\/\/visitbo.no\/turridning\/wp-json\/wp\/v2\/comments?post=493"}],"version-history":[{"count":157,"href":"https:\/\/visitbo.no\/turridning\/wp-json\/wp\/v2\/pages\/493\/revisions"}],"predecessor-version":[{"id":10577,"href":"https:\/\/visitbo.no\/turridning\/wp-json\/wp\/v2\/pages\/493\/revisions\/10577"}],"wp:attachment":[{"href":"https:\/\/visitbo.no\/turridning\/wp-json\/wp\/v2\/media?parent=493"}],"curies":[{"name":"wp","href":"https:\/\/api.w.org\/{rel}","templated":true}]}}