{"id":6898,"date":"2019-02-25T11:44:09","date_gmt":"2019-02-25T10:44:09","guid":{"rendered":"https:\/\/visitbo.no\/turridning\/?page_id=6898"},"modified":"2022-03-24T14:44:19","modified_gmt":"2022-03-24T13:44:19","slug":"universell-utforming","status":"publish","type":"page","link":"https:\/\/visitbo.no\/turridning\/universell-utforming\/","title":{"rendered":"Universell utforming"},"content":{"rendered":"<div id=\"cs-content\" class=\"cs-content\"><\/div>\n","protected":false},"excerpt":{"rendered":"<p>Vi i B\u00f8 og Lifjell Turridning er stolte av \u00e5 st\u00f8tte Solsikkemerket og med i prosjektet &laquo;Inkluderende reiseliv i Telemark&raquo; for \u00e5 f\u00e5 mer kunnskap om tilrettelegging for mennesker med funskjonsnedsettelse. Ikke alle funksjonsnedsettelser er synlige \u2013 noen er usynlige. Solsikkemerket er en diskr\u00e9 m\u00e5te \u00e5 vise de rundt deg at du har en usynlig funksjonsnedsettelse og kan ha behov &#8230; <\/p>\n<div><a href=\"https:\/\/visitbo.no\/turridning\/universell-utforming\/\" class=\"more-link\">Read More<\/a><\/div>\n","protected":false},"author":4,"featured_media":0,"parent":0,"menu_order":3,"comment_status":"closed","ping_status":"closed","template":"","meta":{"_relevanssi_hide_post":"","_relevanssi_hide_content":"","_relevanssi_pin_for_all":"","_relevanssi_pin_keywords":"","_relevanssi_unpin_keywords":"","_relevanssi_related_keywords":"","_relevanssi_related_include_ids":"","_relevanssi_related_exclude_ids":"","_relevanssi_related_no_append":"","_relevanssi_related_not_related":"","_relevanssi_related_posts":"","_relevanssi_noindex_reason":"","footnotes":""},"class_list":["post-6898","page","type-page","status-publish","hentry","no-post-thumbnail"],"yoast_head":"<!-- This site is optimized with the Yoast SEO plugin v27.2 - https:\/\/yoast.com\/product\/yoast-seo-wordpress\/ -->\n<title>Universell utforming - B\u00f8 og Lifjell Turridning<\/title>\n<meta name=\"robots\" content=\"index, follow, max-snippet:-1, max-image-preview:large, max-video-preview:-1\" \/>\n<link rel=\"canonical\" href=\"https:\/\/visitbo.no\/turridning\/universell-utforming\/\" \/>\n<meta property=\"og:locale\" content=\"nb_NO\" \/>\n<meta property=\"og:type\" content=\"article\" \/>\n<meta property=\"og:title\" content=\"Universell utforming - B\u00f8 og Lifjell Turridning\" \/>\n<meta property=\"og:description\" content=\"Vi i B\u00f8 og Lifjell Turridning er stolte av \u00e5 st\u00f8tte Solsikkemerket og med i prosjektet &quot;Inkluderende reiseliv i Telemark&quot; for \u00e5 f\u00e5 mer kunnskap om tilrettelegging for mennesker med funskjonsnedsettelse. Ikke alle funksjonsnedsettelser er synlige \u2013 noen er usynlige. Solsikkemerket er en diskr\u00e9 m\u00e5te \u00e5 vise de rundt deg at du har en usynlig funksjonsnedsettelse og kan ha behov ... Read More\" \/>\n<meta property=\"og:url\" content=\"https:\/\/visitbo.no\/turridning\/universell-utforming\/\" \/>\n<meta property=\"og:site_name\" content=\"B\u00f8 og Lifjell Turridning\" \/>\n<meta property=\"article:modified_time\" content=\"2022-03-24T13:44:19+00:00\" \/>\n<meta name=\"twitter:card\" content=\"summary_large_image\" \/>\n<meta name=\"twitter:label1\" content=\"Ansl. lesetid\" \/>\n\t<meta name=\"twitter:data1\" content=\"2 minutter\" \/>\n<script type=\"application\/ld+json\" class=\"yoast-schema-graph\">{\"@context\":\"https:\/\/schema.org\",\"@graph\":[{\"@type\":\"WebPage\",\"@id\":\"https:\/\/visitbo.no\/turridning\/universell-utforming\/\",\"url\":\"https:\/\/visitbo.no\/turridning\/universell-utforming\/\",\"name\":\"Universell utforming - B\u00f8 og Lifjell Turridning\",\"isPartOf\":{\"@id\":\"https:\/\/visitbo.no\/turridning\/#website\"},\"datePublished\":\"2019-02-25T10:44:09+00:00\",\"dateModified\":\"2022-03-24T13:44:19+00:00\",\"breadcrumb\":{\"@id\":\"https:\/\/visitbo.no\/turridning\/universell-utforming\/#breadcrumb\"},\"inLanguage\":\"nb-NO\",\"potentialAction\":[{\"@type\":\"ReadAction\",\"target\":[\"https:\/\/visitbo.no\/turridning\/universell-utforming\/\"]}]},{\"@type\":\"BreadcrumbList\",\"@id\":\"https:\/\/visitbo.no\/turridning\/universell-utforming\/#breadcrumb\",\"itemListElement\":[{\"@type\":\"ListItem\",\"position\":1,\"name\":\"Hjem\",\"item\":\"https:\/\/visitbo.no\/turridning\/\"},{\"@type\":\"ListItem\",\"position\":2,\"name\":\"Universell utforming\"}]},{\"@type\":\"WebSite\",\"@id\":\"https:\/\/visitbo.no\/turridning\/#website\",\"url\":\"https:\/\/visitbo.no\/turridning\/\",\"name\":\"B\u00f8 og Lifjell Turridning\",\"description\":\"One online experience - for everything your destination has to offer.\",\"potentialAction\":[{\"@type\":\"SearchAction\",\"target\":{\"@type\":\"EntryPoint\",\"urlTemplate\":\"https:\/\/visitbo.no\/turridning\/?s={search_term_string}\"},\"query-input\":{\"@type\":\"PropertyValueSpecification\",\"valueRequired\":true,\"valueName\":\"search_term_string\"}}],\"inLanguage\":\"nb-NO\"}]}<\/script>\n<!-- \/ Yoast SEO plugin. -->","yoast_head_json":{"title":"Universell utforming - B\u00f8 og Lifjell Turridning","robots":{"index":"index","follow":"follow","max-snippet":"max-snippet:-1","max-image-preview":"max-image-preview:large","max-video-preview":"max-video-preview:-1"},"canonical":"https:\/\/visitbo.no\/turridning\/universell-utforming\/","og_locale":"nb_NO","og_type":"article","og_title":"Universell utforming - B\u00f8 og Lifjell Turridning","og_description":"Vi i B\u00f8 og Lifjell Turridning er stolte av \u00e5 st\u00f8tte Solsikkemerket og med i prosjektet \"Inkluderende reiseliv i Telemark\" for \u00e5 f\u00e5 mer kunnskap om tilrettelegging for mennesker med funskjonsnedsettelse. Ikke alle funksjonsnedsettelser er synlige \u2013 noen er usynlige. Solsikkemerket er en diskr\u00e9 m\u00e5te \u00e5 vise de rundt deg at du har en usynlig funksjonsnedsettelse og kan ha behov ... Read More","og_url":"https:\/\/visitbo.no\/turridning\/universell-utforming\/","og_site_name":"B\u00f8 og Lifjell Turridning","article_modified_time":"2022-03-24T13:44:19+00:00","twitter_card":"summary_large_image","twitter_misc":{"Ansl. lesetid":"2 minutter"},"schema":{"@context":"https:\/\/schema.org","@graph":[{"@type":"WebPage","@id":"https:\/\/visitbo.no\/turridning\/universell-utforming\/","url":"https:\/\/visitbo.no\/turridning\/universell-utforming\/","name":"Universell utforming - B\u00f8 og Lifjell Turridning","isPartOf":{"@id":"https:\/\/visitbo.no\/turridning\/#website"},"datePublished":"2019-02-25T10:44:09+00:00","dateModified":"2022-03-24T13:44:19+00:00","breadcrumb":{"@id":"https:\/\/visitbo.no\/turridning\/universell-utforming\/#breadcrumb"},"inLanguage":"nb-NO","potentialAction":[{"@type":"ReadAction","target":["https:\/\/visitbo.no\/turridning\/universell-utforming\/"]}]},{"@type":"BreadcrumbList","@id":"https:\/\/visitbo.no\/turridning\/universell-utforming\/#breadcrumb","itemListElement":[{"@type":"ListItem","position":1,"name":"Hjem","item":"https:\/\/visitbo.no\/turridning\/"},{"@type":"ListItem","position":2,"name":"Universell utforming"}]},{"@type":"WebSite","@id":"https:\/\/visitbo.no\/turridning\/#website","url":"https:\/\/visitbo.no\/turridning\/","name":"B\u00f8 og Lifjell Turridning","description":"One online experience - for everything your destination has to offer.","potentialAction":[{"@type":"SearchAction","target":{"@type":"EntryPoint","urlTemplate":"https:\/\/visitbo.no\/turridning\/?s={search_term_string}"},"query-input":{"@type":"PropertyValueSpecification","valueRequired":true,"valueName":"search_term_string"}}],"inLanguage":"nb-NO"}]}},"_links":{"self":[{"href":"https:\/\/visitbo.no\/turridning\/wp-json\/wp\/v2\/pages\/6898","targetHints":{"allow":["GET"]}}],"collection":[{"href":"https:\/\/visitbo.no\/turridning\/wp-json\/wp\/v2\/pages"}],"about":[{"href":"https:\/\/visitbo.no\/turridning\/wp-json\/wp\/v2\/types\/page"}],"author":[{"embeddable":true,"href":"https:\/\/visitbo.no\/turridning\/wp-json\/wp\/v2\/users\/4"}],"replies":[{"embeddable":true,"href":"https:\/\/visitbo.no\/turridning\/wp-json\/wp\/v2\/comments?post=6898"}],"version-history":[{"count":33,"href":"https:\/\/visitbo.no\/turridning\/wp-json\/wp\/v2\/pages\/6898\/revisions"}],"predecessor-version":[{"id":8501,"href":"https:\/\/visitbo.no\/turridning\/wp-json\/wp\/v2\/pages\/6898\/revisions\/8501"}],"wp:attachment":[{"href":"https:\/\/visitbo.no\/turridning\/wp-json\/wp\/v2\/media?parent=6898"}],"curies":[{"name":"wp","href":"https:\/\/api.w.org\/{rel}","templated":true}]}}