{"id":2,"date":"2012-04-11T16:34:42","date_gmt":"2012-04-11T14:34:42","guid":{"rendered":"https:\/\/tonto.wp.oppdateringsfabrikken.no\/?page_id=2"},"modified":"2025-06-04T13:20:48","modified_gmt":"2025-06-04T11:20:48","slug":"forside","status":"publish","type":"page","link":"https:\/\/visitbo.no\/ulefoshovedgaard\/","title":{"rendered":"Ulefos Hovedgaard"},"content":{"rendered":"<div id=\"cs-content\" class=\"cs-content\"><\/div>\n","protected":false},"excerpt":{"rendered":"<p>Ulefos Hovedgaard Norges fremste empirebygg og 1814-minister Niels Aalls sommerresidens. Museumsbutikk, kaf\u00e9 og guidede omvisningerUlefos Hovedgaard Norges fremste empirebygg og 1814-minister Niels Aalls sommerresidens. Museumsbutikk, kaf\u00e8 og guidet omvisningerNiels Aall, som bygde empireanlegget i 1807, var handelsminister da grunnloven ble vedtatt i 1814, og viktige diskusjoner ble tatt b\u00e5de her p\u00e5 Ulefos Hovedgaard og p\u00e5 S\u00f8ndre Brekke i Skien. Hovedbygningen &#8230; <\/p>\n<div><a href=\"https:\/\/visitbo.no\/ulefoshovedgaard\/\" class=\"more-link\">Read More<\/a><\/div>\n","protected":false},"author":1,"featured_media":0,"parent":0,"menu_order":0,"comment_status":"closed","ping_status":"closed","template":"template-blank-4.php","meta":{"_relevanssi_hide_post":"","_relevanssi_hide_content":"","_relevanssi_pin_for_all":"","_relevanssi_pin_keywords":"","_relevanssi_unpin_keywords":"","_relevanssi_related_keywords":"","_relevanssi_related_include_ids":"","_relevanssi_related_exclude_ids":"","_relevanssi_related_no_append":"","_relevanssi_related_not_related":"","_relevanssi_related_posts":"","_relevanssi_noindex_reason":"","footnotes":""},"class_list":["post-2","page","type-page","status-publish","hentry","no-post-thumbnail"],"yoast_head":"<!-- This site is optimized with the Yoast SEO plugin v27.2 - https:\/\/yoast.com\/product\/yoast-seo-wordpress\/ -->\n<title>Ulefos Hovedgaard \u2502 Ting \u00e5 gj\u00f8re i Ulefoss \u2502Visit B\u00f8<\/title>\n<meta name=\"description\" content=\"Ulefos Hovedgaard er napoleonstidens arkitektoniske hovedverk i Norge, og p\u00e5 hovedgaarden tilbys omvisninger i herskapelige omgivelser.\" \/>\n<meta name=\"robots\" content=\"index, follow, max-snippet:-1, max-image-preview:large, max-video-preview:-1\" \/>\n<link rel=\"canonical\" href=\"https:\/\/visitbo.no\/ulefoshovedgaard\/\" \/>\n<meta property=\"og:locale\" content=\"nb_NO\" \/>\n<meta property=\"og:type\" content=\"article\" \/>\n<meta property=\"og:title\" content=\"Ulefos Hovedgaard \u2502 Ting \u00e5 gj\u00f8re i Ulefoss \u2502Visit B\u00f8\" \/>\n<meta property=\"og:description\" content=\"Ulefos Hovedgaard er napoleonstidens arkitektoniske hovedverk i Norge, og p\u00e5 hovedgaarden tilbys omvisninger i herskapelige omgivelser.\" \/>\n<meta property=\"og:url\" content=\"https:\/\/visitbo.no\/ulefoshovedgaard\/\" \/>\n<meta property=\"og:site_name\" content=\"Ulefos Hovedgaard\" \/>\n<meta property=\"article:modified_time\" content=\"2025-06-04T11:20:48+00:00\" \/>\n<meta name=\"twitter:card\" content=\"summary_large_image\" \/>\n<meta name=\"twitter:label1\" content=\"Ansl. lesetid\" \/>\n\t<meta name=\"twitter:data1\" content=\"3 minutter\" \/>\n<script type=\"application\/ld+json\" class=\"yoast-schema-graph\">{\"@context\":\"https:\/\/schema.org\",\"@graph\":[{\"@type\":\"WebPage\",\"@id\":\"https:\/\/visitbo.no\/ulefoshovedgaard\/\",\"url\":\"https:\/\/visitbo.no\/ulefoshovedgaard\/\",\"name\":\"Ulefos Hovedgaard \u2502 Ting \u00e5 gj\u00f8re i Ulefoss \u2502Visit B\u00f8\",\"isPartOf\":{\"@id\":\"https:\/\/visitbo.no\/ulefoshovedgaard\/#website\"},\"datePublished\":\"2012-04-11T14:34:42+00:00\",\"dateModified\":\"2025-06-04T11:20:48+00:00\",\"description\":\"Ulefos Hovedgaard er napoleonstidens arkitektoniske hovedverk i Norge, og p\u00e5 hovedgaarden tilbys omvisninger i herskapelige omgivelser.\",\"breadcrumb\":{\"@id\":\"https:\/\/visitbo.no\/ulefoshovedgaard\/#breadcrumb\"},\"inLanguage\":\"nb-NO\",\"potentialAction\":[{\"@type\":\"ReadAction\",\"target\":[\"https:\/\/visitbo.no\/ulefoshovedgaard\/\"]}]},{\"@type\":\"BreadcrumbList\",\"@id\":\"https:\/\/visitbo.no\/ulefoshovedgaard\/#breadcrumb\",\"itemListElement\":[{\"@type\":\"ListItem\",\"position\":1,\"name\":\"Hjem\",\"item\":\"https:\/\/visitbo.no\/ulefoshovedgaard\/\"},{\"@type\":\"ListItem\",\"position\":2,\"name\":\"Ulefos Hovedgaard\"}]},{\"@type\":\"WebSite\",\"@id\":\"https:\/\/visitbo.no\/ulefoshovedgaard\/#website\",\"url\":\"https:\/\/visitbo.no\/ulefoshovedgaard\/\",\"name\":\"Ulefos Hovedgaard\",\"description\":\"One online experience - for everything your destination has to offer.\",\"potentialAction\":[{\"@type\":\"SearchAction\",\"target\":{\"@type\":\"EntryPoint\",\"urlTemplate\":\"https:\/\/visitbo.no\/ulefoshovedgaard\/?s={search_term_string}\"},\"query-input\":{\"@type\":\"PropertyValueSpecification\",\"valueRequired\":true,\"valueName\":\"search_term_string\"}}],\"inLanguage\":\"nb-NO\"}]}<\/script>\n<!-- \/ Yoast SEO plugin. -->","yoast_head_json":{"title":"Ulefos Hovedgaard \u2502 Ting \u00e5 gj\u00f8re i Ulefoss \u2502Visit B\u00f8","description":"Ulefos Hovedgaard er napoleonstidens arkitektoniske hovedverk i Norge, og p\u00e5 hovedgaarden tilbys omvisninger i herskapelige omgivelser.","robots":{"index":"index","follow":"follow","max-snippet":"max-snippet:-1","max-image-preview":"max-image-preview:large","max-video-preview":"max-video-preview:-1"},"canonical":"https:\/\/visitbo.no\/ulefoshovedgaard\/","og_locale":"nb_NO","og_type":"article","og_title":"Ulefos Hovedgaard \u2502 Ting \u00e5 gj\u00f8re i Ulefoss \u2502Visit B\u00f8","og_description":"Ulefos Hovedgaard er napoleonstidens arkitektoniske hovedverk i Norge, og p\u00e5 hovedgaarden tilbys omvisninger i herskapelige omgivelser.","og_url":"https:\/\/visitbo.no\/ulefoshovedgaard\/","og_site_name":"Ulefos Hovedgaard","article_modified_time":"2025-06-04T11:20:48+00:00","twitter_card":"summary_large_image","twitter_misc":{"Ansl. lesetid":"3 minutter"},"schema":{"@context":"https:\/\/schema.org","@graph":[{"@type":"WebPage","@id":"https:\/\/visitbo.no\/ulefoshovedgaard\/","url":"https:\/\/visitbo.no\/ulefoshovedgaard\/","name":"Ulefos Hovedgaard \u2502 Ting \u00e5 gj\u00f8re i Ulefoss \u2502Visit B\u00f8","isPartOf":{"@id":"https:\/\/visitbo.no\/ulefoshovedgaard\/#website"},"datePublished":"2012-04-11T14:34:42+00:00","dateModified":"2025-06-04T11:20:48+00:00","description":"Ulefos Hovedgaard er napoleonstidens arkitektoniske hovedverk i Norge, og p\u00e5 hovedgaarden tilbys omvisninger i herskapelige omgivelser.","breadcrumb":{"@id":"https:\/\/visitbo.no\/ulefoshovedgaard\/#breadcrumb"},"inLanguage":"nb-NO","potentialAction":[{"@type":"ReadAction","target":["https:\/\/visitbo.no\/ulefoshovedgaard\/"]}]},{"@type":"BreadcrumbList","@id":"https:\/\/visitbo.no\/ulefoshovedgaard\/#breadcrumb","itemListElement":[{"@type":"ListItem","position":1,"name":"Hjem","item":"https:\/\/visitbo.no\/ulefoshovedgaard\/"},{"@type":"ListItem","position":2,"name":"Ulefos Hovedgaard"}]},{"@type":"WebSite","@id":"https:\/\/visitbo.no\/ulefoshovedgaard\/#website","url":"https:\/\/visitbo.no\/ulefoshovedgaard\/","name":"Ulefos Hovedgaard","description":"One online experience - for everything your destination has to offer.","potentialAction":[{"@type":"SearchAction","target":{"@type":"EntryPoint","urlTemplate":"https:\/\/visitbo.no\/ulefoshovedgaard\/?s={search_term_string}"},"query-input":{"@type":"PropertyValueSpecification","valueRequired":true,"valueName":"search_term_string"}}],"inLanguage":"nb-NO"}]}},"_links":{"self":[{"href":"https:\/\/visitbo.no\/ulefoshovedgaard\/wp-json\/wp\/v2\/pages\/2","targetHints":{"allow":["GET"]}}],"collection":[{"href":"https:\/\/visitbo.no\/ulefoshovedgaard\/wp-json\/wp\/v2\/pages"}],"about":[{"href":"https:\/\/visitbo.no\/ulefoshovedgaard\/wp-json\/wp\/v2\/types\/page"}],"author":[{"embeddable":true,"href":"https:\/\/visitbo.no\/ulefoshovedgaard\/wp-json\/wp\/v2\/users\/1"}],"replies":[{"embeddable":true,"href":"https:\/\/visitbo.no\/ulefoshovedgaard\/wp-json\/wp\/v2\/comments?post=2"}],"version-history":[{"count":141,"href":"https:\/\/visitbo.no\/ulefoshovedgaard\/wp-json\/wp\/v2\/pages\/2\/revisions"}],"predecessor-version":[{"id":7907,"href":"https:\/\/visitbo.no\/ulefoshovedgaard\/wp-json\/wp\/v2\/pages\/2\/revisions\/7907"}],"wp:attachment":[{"href":"https:\/\/visitbo.no\/ulefoshovedgaard\/wp-json\/wp\/v2\/media?parent=2"}],"curies":[{"name":"wp","href":"https:\/\/api.w.org\/{rel}","templated":true}]}}