{"id":2,"date":"2012-04-11T16:34:42","date_gmt":"2012-04-11T14:34:42","guid":{"rendered":"https:\/\/tonto.wp.oppdateringsfabrikken.no\/?page_id=2"},"modified":"2025-03-27T09:50:51","modified_gmt":"2025-03-27T08:50:51","slug":"forside","status":"publish","type":"page","link":"https:\/\/visitbo.no\/ulefossgjestehavn\/","title":{"rendered":"Ulefoss Gjestehavn"},"content":{"rendered":"<div id=\"cs-content\" class=\"cs-content\"><\/div>\n","protected":false},"excerpt":{"rendered":"<p>Ulefoss Gjestehavn Sjarmerende gjestehavn langs Telemarkskanalen og Norsj\u00f8Velkommen til Ulefoss Gjestehavn \u2013 en idyllisk havn ved Telemarkskanalen og Norsj\u00f8! Ulefoss Gjestehavn tilbyr 30 b\u00e5tplasser, samt fasiliteter som drivstoff, vann og WC. I sesongen kan du ogs\u00e5 nyte servering rett ved vannkanten. Kort vei til Ulefoss sentrum, hvor du finner b\u00e5de vinmonopol og kj\u00f8pesenter. Opplev sjarmen ved \u00e5 legge til i &#8230; <\/p>\n<div><a href=\"https:\/\/visitbo.no\/ulefossgjestehavn\/\" class=\"more-link\">Read More<\/a><\/div>\n","protected":false},"author":1,"featured_media":0,"parent":0,"menu_order":0,"comment_status":"closed","ping_status":"closed","template":"template-blank-4.php","meta":{"_relevanssi_hide_post":"","_relevanssi_hide_content":"","_relevanssi_pin_for_all":"","_relevanssi_pin_keywords":"","_relevanssi_unpin_keywords":"","_relevanssi_related_keywords":"","_relevanssi_related_include_ids":"","_relevanssi_related_exclude_ids":"","_relevanssi_related_no_append":"","_relevanssi_related_not_related":"","_relevanssi_related_posts":"","_relevanssi_noindex_reason":"","footnotes":""},"class_list":["post-2","page","type-page","status-publish","hentry","no-post-thumbnail"],"yoast_head":"<!-- This site is optimized with the Yoast SEO plugin v27.2 - https:\/\/yoast.com\/product\/yoast-seo-wordpress\/ -->\n<title>Ulefoss Gjestehavn \u2502 Ting \u00e5 gj\u00f8re i Ulefoss \u2502Gjestehavn<\/title>\n<meta name=\"description\" content=\"Velkommen til Ulefoss Gjestehavn, en sjarmerende gjestehavn langs Telemarkskanalen og Norsj\u00f8. Bobilplasser, b\u00e5tplasser og servering i sesong.\" \/>\n<meta name=\"robots\" content=\"index, follow, max-snippet:-1, max-image-preview:large, max-video-preview:-1\" \/>\n<link rel=\"canonical\" href=\"https:\/\/visitbo.no\/ulefossgjestehavn\/\" \/>\n<meta property=\"og:locale\" content=\"nb_NO\" \/>\n<meta property=\"og:type\" content=\"article\" \/>\n<meta property=\"og:title\" content=\"Ulefoss Gjestehavn \u2502 Ting \u00e5 gj\u00f8re i Ulefoss \u2502Gjestehavn\" \/>\n<meta property=\"og:description\" content=\"Velkommen til Ulefoss Gjestehavn, en sjarmerende gjestehavn langs Telemarkskanalen og Norsj\u00f8. Bobilplasser, b\u00e5tplasser og servering i sesong.\" \/>\n<meta property=\"og:url\" content=\"https:\/\/visitbo.no\/ulefossgjestehavn\/\" \/>\n<meta property=\"og:site_name\" content=\"Ulefoss Gjestehavn\" \/>\n<meta property=\"article:modified_time\" content=\"2025-03-27T08:50:51+00:00\" \/>\n<meta name=\"twitter:card\" content=\"summary_large_image\" \/>\n<meta name=\"twitter:label1\" content=\"Ansl. lesetid\" \/>\n\t<meta name=\"twitter:data1\" content=\"2 minutter\" \/>\n<script type=\"application\/ld+json\" class=\"yoast-schema-graph\">{\"@context\":\"https:\/\/schema.org\",\"@graph\":[{\"@type\":\"WebPage\",\"@id\":\"https:\/\/visitbo.no\/ulefossgjestehavn\/\",\"url\":\"https:\/\/visitbo.no\/ulefossgjestehavn\/\",\"name\":\"Ulefoss Gjestehavn \u2502 Ting \u00e5 gj\u00f8re i Ulefoss \u2502Gjestehavn\",\"isPartOf\":{\"@id\":\"https:\/\/visitbo.no\/ulefossgjestehavn\/#website\"},\"datePublished\":\"2012-04-11T14:34:42+00:00\",\"dateModified\":\"2025-03-27T08:50:51+00:00\",\"description\":\"Velkommen til Ulefoss Gjestehavn, en sjarmerende gjestehavn langs Telemarkskanalen og Norsj\u00f8. Bobilplasser, b\u00e5tplasser og servering i sesong.\",\"breadcrumb\":{\"@id\":\"https:\/\/visitbo.no\/ulefossgjestehavn\/#breadcrumb\"},\"inLanguage\":\"nb-NO\",\"potentialAction\":[{\"@type\":\"ReadAction\",\"target\":[\"https:\/\/visitbo.no\/ulefossgjestehavn\/\"]}]},{\"@type\":\"BreadcrumbList\",\"@id\":\"https:\/\/visitbo.no\/ulefossgjestehavn\/#breadcrumb\",\"itemListElement\":[{\"@type\":\"ListItem\",\"position\":1,\"name\":\"Hjem\",\"item\":\"https:\/\/visitbo.no\/ulefossgjestehavn\/forside\/\"},{\"@type\":\"ListItem\",\"position\":2,\"name\":\"Ulefoss Gjestehavn\"}]},{\"@type\":\"WebSite\",\"@id\":\"https:\/\/visitbo.no\/ulefossgjestehavn\/#website\",\"url\":\"https:\/\/visitbo.no\/ulefossgjestehavn\/\",\"name\":\"Ulefoss Gjestehavn\",\"description\":\"One online experience - for everything your destination has to offer.\",\"potentialAction\":[{\"@type\":\"SearchAction\",\"target\":{\"@type\":\"EntryPoint\",\"urlTemplate\":\"https:\/\/visitbo.no\/ulefossgjestehavn\/?s={search_term_string}\"},\"query-input\":{\"@type\":\"PropertyValueSpecification\",\"valueRequired\":true,\"valueName\":\"search_term_string\"}}],\"inLanguage\":\"nb-NO\"}]}<\/script>\n<!-- \/ Yoast SEO plugin. -->","yoast_head_json":{"title":"Ulefoss Gjestehavn \u2502 Ting \u00e5 gj\u00f8re i Ulefoss \u2502Gjestehavn","description":"Velkommen til Ulefoss Gjestehavn, en sjarmerende gjestehavn langs Telemarkskanalen og Norsj\u00f8. Bobilplasser, b\u00e5tplasser og servering i sesong.","robots":{"index":"index","follow":"follow","max-snippet":"max-snippet:-1","max-image-preview":"max-image-preview:large","max-video-preview":"max-video-preview:-1"},"canonical":"https:\/\/visitbo.no\/ulefossgjestehavn\/","og_locale":"nb_NO","og_type":"article","og_title":"Ulefoss Gjestehavn \u2502 Ting \u00e5 gj\u00f8re i Ulefoss \u2502Gjestehavn","og_description":"Velkommen til Ulefoss Gjestehavn, en sjarmerende gjestehavn langs Telemarkskanalen og Norsj\u00f8. Bobilplasser, b\u00e5tplasser og servering i sesong.","og_url":"https:\/\/visitbo.no\/ulefossgjestehavn\/","og_site_name":"Ulefoss Gjestehavn","article_modified_time":"2025-03-27T08:50:51+00:00","twitter_card":"summary_large_image","twitter_misc":{"Ansl. lesetid":"2 minutter"},"schema":{"@context":"https:\/\/schema.org","@graph":[{"@type":"WebPage","@id":"https:\/\/visitbo.no\/ulefossgjestehavn\/","url":"https:\/\/visitbo.no\/ulefossgjestehavn\/","name":"Ulefoss Gjestehavn \u2502 Ting \u00e5 gj\u00f8re i Ulefoss \u2502Gjestehavn","isPartOf":{"@id":"https:\/\/visitbo.no\/ulefossgjestehavn\/#website"},"datePublished":"2012-04-11T14:34:42+00:00","dateModified":"2025-03-27T08:50:51+00:00","description":"Velkommen til Ulefoss Gjestehavn, en sjarmerende gjestehavn langs Telemarkskanalen og Norsj\u00f8. Bobilplasser, b\u00e5tplasser og servering i sesong.","breadcrumb":{"@id":"https:\/\/visitbo.no\/ulefossgjestehavn\/#breadcrumb"},"inLanguage":"nb-NO","potentialAction":[{"@type":"ReadAction","target":["https:\/\/visitbo.no\/ulefossgjestehavn\/"]}]},{"@type":"BreadcrumbList","@id":"https:\/\/visitbo.no\/ulefossgjestehavn\/#breadcrumb","itemListElement":[{"@type":"ListItem","position":1,"name":"Hjem","item":"https:\/\/visitbo.no\/ulefossgjestehavn\/forside\/"},{"@type":"ListItem","position":2,"name":"Ulefoss Gjestehavn"}]},{"@type":"WebSite","@id":"https:\/\/visitbo.no\/ulefossgjestehavn\/#website","url":"https:\/\/visitbo.no\/ulefossgjestehavn\/","name":"Ulefoss Gjestehavn","description":"One online experience - for everything your destination has to offer.","potentialAction":[{"@type":"SearchAction","target":{"@type":"EntryPoint","urlTemplate":"https:\/\/visitbo.no\/ulefossgjestehavn\/?s={search_term_string}"},"query-input":{"@type":"PropertyValueSpecification","valueRequired":true,"valueName":"search_term_string"}}],"inLanguage":"nb-NO"}]}},"_links":{"self":[{"href":"https:\/\/visitbo.no\/ulefossgjestehavn\/wp-json\/wp\/v2\/pages\/2","targetHints":{"allow":["GET"]}}],"collection":[{"href":"https:\/\/visitbo.no\/ulefossgjestehavn\/wp-json\/wp\/v2\/pages"}],"about":[{"href":"https:\/\/visitbo.no\/ulefossgjestehavn\/wp-json\/wp\/v2\/types\/page"}],"author":[{"embeddable":true,"href":"https:\/\/visitbo.no\/ulefossgjestehavn\/wp-json\/wp\/v2\/users\/1"}],"replies":[{"embeddable":true,"href":"https:\/\/visitbo.no\/ulefossgjestehavn\/wp-json\/wp\/v2\/comments?post=2"}],"version-history":[{"count":129,"href":"https:\/\/visitbo.no\/ulefossgjestehavn\/wp-json\/wp\/v2\/pages\/2\/revisions"}],"predecessor-version":[{"id":7859,"href":"https:\/\/visitbo.no\/ulefossgjestehavn\/wp-json\/wp\/v2\/pages\/2\/revisions\/7859"}],"wp:attachment":[{"href":"https:\/\/visitbo.no\/ulefossgjestehavn\/wp-json\/wp\/v2\/media?parent=2"}],"curies":[{"name":"wp","href":"https:\/\/api.w.org\/{rel}","templated":true}]}}